74.7.227.152 - - [15/Apr/2026:18:48:05 +0000] "GET /items/D034441476/ HTTP/2" 200 0 "https://jj-77game.com.pk/sitemap-11.xml" "Mozilla/5.0 AppleWebKit/537.36 (KHTML, like Gecko; compatible; GPTBot/1.3; +https://openai.com/gptbot)"
74.7.227.152 - - [15/Apr/2026:18:48:07 +0000] "GET /items/D034777301/ HTTP/2" 200 0 "https://jj-77game.com.pk/sitemap-1.xml" "Mozilla/5.0 AppleWebKit/537.36 (KHTML, like Gecko; compatible; GPTBot/1.3; +https://openai.com/gptbot)"
74.7.227.152 - - [15/Apr/2026:18:48:10 +0000] "GET /items/D033395447/ HTTP/2" 200 0 "https://jj-77game.com.pk/sitemap-12.xml" "Mozilla/5.0 AppleWebKit/537.36 (KHTML, like Gecko; compatible; GPTBot/1.3; +https://openai.com/gptbot)"
74.7.227.152 - - [15/Apr/2026:18:48:14 +0000] "GET /items/D033348735/ HTTP/2" 200 0 "https://jj-77game.com.pk/sitemap-15.xml" "Mozilla/5.0 AppleWebKit/537.36 (KHTML, like Gecko; compatible; GPTBot/1.3; +https://openai.com/gptbot)"
74.7.227.152 - - [15/Apr/2026:18:48:16 +0000] "GET /items/D033666821/ HTTP/2" 200 0 "https://jj-77game.com.pk/sitemap-12.xml" "Mozilla/5.0 AppleWebKit/537.36 (KHTML, like Gecko; compatible; GPTBot/1.3; +https://openai.com/gptbot)"
74.7.227.152 - - [15/Apr/2026:18:48:19 +0000] "GET /items/D033347783/ HTTP/2" 200 0 "https://jj-77game.com.pk/sitemap-12.xml" "Mozilla/5.0 AppleWebKit/537.36 (KHTML, like Gecko; compatible; GPTBot/1.3; +https://openai.com/gptbot)"
74.7.227.152 - - [15/Apr/2026:18:48:21 +0000] "GET /items/D032878999/ HTTP/2" 200 0 "https://jj-77game.com.pk/sitemap-13.xml" "Mozilla/5.0 AppleWebKit/537.36 (KHTML, like Gecko; compatible; GPTBot/1.3; +https://openai.com/gptbot)"
74.7.227.152 - - [15/Apr/2026:18:48:24 +0000] "GET /items/D034441157/ HTTP/2" 200 0 "https://jj-77game.com.pk/sitemap-11.xml" "Mozilla/5.0 AppleWebKit/537.36 (KHTML, like Gecko; compatible; GPTBot/1.3; +https://openai.com/gptbot)"
74.7.227.152 - - [15/Apr/2026:18:48:26 +0000] "GET /items/D031825552/ HTTP/2" 200 0 "https://jj-77game.com.pk/sitemap-12.xml" "Mozilla/5.0 AppleWebKit/537.36 (KHTML, like Gecko; compatible; GPTBot/1.3; +https://openai.com/gptbot)"
213.180.203.105 - - [15/Apr/2026:18:48:29 +0000] "GET /items/D034454980/ HTTP/1.1" 200 0 "-" "Mozilla/5.0 (compatible; YandexBot/3.0; +http://yandex.com/bots)"
74.7.227.152 - - [15/Apr/2026:18:48:29 +0000] "GET /items/D033380842/ HTTP/2" 200 0 "https://jj-77game.com.pk/sitemap-11.xml" "Mozilla/5.0 AppleWebKit/537.36 (KHTML, like Gecko; compatible; GPTBot/1.3; +https://openai.com/gptbot)"
74.7.227.152 - - [15/Apr/2026:18:48:32 +0000] "GET /items/D033388758/ HTTP/2" 200 0 "https://jj-77game.com.pk/sitemap-1.xml" "Mozilla/5.0 AppleWebKit/537.36 (KHTML, like Gecko; compatible; GPTBot/1.3; +https://openai.com/gptbot)"
74.7.227.152 - - [15/Apr/2026:18:48:36 +0000] "GET /items/D031119880/ HTTP/2" 200 0 "https://jj-77game.com.pk/sitemap-1.xml" "Mozilla/5.0 AppleWebKit/537.36 (KHTML, like Gecko; compatible; GPTBot/1.3; +https://openai.com/gptbot)"
74.7.227.152 - - [15/Apr/2026:18:48:39 +0000] "GET /items/D033317608/ HTTP/2" 200 0 "https://jj-77game.com.pk/sitemap-13.xml" "Mozilla/5.0 AppleWebKit/537.36 (KHTML, like Gecko; compatible; GPTBot/1.3; +https://openai.com/gptbot)"
74.7.227.152 - - [15/Apr/2026:18:48:42 +0000] "GET /items/D033358966/ HTTP/2" 200 0 "https://jj-77game.com.pk/sitemap-16.xml" "Mozilla/5.0 AppleWebKit/537.36 (KHTML, like Gecko; compatible; GPTBot/1.3; +https://openai.com/gptbot)"
85.208.96.207 - - [15/Apr/2026:18:48:42 +0000] "GET /items/D034526489/ HTTP/1.1" 200 0 "-" "Mozilla/5.0 (compatible; SemrushBot/7~bl; +http://www.semrush.com/bot.html)"
74.7.227.152 - - [15/Apr/2026:18:48:44 +0000] "GET /items/D033392838/ HTTP/2" 200 0 "https://jj-77game.com.pk/sitemap-13.xml" "Mozilla/5.0 AppleWebKit/537.36 (KHTML, like Gecko; compatible; GPTBot/1.3; +https://openai.com/gptbot)"
185.191.171.15 - - [15/Apr/2026:18:48:47 +0000] "GET /items/D032817052/ HTTP/1.1" 200 0 "-" "Mozilla/5.0 (compatible; SemrushBot/7~bl; +http://www.semrush.com/bot.html)"
74.7.227.152 - - [15/Apr/2026:18:48:48 +0000] "GET /items/D033375670/ HTTP/2" 200 0 "https://jj-77game.com.pk/sitemap-16.xml" "Mozilla/5.0 AppleWebKit/537.36 (KHTML, like Gecko; compatible; GPTBot/1.3; +https://openai.com/gptbot)"
74.7.227.152 - - [15/Apr/2026:18:48:50 +0000] "GET /items/D032220870/ HTTP/2" 200 0 "https://jj-77game.com.pk/sitemap-12.xml" "Mozilla/5.0 AppleWebKit/537.36 (KHTML, like Gecko; compatible; GPTBot/1.3; +https://openai.com/gptbot)"
74.7.227.152 - - [15/Apr/2026:18:48:52 +0000] "GET /items/D033361255/ HTTP/2" 200 0 "https://jj-77game.com.pk/sitemap-15.xml" "Mozilla/5.0 AppleWebKit/537.36 (KHTML, like Gecko; compatible; GPTBot/1.3; +https://openai.com/gptbot)"
74.7.227.152 - - [15/Apr/2026:18:48:55 +0000] "GET /items/D033379053/ HTTP/2" 200 0 "https://jj-77game.com.pk/sitemap-11.xml" "Mozilla/5.0 AppleWebKit/537.36 (KHTML, like Gecko; compatible; GPTBot/1.3; +https://openai.com/gptbot)"
74.7.227.152 - - [15/Apr/2026:18:48:58 +0000] "GET /items/D033315168/ HTTP/2" 200 0 "https://jj-77game.com.pk/sitemap-15.xml" "Mozilla/5.0 AppleWebKit/537.36 (KHTML, like Gecko; compatible; GPTBot/1.3; +https://openai.com/gptbot)"
185.244.36.210 - - [15/Apr/2026:18:48:58 +0000] "POST /wp-cron.php?doing_wp_cron=1776278938.5040218830108642578125 HTTP/1.1" 200 0 "-" "WordPress/6.9.4; https://jj-77game.com.pk"
74.7.227.152 - - [15/Apr/2026:18:49:00 +0000] "GET /items/D032167666/ HTTP/2" 200 0 "https://jj-77game.com.pk/sitemap-11.xml" "Mozilla/5.0 AppleWebKit/537.36 (KHTML, like Gecko; compatible; GPTBot/1.3; +https://openai.com/gptbot)"
74.7.227.152 - - [15/Apr/2026:18:49:03 +0000] "GET /items/D033353301/ HTTP/2" 200 0 "https://jj-77game.com.pk/sitemap-14.xml" "Mozilla/5.0 AppleWebKit/537.36 (KHTML, like Gecko; compatible; GPTBot/1.3; +https://openai.com/gptbot)"
74.7.227.152 - - [15/Apr/2026:18:49:06 +0000] "GET /items/D033317579/ HTTP/2" 200 0 "https://jj-77game.com.pk/sitemap-16.xml" "Mozilla/5.0 AppleWebKit/537.36 (KHTML, like Gecko; compatible; GPTBot/1.3; +https://openai.com/gptbot)"
74.7.227.152 - - [15/Apr/2026:18:49:10 +0000] "GET /items/D033029333/ HTTP/2" 200 0 "https://jj-77game.com.pk/sitemap-1.xml" "Mozilla/5.0 AppleWebKit/537.36 (KHTML, like Gecko; compatible; GPTBot/1.3; +https://openai.com/gptbot)"
74.7.227.152 - - [15/Apr/2026:18:49:13 +0000] "GET /items/D031999243/ HTTP/2" 200 0 "https://jj-77game.com.pk/sitemap-1.xml" "Mozilla/5.0 AppleWebKit/537.36 (KHTML, like Gecko; compatible; GPTBot/1.3; +https://openai.com/gptbot)"
74.7.227.152 - - [15/Apr/2026:18:49:16 +0000] "GET /items/D031888570/ HTTP/2" 200 0 "https://jj-77game.com.pk/sitemap-14.xml" "Mozilla/5.0 AppleWebKit/537.36 (KHTML, like Gecko; compatible; GPTBot/1.3; +https://openai.com/gptbot)"
85.208.96.210 - - [15/Apr/2026:18:49:17 +0000] "GET /items/D034113811/ HTTP/1.1" 200 0 "-" "Mozilla/5.0 (compatible; SemrushBot/7~bl; +http://www.semrush.com/bot.html)"
74.7.227.152 - - [15/Apr/2026:18:49:19 +0000] "GET /items/D033344026/ HTTP/2" 200 0 "https://jj-77game.com.pk/sitemap-11.xml" "Mozilla/5.0 AppleWebKit/537.36 (KHTML, like Gecko; compatible; GPTBot/1.3; +https://openai.com/gptbot)"
213.180.203.143 - - [15/Apr/2026:18:42:55 +0000] "GET /items/D033505405/ HTTP/1.1" 200 0 "-" "Mozilla/5.0 (compatible; YandexBot/3.0; +http://yandex.com/bots)"
37.59.204.136 - - [15/Apr/2026:18:42:56 +0000] "GET /item/3217188 HTTP/2" 200 0 "-" "Mozilla/5.0 (compatible; AhrefsBot/7.0; +http://ahrefs.com/robot/)"
185.191.171.2 - - [15/Apr/2026:18:43:25 +0000] "GET /items/D033254763/ HTTP/1.1" 200 0 "-" "Mozilla/5.0 (compatible; SemrushBot/7~bl; +http://www.semrush.com/bot.html)"
85.208.96.193 - - [15/Apr/2026:18:43:38 +0000] "GET /items/D032289509/ HTTP/1.1" 200 0 "-" "Mozilla/5.0 (compatible; SemrushBot/7~bl; +http://www.semrush.com/bot.html)"
85.208.96.196 - - [15/Apr/2026:18:44:00 +0000] "GET /items/D032417768/ HTTP/1.1" 200 0 "-" "Mozilla/5.0 (compatible; SemrushBot/7~bl; +http://www.semrush.com/bot.html)"
185.191.171.10 - - [15/Apr/2026:18:44:29 +0000] "GET /items/D031792592/ HTTP/1.1" 200 0 "-" "Mozilla/5.0 (compatible; SemrushBot/7~bl; +http://www.semrush.com/bot.html)"
85.208.96.197 - - [15/Apr/2026:18:44:38 +0000] "GET /items/D033232991/ HTTP/1.1" 200 0 "-" "Mozilla/5.0 (compatible; SemrushBot/7~bl; +http://www.semrush.com/bot.html)"
85.208.96.201 - - [15/Apr/2026:18:45:00 +0000] "GET /items/D033046633/ HTTP/1.1" 200 0 "-" "Mozilla/5.0 (compatible; SemrushBot/7~bl; +http://www.semrush.com/bot.html)"
185.191.171.8 - - [15/Apr/2026:18:45:41 +0000] "GET /items/D032688836/ HTTP/1.1" 200 0 "-" "Mozilla/5.0 (compatible; SemrushBot/7~bl; +http://www.semrush.com/bot.html)"
185.191.171.4 - - [15/Apr/2026:18:45:53 +0000] "GET /items/D031079900/ HTTP/1.1" 200 0 "-" "Mozilla/5.0 (compatible; SemrushBot/7~bl; +http://www.semrush.com/bot.html)"
185.191.171.10 - - [15/Apr/2026:18:46:02 +0000] "GET /items/D031849290/ HTTP/1.1" 200 0 "-" "Mozilla/5.0 (compatible; SemrushBot/7~bl; +http://www.semrush.com/bot.html)"
185.191.171.8 - - [15/Apr/2026:18:46:49 +0000] "GET /items/D034443521/ HTTP/1.1" 200 0 "-" "Mozilla/5.0 (compatible; SemrushBot/7~bl; +http://www.semrush.com/bot.html)"
185.191.171.14 - - [15/Apr/2026:18:47:06 +0000] "GET /items/D032837622/ HTTP/1.1" 200 0 "-" "Mozilla/5.0 (compatible; SemrushBot/7~bl; +http://www.semrush.com/bot.html)"
185.191.171.6 - - [15/Apr/2026:18:47:12 +0000] "GET /items/D034800098/ HTTP/1.1" 200 0 "-" "Mozilla/5.0 (compatible; SemrushBot/7~bl; +http://www.semrush.com/bot.html)"
185.191.171.16 - - [15/Apr/2026:18:47:33 +0000] "GET /items/D033086760/ HTTP/1.1" 200 0 "-" "Mozilla/5.0 (compatible; SemrushBot/7~bl; +http://www.semrush.com/bot.html)"
85.208.96.207 - - [15/Apr/2026:18:47:53 +0000] "GET /items/D031977126/ HTTP/1.1" 200 0 "-" "Mozilla/5.0 (compatible; SemrushBot/7~bl; +http://www.semrush.com/bot.html)"
185.191.171.18 - - [15/Apr/2026:18:48:17 +0000] "GET /items/D032336106/ HTTP/1.1" 200 0 "-" "Mozilla/5.0 (compatible; SemrushBot/7~bl; +http://www.semrush.com/bot.html)"
185.244.36.210 - - [15/Apr/2026:18:48:36 +0000] "POST /wp-cron.php?doing_wp_cron=1776278916.8804059028625488281250 HTTP/1.1" 200 0 "-" "WordPress/6.9.4; https://jj-77game.com.pk"
95.108.213.118 - - [15/Apr/2026:18:48:46 +0000] "GET /items/D032190369/ HTTP/1.1" 200 0 "-" "Mozilla/5.0 (compatible; YandexBot/3.0; +http://yandex.com/bots)"
185.191.171.12 - - [15/Apr/2026:18:49:35 +0000] "GET /items/D033827620/ HTTP/1.1" 200 0 "-" "Mozilla/5.0 (compatible; SemrushBot/7~bl; +http://www.semrush.com/bot.html)"
95.108.213.190 - - [15/Apr/2026:18:49:43 +0000] "GET /pin-up-casino-online-minimal-depozit-tez-tolov-va-674/ HTTP/1.1" 200 0 "-" "Mozilla/5.0 (compatible; YandexBot/3.0; +http://yandex.com/bots)"
185.244.36.210 - - [15/Apr/2026:18:49:50 +0000] "POST /wp-cron.php?doing_wp_cron=1776278990.5841009616851806640625 HTTP/1.1" 200 0 "-" "WordPress/6.9.4; https://jj-77game.com.pk"
85.208.96.205 - - [15/Apr/2026:18:49:52 +0000] "GET /items/D033559336/ HTTP/1.1" 200 0 "-" "Mozilla/5.0 (compatible; SemrushBot/7~bl; +http://www.semrush.com/bot.html)"
185.191.171.10 - - [15/Apr/2026:18:49:57 +0000] "GET /items/D031610805/ HTTP/1.1" 200 0 "-" "Mozilla/5.0 (compatible; SemrushBot/7~bl; +http://www.semrush.com/bot.html)"
74.7.227.152 - - [15/Apr/2026:18:49:21 +0000] "GET /items/D031099914/ HTTP/2" 200 0 "https://jj-77game.com.pk/sitemap-11.xml" "Mozilla/5.0 AppleWebKit/537.36 (KHTML, like Gecko; compatible; GPTBot/1.3; +https://openai.com/gptbot)"
74.7.227.152 - - [15/Apr/2026:18:49:24 +0000] "GET /items/D031000905/ HTTP/2" 200 0 "https://jj-77game.com.pk/sitemap-13.xml" "Mozilla/5.0 AppleWebKit/537.36 (KHTML, like Gecko; compatible; GPTBot/1.3; +https://openai.com/gptbot)"
74.7.227.152 - - [15/Apr/2026:18:49:27 +0000] "GET /items/D033222509/ HTTP/2" 200 0 "https://jj-77game.com.pk/sitemap-1.xml" "Mozilla/5.0 AppleWebKit/537.36 (KHTML, like Gecko; compatible; GPTBot/1.3; +https://openai.com/gptbot)"
74.7.227.152 - - [15/Apr/2026:18:49:30 +0000] "GET /items/D032888132/ HTTP/2" 200 0 "https://jj-77game.com.pk/sitemap-14.xml" "Mozilla/5.0 AppleWebKit/537.36 (KHTML, like Gecko; compatible; GPTBot/1.3; +https://openai.com/gptbot)"
74.7.227.152 - - [15/Apr/2026:18:49:34 +0000] "GET /items/D033357556/ HTTP/2" 200 0 "https://jj-77game.com.pk/sitemap-16.xml" "Mozilla/5.0 AppleWebKit/537.36 (KHTML, like Gecko; compatible; GPTBot/1.3; +https://openai.com/gptbot)"
74.7.227.152 - - [15/Apr/2026:18:49:37 +0000] "GET /items/D033311250/ HTTP/2" 200 0 "https://jj-77game.com.pk/sitemap-16.xml" "Mozilla/5.0 AppleWebKit/537.36 (KHTML, like Gecko; compatible; GPTBot/1.3; +https://openai.com/gptbot)"
74.7.227.152 - - [15/Apr/2026:18:49:40 +0000] "GET /items/D034000320/ HTTP/2" 200 0 "https://jj-77game.com.pk/sitemap-16.xml" "Mozilla/5.0 AppleWebKit/537.36 (KHTML, like Gecko; compatible; GPTBot/1.3; +https://openai.com/gptbot)"
74.7.227.152 - - [15/Apr/2026:18:49:42 +0000] "GET /items/D033350494/ HTTP/2" 200 0 "https://jj-77game.com.pk/sitemap-13.xml" "Mozilla/5.0 AppleWebKit/537.36 (KHTML, like Gecko; compatible; GPTBot/1.3; +https://openai.com/gptbot)"
74.7.227.152 - - [15/Apr/2026:18:49:45 +0000] "GET /items/D033380086/ HTTP/2" 200 0 "https://jj-77game.com.pk/sitemap-1.xml" "Mozilla/5.0 AppleWebKit/537.36 (KHTML, like Gecko; compatible; GPTBot/1.3; +https://openai.com/gptbot)"
74.7.227.152 - - [15/Apr/2026:18:49:47 +0000] "GET /items/D034488000/ HTTP/2" 200 0 "https://jj-77game.com.pk/sitemap-1.xml" "Mozilla/5.0 AppleWebKit/537.36 (KHTML, like Gecko; compatible; GPTBot/1.3; +https://openai.com/gptbot)"
74.7.227.152 - - [15/Apr/2026:18:49:50 +0000] "GET /items/D033364805/ HTTP/2" 200 0 "https://jj-77game.com.pk/sitemap-13.xml" "Mozilla/5.0 AppleWebKit/537.36 (KHTML, like Gecko; compatible; GPTBot/1.3; +https://openai.com/gptbot)"
74.7.227.152 - - [15/Apr/2026:18:49:52 +0000] "GET /items/D034135558/ HTTP/2" 200 0 "https://jj-77game.com.pk/sitemap-1.xml" "Mozilla/5.0 AppleWebKit/537.36 (KHTML, like Gecko; compatible; GPTBot/1.3; +https://openai.com/gptbot)"
74.7.227.152 - - [15/Apr/2026:18:49:54 +0000] "GET /items/D033044481/ HTTP/2" 200 0 "https://jj-77game.com.pk/sitemap-11.xml" "Mozilla/5.0 AppleWebKit/537.36 (KHTML, like Gecko; compatible; GPTBot/1.3; +https://openai.com/gptbot)"
85.208.96.205 - - [15/Apr/2026:18:49:54 +0000] "GET /items/D032196781/ HTTP/1.1" 200 0 "-" "Mozilla/5.0 (compatible; SemrushBot/7~bl; +http://www.semrush.com/bot.html)"
74.7.227.152 - - [15/Apr/2026:18:49:57 +0000] "GET /items/D032229702/ HTTP/2" 200 0 "https://jj-77game.com.pk/sitemap-13.xml" "Mozilla/5.0 AppleWebKit/537.36 (KHTML, like Gecko; compatible; GPTBot/1.3; +https://openai.com/gptbot)"
85.208.96.193 - - [15/Apr/2026:18:49:59 +0000] "GET /items/D033917681/ HTTP/1.1" 200 0 "-" "Mozilla/5.0 (compatible; SemrushBot/7~bl; +http://www.semrush.com/bot.html)"
74.7.227.152 - - [15/Apr/2026:18:49:59 +0000] "GET /items/D031100666/ HTTP/2" 200 0 "https://jj-77game.com.pk/sitemap-11.xml" "Mozilla/5.0 AppleWebKit/537.36 (KHTML, like Gecko; compatible; GPTBot/1.3; +https://openai.com/gptbot)"
74.7.227.152 - - [15/Apr/2026:18:50:02 +0000] "GET /items/D033831222/ HTTP/2" 200 0 "https://jj-77game.com.pk/sitemap-15.xml" "Mozilla/5.0 AppleWebKit/537.36 (KHTML, like Gecko; compatible; GPTBot/1.3; +https://openai.com/gptbot)"
74.7.227.152 - - [15/Apr/2026:18:50:05 +0000] "GET /items/D032377725/ HTTP/2" 200 0 "https://jj-77game.com.pk/sitemap-11.xml" "Mozilla/5.0 AppleWebKit/537.36 (KHTML, like Gecko; compatible; GPTBot/1.3; +https://openai.com/gptbot)"
74.7.227.152 - - [15/Apr/2026:18:50:07 +0000] "GET /items/D032221174/ HTTP/2" 200 0 "https://jj-77game.com.pk/sitemap-12.xml" "Mozilla/5.0 AppleWebKit/537.36 (KHTML, like Gecko; compatible; GPTBot/1.3; +https://openai.com/gptbot)"
74.7.227.152 - - [15/Apr/2026:18:50:11 +0000] "GET /items/D032225652/ HTTP/2" 200 0 "https://jj-77game.com.pk/sitemap-1.xml" "Mozilla/5.0 AppleWebKit/537.36 (KHTML, like Gecko; compatible; GPTBot/1.3; +https://openai.com/gptbot)"
74.7.227.152 - - [15/Apr/2026:18:50:14 +0000] "GET /items/D031711151/ HTTP/2" 200 0 "https://jj-77game.com.pk/sitemap-1.xml" "Mozilla/5.0 AppleWebKit/537.36 (KHTML, like Gecko; compatible; GPTBot/1.3; +https://openai.com/gptbot)"
74.7.227.152 - - [15/Apr/2026:18:50:18 +0000] "GET /items/D033393949/ HTTP/2" 200 0 "https://jj-77game.com.pk/sitemap-12.xml" "Mozilla/5.0 AppleWebKit/537.36 (KHTML, like Gecko; compatible; GPTBot/1.3; +https://openai.com/gptbot)"
74.7.227.152 - - [15/Apr/2026:18:50:21 +0000] "GET /items/D032679666/ HTTP/2" 200 0 "https://jj-77game.com.pk/sitemap-1.xml" "Mozilla/5.0 AppleWebKit/537.36 (KHTML, like Gecko; compatible; GPTBot/1.3; +https://openai.com/gptbot)"
74.7.227.152 - - [15/Apr/2026:18:50:23 +0000] "GET /items/D033000722/ HTTP/2" 200 0 "https://jj-77game.com.pk/sitemap-15.xml" "Mozilla/5.0 AppleWebKit/537.36 (KHTML, like Gecko; compatible; GPTBot/1.3; +https://openai.com/gptbot)"
74.7.227.152 - - [15/Apr/2026:18:50:26 +0000] "GET /items/D033385907/ HTTP/2" 200 0 "https://jj-77game.com.pk/sitemap-15.xml" "Mozilla/5.0 AppleWebKit/537.36 (KHTML, like Gecko; compatible; GPTBot/1.3; +https://openai.com/gptbot)"
74.7.227.152 - - [15/Apr/2026:18:50:29 +0000] "GET /items/D031119173/ HTTP/2" 200 0 "https://jj-77game.com.pk/sitemap-13.xml" "Mozilla/5.0 AppleWebKit/537.36 (KHTML, like Gecko; compatible; GPTBot/1.3; +https://openai.com/gptbot)"
74.7.227.152 - - [15/Apr/2026:18:50:32 +0000] "GET /items/D031666811/ HTTP/2" 200 0 "https://jj-77game.com.pk/sitemap-14.xml" "Mozilla/5.0 AppleWebKit/537.36 (KHTML, like Gecko; compatible; GPTBot/1.3; +https://openai.com/gptbot)"
74.7.227.152 - - [15/Apr/2026:18:50:35 +0000] "GET /items/D033277794/ HTTP/2" 200 0 "https://jj-77game.com.pk/sitemap-16.xml" "Mozilla/5.0 AppleWebKit/537.36 (KHTML, like Gecko; compatible; GPTBot/1.3; +https://openai.com/gptbot)"
74.7.227.152 - - [15/Apr/2026:18:50:38 +0000] "GET /items/D033354138/ HTTP/2" 200 0 "https://jj-77game.com.pk/sitemap-11.xml" "Mozilla/5.0 AppleWebKit/537.36 (KHTML, like Gecko; compatible; GPTBot/1.3; +https://openai.com/gptbot)"
185.191.171.6 - - [15/Apr/2026:18:50:40 +0000] "GET /items/D033090231/ HTTP/1.1" 200 0 "-" "Mozilla/5.0 (compatible; SemrushBot/7~bl; +http://www.semrush.com/bot.html)"
74.7.227.152 - - [15/Apr/2026:18:50:41 +0000] "GET /items/D033327091/ HTTP/2" 200 0 "https://jj-77game.com.pk/sitemap-14.xml" "Mozilla/5.0 AppleWebKit/537.36 (KHTML, like Gecko; compatible; GPTBot/1.3; +https://openai.com/gptbot)"
74.7.227.152 - - [15/Apr/2026:18:50:43 +0000] "GET /items/D034449548/ HTTP/2" 200 0 "https://jj-77game.com.pk/sitemap-1.xml" "Mozilla/5.0 AppleWebKit/537.36 (KHTML, like Gecko; compatible; GPTBot/1.3; +https://openai.com/gptbot)"
74.7.227.152 - - [15/Apr/2026:18:50:47 +0000] "GET /items/D033133376/ HTTP/2" 200 0 "https://jj-77game.com.pk/sitemap-1.xml" "Mozilla/5.0 AppleWebKit/537.36 (KHTML, like Gecko; compatible; GPTBot/1.3; +https://openai.com/gptbot)"
74.7.227.152 - - [15/Apr/2026:18:50:50 +0000] "GET /items/D033361393/ HTTP/2" 200 0 "https://jj-77game.com.pk/sitemap-11.xml" "Mozilla/5.0 AppleWebKit/537.36 (KHTML, like Gecko; compatible; GPTBot/1.3; +https://openai.com/gptbot)"
74.7.227.152 - - [15/Apr/2026:18:50:53 +0000] "GET /items/D033352735/ HTTP/2" 200 0 "https://jj-77game.com.pk/sitemap-15.xml" "Mozilla/5.0 AppleWebKit/537.36 (KHTML, like Gecko; compatible; GPTBot/1.3; +https://openai.com/gptbot)"
185.191.171.14 - - [15/Apr/2026:18:50:02 +0000] "GET /items/D031402803/ HTTP/1.1" 200 0 "-" "Mozilla/5.0 (compatible; SemrushBot/7~bl; +http://www.semrush.com/bot.html)"
185.191.171.7 - - [15/Apr/2026:18:50:07 +0000] "GET /items/D034396121/ HTTP/1.1" 200 0 "-" "Mozilla/5.0 (compatible; SemrushBot/7~bl; +http://www.semrush.com/bot.html)"
66.249.77.198 - - [15/Apr/2026:18:50:52 +0000] "GET /items/O304081795/ HTTP/1.1" 200 23741 "-" "Mozilla/5.0 (Linux; Android 6.0.1; Nexus 5X Build/MMB29P) AppleWebKit/537.36 (KHTML, like Gecko) Chrome/146.0.7680.177 Mobile Safari/537.36 (compatible; GoogleOther)"
85.208.96.201 - - [15/Apr/2026:18:51:02 +0000] "GET /items/D033258085/ HTTP/1.1" 200 0 "-" "Mozilla/5.0 (compatible; SemrushBot/7~bl; +http://www.semrush.com/bot.html)"
85.208.96.201 - - [15/Apr/2026:18:51:05 +0000] "GET /items/D034328677/ HTTP/1.1" 200 0 "-" "Mozilla/5.0 (compatible; SemrushBot/7~bl; +http://www.semrush.com/bot.html)"
185.191.171.3 - - [15/Apr/2026:18:51:16 +0000] "GET /items/D034458740/ HTTP/1.1" 200 0 "-" "Mozilla/5.0 (compatible; SemrushBot/7~bl; +http://www.semrush.com/bot.html)"
185.244.36.210 - - [15/Apr/2026:18:51:29 +0000] "POST /wp-cron.php?doing_wp_cron=1776279089.3045310974121093750000 HTTP/1.1" 200 0 "-" "WordPress/6.9.4; https://jj-77game.com.pk"
89.58.28.170 - - [15/Apr/2026:18:51:30 +0000] "POST /wp-login.php HTTP/1.1" 302 0 "https://jj-77game.com.pk.millwin.org/wp-login.php" "Mozilla/5.0 (Macintosh; Intel Mac OS X 10_12_6) AppleWebKit/537.36 (KHTML, like Gecko) Chrome/67.0.3396.62 Safari/537.36"
185.191.171.12 - - [15/Apr/2026:18:51:34 +0000] "GET /robots.txt HTTP/1.1" 200 136 "-" "Mozilla/5.0 (compatible; SemrushBot/7~bl; +http://www.semrush.com/bot.html)"
85.208.96.195 - - [15/Apr/2026:18:51:35 +0000] "GET /items/D031513358/ HTTP/1.1" 200 0 "-" "Mozilla/5.0 (compatible; SemrushBot/7~bl; +http://www.semrush.com/bot.html)"
89.58.28.170 - - [15/Apr/2026:18:51:34 +0000] "GET /wp-admin/ HTTP/1.1" 200 26945 "https://jj-77game.com.pk.millwin.org/wp-login.php" "Mozilla/5.0 (Macintosh; Intel Mac OS X 10_12_6) AppleWebKit/537.36 (KHTML, like Gecko) Chrome/67.0.3396.62 Safari/537.36"
89.58.28.170 - - [15/Apr/2026:18:51:37 +0000] "GET /wp-admin/theme-install.php HTTP/1.1" 200 23332 "https://jj-77game.com.pk/wp-admin/theme-install.php" "Mozilla/5.0 (Macintosh; Intel Mac OS X 10_12_6) AppleWebKit/537.36 (KHTML, like Gecko) Chrome/67.0.3396.62 Safari/537.36"
89.58.28.170 - - [15/Apr/2026:18:51:38 +0000] "POST /wp-admin/update.php?action=upload-theme HTTP/1.1" 403 787 "https://jj-77game.com.pk/wp-admin/theme-install.php" "Mozilla/5.0 (Macintosh; Intel Mac OS X 10_12_6) AppleWebKit/537.36 (KHTML, like Gecko) Chrome/67.0.3396.62 Safari/537.36"
89.58.28.170 - - [15/Apr/2026:18:51:39 +0000] "GET /wp-content/plugins/blogfull/check_file.php HTTP/1.1" 200 0 "https://jj-77game.com.pk/wp-admin/theme-install.php" "Mozilla/5.0 (Macintosh; Intel Mac OS X 10_12_6) AppleWebKit/537.36 (KHTML, like Gecko) Chrome/67.0.3396.62 Safari/537.36"
89.58.28.170 - - [15/Apr/2026:18:51:40 +0000] "GET /wp-content/themes/blogfull/check_file.php HTTP/1.1" 200 0 "https://jj-77game.com.pk/wp-admin/theme-install.php" "Mozilla/5.0 (Macintosh; Intel Mac OS X 10_12_6) AppleWebKit/537.36 (KHTML, like Gecko) Chrome/67.0.3396.62 Safari/537.36"
85.208.96.200 - - [15/Apr/2026:18:51:43 +0000] "GET /items/D031680695/ HTTP/1.1" 200 0 "-" "Mozilla/5.0 (compatible; SemrushBot/7~bl; +http://www.semrush.com/bot.html)"
89.58.28.170 - - [15/Apr/2026:18:51:40 +0000] "GET /wp-admin/theme-install.php HTTP/1.1" 200 23346 "https://jj-77game.com.pk/wp-admin/theme-install.php" "Mozilla/5.0 (Macintosh; Intel Mac OS X 10_12_6) AppleWebKit/537.36 (KHTML, like Gecko) Chrome/67.0.3396.62 Safari/537.36"
89.58.28.170 - - [15/Apr/2026:18:51:44 +0000] "POST /wp-admin/update.php?action=upload-theme HTTP/1.1" 403 787 "https://jj-77game.com.pk/wp-admin/theme-install.php" "Mozilla/5.0 (Macintosh; Intel Mac OS X 10_12_6) AppleWebKit/537.36 (KHTML, like Gecko) Chrome/67.0.3396.62 Safari/537.36"
74.7.227.152 - - [15/Apr/2026:18:50:56 +0000] "GET /items/D032641113/ HTTP/2" 200 0 "https://jj-77game.com.pk/sitemap-1.xml" "Mozilla/5.0 AppleWebKit/537.36 (KHTML, like Gecko; compatible; GPTBot/1.3; +https://openai.com/gptbot)"
74.7.227.152 - - [15/Apr/2026:18:50:59 +0000] "GET /items/D033345623/ HTTP/2" 200 0 "https://jj-77game.com.pk/sitemap-11.xml" "Mozilla/5.0 AppleWebKit/537.36 (KHTML, like Gecko; compatible; GPTBot/1.3; +https://openai.com/gptbot)"
74.7.227.152 - - [15/Apr/2026:18:51:04 +0000] "GET /items/D033377833/ HTTP/2" 200 0 "https://jj-77game.com.pk/sitemap-14.xml" "Mozilla/5.0 AppleWebKit/537.36 (KHTML, like Gecko; compatible; GPTBot/1.3; +https://openai.com/gptbot)"
74.7.227.152 - - [15/Apr/2026:18:51:07 +0000] "GET /items/D033312629/ HTTP/2" 200 0 "https://jj-77game.com.pk/sitemap-1.xml" "Mozilla/5.0 AppleWebKit/537.36 (KHTML, like Gecko; compatible; GPTBot/1.3; +https://openai.com/gptbot)"
74.7.227.152 - - [15/Apr/2026:18:51:09 +0000] "GET /items/D031558444/ HTTP/2" 200 0 "https://jj-77game.com.pk/sitemap-16.xml" "Mozilla/5.0 AppleWebKit/537.36 (KHTML, like Gecko; compatible; GPTBot/1.3; +https://openai.com/gptbot)"
74.7.227.152 - - [15/Apr/2026:18:51:12 +0000] "GET /items/D032160001/ HTTP/2" 200 0 "https://jj-77game.com.pk/sitemap-1.xml" "Mozilla/5.0 AppleWebKit/537.36 (KHTML, like Gecko; compatible; GPTBot/1.3; +https://openai.com/gptbot)"
74.7.227.152 - - [15/Apr/2026:18:51:15 +0000] "GET /items/D033329005/ HTTP/2" 200 0 "https://jj-77game.com.pk/sitemap-14.xml" "Mozilla/5.0 AppleWebKit/537.36 (KHTML, like Gecko; compatible; GPTBot/1.3; +https://openai.com/gptbot)"
74.7.227.152 - - [15/Apr/2026:18:51:18 +0000] "GET /items/D033667333/ HTTP/2" 200 0 "https://jj-77game.com.pk/sitemap-16.xml" "Mozilla/5.0 AppleWebKit/537.36 (KHTML, like Gecko; compatible; GPTBot/1.3; +https://openai.com/gptbot)"
74.7.227.152 - - [15/Apr/2026:18:51:21 +0000] "GET /items/D033319830/ HTTP/2" 200 0 "https://jj-77game.com.pk/sitemap-14.xml" "Mozilla/5.0 AppleWebKit/537.36 (KHTML, like Gecko; compatible; GPTBot/1.3; +https://openai.com/gptbot)"
74.7.227.152 - - [15/Apr/2026:18:51:24 +0000] "GET /items/D031888248/ HTTP/2" 200 0 "https://jj-77game.com.pk/sitemap-11.xml" "Mozilla/5.0 AppleWebKit/537.36 (KHTML, like Gecko; compatible; GPTBot/1.3; +https://openai.com/gptbot)"
185.191.171.2 - - [15/Apr/2026:18:51:25 +0000] "GET /items/D034115616/ HTTP/1.1" 200 0 "-" "Mozilla/5.0 (compatible; SemrushBot/7~bl; +http://www.semrush.com/bot.html)"
74.7.227.152 - - [15/Apr/2026:18:51:28 +0000] "GET /items/D033344152/ HTTP/2" 200 0 "https://jj-77game.com.pk/sitemap-16.xml" "Mozilla/5.0 AppleWebKit/537.36 (KHTML, like Gecko; compatible; GPTBot/1.3; +https://openai.com/gptbot)"
89.58.28.170 - - [15/Apr/2026:18:51:28 +0000] "GET /wp-login.php HTTP/1.1" 200 2116 "-" "Mozilla/5.0 (Macintosh; Intel Mac OS X 10_12_6) AppleWebKit/537.36 (KHTML, like Gecko) Chrome/67.0.3396.62 Safari/537.36"
74.7.227.152 - - [15/Apr/2026:18:51:31 +0000] "GET /items/D033399337/ HTTP/2" 200 0 "https://jj-77game.com.pk/sitemap-15.xml" "Mozilla/5.0 AppleWebKit/537.36 (KHTML, like Gecko; compatible; GPTBot/1.3; +https://openai.com/gptbot)"
74.7.227.152 - - [15/Apr/2026:18:51:35 +0000] "GET /items/D033319802/ HTTP/2" 200 0 "https://jj-77game.com.pk/sitemap-12.xml" "Mozilla/5.0 AppleWebKit/537.36 (KHTML, like Gecko; compatible; GPTBot/1.3; +https://openai.com/gptbot)"
74.7.227.152 - - [15/Apr/2026:18:51:39 +0000] "GET /items/D031333277/ HTTP/2" 200 0 "https://jj-77game.com.pk/sitemap-14.xml" "Mozilla/5.0 AppleWebKit/537.36 (KHTML, like Gecko; compatible; GPTBot/1.3; +https://openai.com/gptbot)"
74.7.227.152 - - [15/Apr/2026:18:51:43 +0000] "GET /items/D032277792/ HTTP/2" 200 0 "https://jj-77game.com.pk/sitemap-13.xml" "Mozilla/5.0 AppleWebKit/537.36 (KHTML, like Gecko; compatible; GPTBot/1.3; +https://openai.com/gptbot)"
74.7.227.152 - - [15/Apr/2026:18:51:46 +0000] "GET /items/D033302509/ HTTP/2" 200 0 "https://jj-77game.com.pk/sitemap-1.xml" "Mozilla/5.0 AppleWebKit/537.36 (KHTML, like Gecko; compatible; GPTBot/1.3; +https://openai.com/gptbot)"
89.58.28.170 - - [15/Apr/2026:18:51:45 +0000] "GET /wp-content/plugins/graceful-zen-blog/assets/js/check_file.php HTTP/1.1" 200 0 "https://jj-77game.com.pk/wp-admin/theme-install.php" "Mozilla/5.0 (Macintosh; Intel Mac OS X 10_12_6) AppleWebKit/537.36 (KHTML, like Gecko) Chrome/67.0.3396.62 Safari/537.36"
89.58.28.170 - - [15/Apr/2026:18:51:45 +0000] "GET /wp-content/themes/graceful-zen-blog/assets/js/check_file.php HTTP/1.1" 200 0 "https://jj-77game.com.pk/wp-admin/theme-install.php" "Mozilla/5.0 (Macintosh; Intel Mac OS X 10_12_6) AppleWebKit/537.36 (KHTML, like Gecko) Chrome/67.0.3396.62 Safari/537.36"
185.244.36.210 - - [15/Apr/2026:18:51:49 +0000] "POST /wp-cron.php?doing_wp_cron=1776279109.1824870109558105468750 HTTP/1.1" 200 0 "-" "WordPress/6.9.4; https://jj-77game.com.pk"
89.58.28.170 - - [15/Apr/2026:18:51:45 +0000] "GET /wp-admin/theme-install.php HTTP/1.1" 200 23354 "https://jj-77game.com.pk/wp-admin/theme-install.php" "Mozilla/5.0 (Macintosh; Intel Mac OS X 10_12_6) AppleWebKit/537.36 (KHTML, like Gecko) Chrome/67.0.3396.62 Safari/537.36"
89.58.28.170 - - [15/Apr/2026:18:51:49 +0000] "POST /wp-admin/update.php?action=upload-theme HTTP/1.1" 403 787 "https://jj-77game.com.pk/wp-admin/theme-install.php" "Mozilla/5.0 (Macintosh; Intel Mac OS X 10_12_6) AppleWebKit/537.36 (KHTML, like Gecko) Chrome/67.0.3396.62 Safari/537.36"
89.58.28.170 - - [15/Apr/2026:18:51:50 +0000] "GET /wp-content/plugins/iconic-one/check_file.php HTTP/1.1" 200 0 "https://jj-77game.com.pk/wp-admin/theme-install.php" "Mozilla/5.0 (Macintosh; Intel Mac OS X 10_12_6) AppleWebKit/537.36 (KHTML, like Gecko) Chrome/67.0.3396.62 Safari/537.36"
89.58.28.170 - - [15/Apr/2026:18:51:50 +0000] "GET /wp-content/themes/iconic-one/check_file.php HTTP/1.1" 200 0 "https://jj-77game.com.pk/wp-admin/theme-install.php" "Mozilla/5.0 (Macintosh; Intel Mac OS X 10_12_6) AppleWebKit/537.36 (KHTML, like Gecko) Chrome/67.0.3396.62 Safari/537.36"
89.58.28.170 - - [15/Apr/2026:18:51:50 +0000] "GET /wp-admin/theme-install.php HTTP/1.1" 200 23270 "https://jj-77game.com.pk/wp-admin/theme-install.php" "Mozilla/5.0 (Macintosh; Intel Mac OS X 10_12_6) AppleWebKit/537.36 (KHTML, like Gecko) Chrome/67.0.3396.62 Safari/537.36"
185.191.171.9 - - [15/Apr/2026:18:51:54 +0000] "GET /items/D033330201/ HTTP/1.1" 200 0 "-" "Mozilla/5.0 (compatible; SemrushBot/7~bl; +http://www.semrush.com/bot.html)"
89.58.28.170 - - [15/Apr/2026:18:51:53 +0000] "POST /wp-admin/update.php?action=upload-theme HTTP/1.1" 200 17786 "https://jj-77game.com.pk/wp-admin/theme-install.php" "Mozilla/5.0 (Macintosh; Intel Mac OS X 10_12_6) AppleWebKit/537.36 (KHTML, like Gecko) Chrome/67.0.3396.62 Safari/537.36"
89.58.28.170 - - [15/Apr/2026:18:51:56 +0000] "GET /wp-admin/update.php?action=upload-theme&package=221&overwrite=update-theme&_wpnonce=453918e459 HTTP/1.1" 200 17693 "https://jj-77game.com.pk/wp-admin/theme-install.php" "Mozilla/5.0 (Macintosh; Intel Mac OS X 10_12_6) AppleWebKit/537.36 (KHTML, like Gecko) Chrome/67.0.3396.62 Safari/537.36"
89.58.28.170 - - [15/Apr/2026:18:51:59 +0000] "GET /wp-content/plugins/newseblog/check_file.php HTTP/1.1" 200 0 "https://jj-77game.com.pk/wp-admin/theme-install.php" "Mozilla/5.0 (Macintosh; Intel Mac OS X 10_12_6) AppleWebKit/537.36 (KHTML, like Gecko) Chrome/67.0.3396.62 Safari/537.36"
89.58.28.170 - - [15/Apr/2026:18:51:59 +0000] "GET /wp-content/themes/newseblog/check_file.php HTTP/1.1" 200 29 "https://jj-77game.com.pk/wp-admin/theme-install.php" "Mozilla/5.0 (Macintosh; Intel Mac OS X 10_12_6) AppleWebKit/537.36 (KHTML, like Gecko) Chrome/67.0.3396.62 Safari/537.36"
89.58.28.170 - - [15/Apr/2026:18:52:00 +0000] "GET /wp-admin/theme-install.php HTTP/1.1" 200 23228 "https://jj-77game.com.pk/wp-admin/theme-install.php" "Mozilla/5.0 (Macintosh; Intel Mac OS X 10_12_6) AppleWebKit/537.36 (KHTML, like Gecko) Chrome/67.0.3396.62 Safari/537.36"
89.58.28.170 - - [15/Apr/2026:18:52:05 +0000] "POST /wp-admin/update.php?action=upload-theme HTTP/1.1" 403 787 "https://jj-77game.com.pk/wp-admin/theme-install.php" "Mozilla/5.0 (Macintosh; Intel Mac OS X 10_12_6) AppleWebKit/537.36 (KHTML, like Gecko) Chrome/67.0.3396.62 Safari/537.36"
89.58.28.170 - - [15/Apr/2026:18:52:06 +0000] "GET /wp-content/plugins/paper-news/check_file.php HTTP/1.1" 200 0 "https://jj-77game.com.pk/wp-admin/theme-install.php" "Mozilla/5.0 (Macintosh; Intel Mac OS X 10_12_6) AppleWebKit/537.36 (KHTML, like Gecko) Chrome/67.0.3396.62 Safari/537.36"
89.58.28.170 - - [15/Apr/2026:18:52:06 +0000] "GET /wp-content/themes/paper-news/check_file.php HTTP/1.1" 200 0 "https://jj-77game.com.pk/wp-admin/theme-install.php" "Mozilla/5.0 (Macintosh; Intel Mac OS X 10_12_6) AppleWebKit/537.36 (KHTML, like Gecko) Chrome/67.0.3396.62 Safari/537.36"
89.58.28.170 - - [15/Apr/2026:18:52:06 +0000] "GET /wp-admin/plugins.php HTTP/1.1" 200 38168 "https://jj-77game.com.pk/wp-admin/plugins.php" "Mozilla/5.0 (Macintosh; Intel Mac OS X 10_12_6) AppleWebKit/537.36 (KHTML, like Gecko) Chrome/67.0.3396.62 Safari/537.36"
89.58.28.170 - - [15/Apr/2026:18:52:08 +0000] "GET /wp-admin/plugins.php HTTP/1.1" 200 38303 "https://jj-77game.com.pk/wp-admin/plugins.php" "Mozilla/5.0 (Macintosh; Intel Mac OS X 10_12_6) AppleWebKit/537.36 (KHTML, like Gecko) Chrome/67.0.3396.62 Safari/537.36"
89.58.28.170 - - [15/Apr/2026:18:52:11 +0000] "GET /wp-admin/admin.php?page=wp_file_manager HTTP/1.1" 200 20644 "https://jj-77game.com.pk/wp-admin/admin.php?page=wp_file_manager" "Mozilla/5.0 (Macintosh; Intel Mac OS X 10_12_6) AppleWebKit/537.36 (KHTML, like Gecko) Chrome/67.0.3396.62 Safari/537.36"
89.58.28.170 - - [15/Apr/2026:18:52:13 +0000] "POST /wp-admin/admin-ajax.php HTTP/1.1" 403 787 "https://jj-77game.com.pk/wp-admin/admin.php?page=wp_file_manager" "Mozilla/5.0 (Macintosh; Intel Mac OS X 10_12_6) AppleWebKit/537.36 (KHTML, like Gecko) Chrome/67.0.3396.62 Safari/537.36"
89.58.28.170 - - [15/Apr/2026:18:52:14 +0000] "GET /wp-admin/plugins.php HTTP/1.1" 200 38258 "https://jj-77game.com.pk/wp-admin/plugins.php" "Mozilla/5.0 (Macintosh; Intel Mac OS X 10_12_6) AppleWebKit/537.36 (KHTML, like Gecko) Chrome/67.0.3396.62 Safari/537.36"
89.58.28.170 - - [15/Apr/2026:18:52:19 +0000] "GET /wp-admin/admin.php?page=wp_file_manager HTTP/1.1" 200 20631 "https://jj-77game.com.pk/wp-admin/admin.php?page=wp_file_manager" "Mozilla/5.0 (Macintosh; Intel Mac OS X 10_12_6) AppleWebKit/537.36 (KHTML, like Gecko) Chrome/67.0.3396.62 Safari/537.36"
89.58.28.170 - - [15/Apr/2026:18:52:21 +0000] "POST /wp-admin/admin-ajax.php HTTP/1.1" 403 787 "https://jj-77game.com.pk/wp-admin/admin.php?page=wp_file_manager" "Mozilla/5.0 (Macintosh; Intel Mac OS X 10_12_6) AppleWebKit/537.36 (KHTML, like Gecko) Chrome/67.0.3396.62 Safari/537.36"
89.58.28.170 - - [15/Apr/2026:18:52:21 +0000] "GET /wp-admin/plugins.php HTTP/1.1" 200 38235 "https://jj-77game.com.pk/wp-admin/plugins.php" "Mozilla/5.0 (Macintosh; Intel Mac OS X 10_12_6) AppleWebKit/537.36 (KHTML, like Gecko) Chrome/67.0.3396.62 Safari/537.36"
89.58.28.170 - - [15/Apr/2026:18:52:24 +0000] "GET /wp-admin/admin.php?page=wp_file_manager HTTP/1.1" 200 20606 "https://jj-77game.com.pk/wp-admin/admin.php?page=wp_file_manager" "Mozilla/5.0 (Macintosh; Intel Mac OS X 10_12_6) AppleWebKit/537.36 (KHTML, like Gecko) Chrome/67.0.3396.62 Safari/537.36"
89.58.28.170 - - [15/Apr/2026:18:52:25 +0000] "POST /wp-admin/admin-ajax.php HTTP/1.1" 403 787 "https://jj-77game.com.pk/wp-admin/admin.php?page=wp_file_manager" "Mozilla/5.0 (Macintosh; Intel Mac OS X 10_12_6) AppleWebKit/537.36 (KHTML, like Gecko) Chrome/67.0.3396.62 Safari/537.36"
89.58.28.170 - - [15/Apr/2026:18:52:25 +0000] "GET /wp-admin/plugins.php HTTP/1.1" 200 38215 "https://jj-77game.com.pk/wp-admin/plugins.php" "Mozilla/5.0 (Macintosh; Intel Mac OS X 10_12_6) AppleWebKit/537.36 (KHTML, like Gecko) Chrome/67.0.3396.62 Safari/537.36"
74.7.227.152 - - [15/Apr/2026:18:51:49 +0000] "GET /items/D033354887/ HTTP/2" 200 0 "https://jj-77game.com.pk/sitemap-12.xml" "Mozilla/5.0 AppleWebKit/537.36 (KHTML, like Gecko; compatible; GPTBot/1.3; +https://openai.com/gptbot)"
74.7.227.152 - - [15/Apr/2026:18:51:53 +0000] "GET /items/D032988830/ HTTP/2" 200 0 "https://jj-77game.com.pk/sitemap-16.xml" "Mozilla/5.0 AppleWebKit/537.36 (KHTML, like Gecko; compatible; GPTBot/1.3; +https://openai.com/gptbot)"
74.7.227.152 - - [15/Apr/2026:18:51:56 +0000] "GET /items/D032225004/ HTTP/2" 200 0 "https://jj-77game.com.pk/sitemap-12.xml" "Mozilla/5.0 AppleWebKit/537.36 (KHTML, like Gecko; compatible; GPTBot/1.3; +https://openai.com/gptbot)"
185.191.171.16 - - [15/Apr/2026:18:51:57 +0000] "GET /items/D032152217/ HTTP/1.1" 200 0 "-" "Mozilla/5.0 (compatible; SemrushBot/7~bl; +http://www.semrush.com/bot.html)"
74.7.227.152 - - [15/Apr/2026:18:51:59 +0000] "GET /items/D033157999/ HTTP/2" 200 0 "https://jj-77game.com.pk/sitemap-15.xml" "Mozilla/5.0 AppleWebKit/537.36 (KHTML, like Gecko; compatible; GPTBot/1.3; +https://openai.com/gptbot)"
74.7.227.152 - - [15/Apr/2026:18:52:03 +0000] "GET /items/D033364824/ HTTP/2" 200 0 "https://jj-77game.com.pk/sitemap-15.xml" "Mozilla/5.0 AppleWebKit/537.36 (KHTML, like Gecko; compatible; GPTBot/1.3; +https://openai.com/gptbot)"
74.7.227.152 - - [15/Apr/2026:18:52:05 +0000] "GET /items/D033376407/ HTTP/2" 200 0 "https://jj-77game.com.pk/sitemap-12.xml" "Mozilla/5.0 AppleWebKit/537.36 (KHTML, like Gecko; compatible; GPTBot/1.3; +https://openai.com/gptbot)"
74.7.227.152 - - [15/Apr/2026:18:52:09 +0000] "GET /items/D031952225/ HTTP/2" 200 0 "https://jj-77game.com.pk/sitemap-13.xml" "Mozilla/5.0 AppleWebKit/537.36 (KHTML, like Gecko; compatible; GPTBot/1.3; +https://openai.com/gptbot)"
74.7.227.152 - - [15/Apr/2026:18:52:12 +0000] "GET /items/D034588856/ HTTP/2" 200 0 "https://jj-77game.com.pk/sitemap-13.xml" "Mozilla/5.0 AppleWebKit/537.36 (KHTML, like Gecko; compatible; GPTBot/1.3; +https://openai.com/gptbot)"
74.7.227.152 - - [15/Apr/2026:18:52:15 +0000] "GET /items/D033321699/ HTTP/2" 200 0 "https://jj-77game.com.pk/sitemap-14.xml" "Mozilla/5.0 AppleWebKit/537.36 (KHTML, like Gecko; compatible; GPTBot/1.3; +https://openai.com/gptbot)"
74.7.227.152 - - [15/Apr/2026:18:52:19 +0000] "GET /items/D031666583/ HTTP/2" 200 0 "https://jj-77game.com.pk/sitemap-13.xml" "Mozilla/5.0 AppleWebKit/537.36 (KHTML, like Gecko; compatible; GPTBot/1.3; +https://openai.com/gptbot)"
74.7.227.152 - - [15/Apr/2026:18:52:22 +0000] "GET /items/D033182444/ HTTP/2" 200 0 "https://jj-77game.com.pk/sitemap-13.xml" "Mozilla/5.0 AppleWebKit/537.36 (KHTML, like Gecko; compatible; GPTBot/1.3; +https://openai.com/gptbot)"
74.7.227.152 - - [15/Apr/2026:18:52:25 +0000] "GET /items/D032955596/ HTTP/2" 200 0 "https://jj-77game.com.pk/sitemap-14.xml" "Mozilla/5.0 AppleWebKit/537.36 (KHTML, like Gecko; compatible; GPTBot/1.3; +https://openai.com/gptbot)"
74.7.227.152 - - [15/Apr/2026:18:52:29 +0000] "GET /items/D031167555/ HTTP/2" 200 0 "https://jj-77game.com.pk/sitemap-16.xml" "Mozilla/5.0 AppleWebKit/537.36 (KHTML, like Gecko; compatible; GPTBot/1.3; +https://openai.com/gptbot)"
74.7.227.152 - - [15/Apr/2026:18:52:31 +0000] "GET /items/D033362838/ HTTP/2" 200 0 "https://jj-77game.com.pk/sitemap-12.xml" "Mozilla/5.0 AppleWebKit/537.36 (KHTML, like Gecko; compatible; GPTBot/1.3; +https://openai.com/gptbot)"
74.7.227.152 - - [15/Apr/2026:18:52:36 +0000] "GET /items/D032619111/ HTTP/2" 200 0 "https://jj-77game.com.pk/sitemap-16.xml" "Mozilla/5.0 AppleWebKit/537.36 (KHTML, like Gecko; compatible; GPTBot/1.3; +https://openai.com/gptbot)"
74.7.227.152 - - [15/Apr/2026:18:52:40 +0000] "GET /items/D033343003/ HTTP/2" 200 0 "https://jj-77game.com.pk/sitemap-1.xml" "Mozilla/5.0 AppleWebKit/537.36 (KHTML, like Gecko; compatible; GPTBot/1.3; +https://openai.com/gptbot)"
185.191.171.2 - - [15/Apr/2026:18:52:42 +0000] "GET /items/D032525660/ HTTP/1.1" 200 0 "-" "Mozilla/5.0 (compatible; SemrushBot/7~bl; +http://www.semrush.com/bot.html)"
74.7.227.152 - - [15/Apr/2026:18:52:43 +0000] "GET /items/D031444233/ HTTP/2" 200 0 "https://jj-77game.com.pk/sitemap-11.xml" "Mozilla/5.0 AppleWebKit/537.36 (KHTML, like Gecko; compatible; GPTBot/1.3; +https://openai.com/gptbot)"
74.7.227.152 - - [15/Apr/2026:18:52:47 +0000] "GET /items/D033382824/ HTTP/2" 200 0 "https://jj-77game.com.pk/sitemap-15.xml" "Mozilla/5.0 AppleWebKit/537.36 (KHTML, like Gecko; compatible; GPTBot/1.3; +https://openai.com/gptbot)"
74.7.227.152 - - [15/Apr/2026:18:52:50 +0000] "GET /items/D032223202/ HTTP/2" 200 0 "https://jj-77game.com.pk/sitemap-11.xml" "Mozilla/5.0 AppleWebKit/537.36 (KHTML, like Gecko; compatible; GPTBot/1.3; +https://openai.com/gptbot)"
74.7.227.152 - - [15/Apr/2026:18:52:54 +0000] "GET /items/D033932999/ HTTP/2" 200 0 "https://jj-77game.com.pk/sitemap-11.xml" "Mozilla/5.0 AppleWebKit/537.36 (KHTML, like Gecko; compatible; GPTBot/1.3; +https://openai.com/gptbot)"
74.7.227.152 - - [15/Apr/2026:18:52:57 +0000] "GET /items/D033340272/ HTTP/2" 200 0 "https://jj-77game.com.pk/sitemap-15.xml" "Mozilla/5.0 AppleWebKit/537.36 (KHTML, like Gecko; compatible; GPTBot/1.3; +https://openai.com/gptbot)"
74.7.227.152 - - [15/Apr/2026:18:53:00 +0000] "GET /items/D033303027/ HTTP/2" 200 0 "https://jj-77game.com.pk/sitemap-15.xml" "Mozilla/5.0 AppleWebKit/537.36 (KHTML, like Gecko; compatible; GPTBot/1.3; +https://openai.com/gptbot)"
74.7.227.152 - - [15/Apr/2026:18:53:04 +0000] "GET /items/D033382216/ HTTP/2" 200 0 "https://jj-77game.com.pk/sitemap-13.xml" "Mozilla/5.0 AppleWebKit/537.36 (KHTML, like Gecko; compatible; GPTBot/1.3; +https://openai.com/gptbot)"
74.7.227.152 - - [15/Apr/2026:18:53:07 +0000] "GET /items/D034777183/ HTTP/2" 200 0 "https://jj-77game.com.pk/sitemap-14.xml" "Mozilla/5.0 AppleWebKit/537.36 (KHTML, like Gecko; compatible; GPTBot/1.3; +https://openai.com/gptbot)"
74.7.227.152 - - [15/Apr/2026:18:53:09 +0000] "GET /items/D031389555/ HTTP/2" 200 0 "https://jj-77game.com.pk/sitemap-13.xml" "Mozilla/5.0 AppleWebKit/537.36 (KHTML, like Gecko; compatible; GPTBot/1.3; +https://openai.com/gptbot)"
74.7.227.152 - - [15/Apr/2026:18:53:12 +0000] "GET /items/D032047776/ HTTP/2" 200 0 "https://jj-77game.com.pk/sitemap-14.xml" "Mozilla/5.0 AppleWebKit/537.36 (KHTML, like Gecko; compatible; GPTBot/1.3; +https://openai.com/gptbot)"
185.191.171.5 - - [15/Apr/2026:18:53:13 +0000] "GET /items/D032887219/ HTTP/1.1" 200 0 "-" "Mozilla/5.0 (compatible; SemrushBot/7~bl; +http://www.semrush.com/bot.html)"
74.7.227.152 - - [15/Apr/2026:18:53:15 +0000] "GET /items/D032221445/ HTTP/2" 200 0 "https://jj-77game.com.pk/sitemap-1.xml" "Mozilla/5.0 AppleWebKit/537.36 (KHTML, like Gecko; compatible; GPTBot/1.3; +https://openai.com/gptbot)"
74.7.227.152 - - [15/Apr/2026:18:53:20 +0000] "GET /items/D031666052/ HTTP/2" 200 0 "https://jj-77game.com.pk/sitemap-13.xml" "Mozilla/5.0 AppleWebKit/537.36 (KHTML, like Gecko; compatible; GPTBot/1.3; +https://openai.com/gptbot)"
74.7.227.152 - - [15/Apr/2026:18:53:24 +0000] "GET /items/D031118581/ HTTP/2" 200 0 "https://jj-77game.com.pk/sitemap-11.xml" "Mozilla/5.0 AppleWebKit/537.36 (KHTML, like Gecko; compatible; GPTBot/1.3; +https://openai.com/gptbot)"
74.7.227.152 - - [15/Apr/2026:18:53:28 +0000] "GET /items/D033777969/ HTTP/2" 200 0 "https://jj-77game.com.pk/sitemap-11.xml" "Mozilla/5.0 AppleWebKit/537.36 (KHTML, like Gecko; compatible; GPTBot/1.3; +https://openai.com/gptbot)"
74.7.227.152 - - [15/Apr/2026:18:53:31 +0000] "GET /items/D031513334/ HTTP/2" 200 0 "https://jj-77game.com.pk/sitemap-13.xml" "Mozilla/5.0 AppleWebKit/537.36 (KHTML, like Gecko; compatible; GPTBot/1.3; +https://openai.com/gptbot)"
74.7.227.152 - - [15/Apr/2026:18:53:34 +0000] "GET /items/D031644439/ HTTP/2" 200 0 "https://jj-77game.com.pk/sitemap-16.xml" "Mozilla/5.0 AppleWebKit/537.36 (KHTML, like Gecko; compatible; GPTBot/1.3; +https://openai.com/gptbot)"
185.191.171.2 - - [15/Apr/2026:18:53:37 +0000] "GET /items/D032359314/ HTTP/1.1" 200 0 "-" "Mozilla/5.0 (compatible; SemrushBot/7~bl; +http://www.semrush.com/bot.html)"
74.7.227.152 - - [15/Apr/2026:18:53:37 +0000] "GET /items/D033370987/ HTTP/2" 200 0 "https://jj-77game.com.pk/sitemap-15.xml" "Mozilla/5.0 AppleWebKit/537.36 (KHTML, like Gecko; compatible; GPTBot/1.3; +https://openai.com/gptbot)"
74.7.227.152 - - [15/Apr/2026:18:53:41 +0000] "GET /items/D033323314/ HTTP/2" 200 0 "https://jj-77game.com.pk/sitemap-1.xml" "Mozilla/5.0 AppleWebKit/537.36 (KHTML, like Gecko; compatible; GPTBot/1.3; +https://openai.com/gptbot)"
74.7.227.152 - - [15/Apr/2026:18:53:44 +0000] "GET /items/D031177725/ HTTP/2" 200 0 "https://jj-77game.com.pk/sitemap-16.xml" "Mozilla/5.0 AppleWebKit/537.36 (KHTML, like Gecko; compatible; GPTBot/1.3; +https://openai.com/gptbot)"
74.7.227.152 - - [15/Apr/2026:18:53:47 +0000] "GET /items/D033277789/ HTTP/2" 200 0 "https://jj-77game.com.pk/sitemap-15.xml" "Mozilla/5.0 AppleWebKit/537.36 (KHTML, like Gecko; compatible; GPTBot/1.3; +https://openai.com/gptbot)"
74.7.227.152 - - [15/Apr/2026:18:53:50 +0000] "GET /items/D034446203/ HTTP/2" 200 0 "https://jj-77game.com.pk/sitemap-14.xml" "Mozilla/5.0 AppleWebKit/537.36 (KHTML, like Gecko; compatible; GPTBot/1.3; +https://openai.com/gptbot)"
74.7.227.152 - - [15/Apr/2026:18:53:54 +0000] "GET /items/D031114120/ HTTP/2" 200 0 "https://jj-77game.com.pk/sitemap-12.xml" "Mozilla/5.0 AppleWebKit/537.36 (KHTML, like Gecko; compatible; GPTBot/1.3; +https://openai.com/gptbot)"
74.7.227.152 - - [15/Apr/2026:18:53:57 +0000] "GET /items/D034098555/ HTTP/2" 200 0 "https://jj-77game.com.pk/sitemap-13.xml" "Mozilla/5.0 AppleWebKit/537.36 (KHTML, like Gecko; compatible; GPTBot/1.3; +https://openai.com/gptbot)"
74.7.227.152 - - [15/Apr/2026:18:53:59 +0000] "GET /items/D033310265/ HTTP/2" 200 0 "https://jj-77game.com.pk/sitemap-15.xml" "Mozilla/5.0 AppleWebKit/537.36 (KHTML, like Gecko; compatible; GPTBot/1.3; +https://openai.com/gptbot)"
74.7.227.152 - - [15/Apr/2026:18:54:03 +0000] "GET /items/D033819222/ HTTP/2" 200 0 "https://jj-77game.com.pk/sitemap-15.xml" "Mozilla/5.0 AppleWebKit/537.36 (KHTML, like Gecko; compatible; GPTBot/1.3; +https://openai.com/gptbot)"
74.7.227.152 - - [15/Apr/2026:18:54:07 +0000] "GET /items/D034311194/ HTTP/2" 200 0 "https://jj-77game.com.pk/sitemap-14.xml" "Mozilla/5.0 AppleWebKit/537.36 (KHTML, like Gecko; compatible; GPTBot/1.3; +https://openai.com/gptbot)"
85.208.96.204 - - [15/Apr/2026:18:54:08 +0000] "GET /items/D034763255/ HTTP/1.1" 200 0 "-" "Mozilla/5.0 (compatible; SemrushBot/7~bl; +http://www.semrush.com/bot.html)"
85.208.96.207 - - [15/Apr/2026:18:54:10 +0000] "GET /items/D032982935/ HTTP/1.1" 200 0 "-" "Mozilla/5.0 (compatible; SemrushBot/7~bl; +http://www.semrush.com/bot.html)"
74.7.227.152 - - [15/Apr/2026:18:54:10 +0000] "GET /items/D031626667/ HTTP/2" 200 0 "https://jj-77game.com.pk/sitemap-13.xml" "Mozilla/5.0 AppleWebKit/537.36 (KHTML, like Gecko; compatible; GPTBot/1.3; +https://openai.com/gptbot)"
74.7.227.152 - - [15/Apr/2026:18:54:13 +0000] "GET /items/D031116545/ HTTP/2" 200 0 "https://jj-77game.com.pk/sitemap-16.xml" "Mozilla/5.0 AppleWebKit/537.36 (KHTML, like Gecko; compatible; GPTBot/1.3; +https://openai.com/gptbot)"
74.7.227.152 - - [15/Apr/2026:18:54:16 +0000] "GET /items/D033000468/ HTTP/2" 200 0 "https://jj-77game.com.pk/sitemap-16.xml" "Mozilla/5.0 AppleWebKit/537.36 (KHTML, like Gecko; compatible; GPTBot/1.3; +https://openai.com/gptbot)"
74.7.227.152 - - [15/Apr/2026:18:54:19 +0000] "GET /items/D033388110/ HTTP/2" 200 0 "https://jj-77game.com.pk/sitemap-13.xml" "Mozilla/5.0 AppleWebKit/537.36 (KHTML, like Gecko; compatible; GPTBot/1.3; +https://openai.com/gptbot)"
74.7.227.152 - - [15/Apr/2026:18:54:21 +0000] "GET /items/D031684446/ HTTP/2" 200 0 "https://jj-77game.com.pk/sitemap-15.xml" "Mozilla/5.0 AppleWebKit/537.36 (KHTML, like Gecko; compatible; GPTBot/1.3; +https://openai.com/gptbot)"
74.7.227.152 - - [15/Apr/2026:18:54:24 +0000] "GET /items/D031555001/ HTTP/2" 200 0 "https://jj-77game.com.pk/sitemap-15.xml" "Mozilla/5.0 AppleWebKit/537.36 (KHTML, like Gecko; compatible; GPTBot/1.3; +https://openai.com/gptbot)"
74.7.227.152 - - [15/Apr/2026:18:54:28 +0000] "GET /items/D031207774/ HTTP/2" 200 0 "https://jj-77game.com.pk/sitemap-15.xml" "Mozilla/5.0 AppleWebKit/537.36 (KHTML, like Gecko; compatible; GPTBot/1.3; +https://openai.com/gptbot)"
74.7.227.152 - - [15/Apr/2026:18:54:31 +0000] "GET /items/D033369615/ HTTP/2" 200 0 "https://jj-77game.com.pk/sitemap-13.xml" "Mozilla/5.0 AppleWebKit/537.36 (KHTML, like Gecko; compatible; GPTBot/1.3; +https://openai.com/gptbot)"
74.7.227.152 - - [15/Apr/2026:18:54:34 +0000] "GET /items/D033373306/ HTTP/2" 200 0 "https://jj-77game.com.pk/sitemap-12.xml" "Mozilla/5.0 AppleWebKit/537.36 (KHTML, like Gecko; compatible; GPTBot/1.3; +https://openai.com/gptbot)"
74.7.227.152 - - [15/Apr/2026:18:54:37 +0000] "GET /items/D034675553/ HTTP/2" 200 0 "https://jj-77game.com.pk/sitemap-13.xml" "Mozilla/5.0 AppleWebKit/537.36 (KHTML, like Gecko; compatible; GPTBot/1.3; +https://openai.com/gptbot)"
74.7.227.152 - - [15/Apr/2026:18:54:39 +0000] "GET /items/D033347900/ HTTP/2" 200 0 "https://jj-77game.com.pk/sitemap-13.xml" "Mozilla/5.0 AppleWebKit/537.36 (KHTML, like Gecko; compatible; GPTBot/1.3; +https://openai.com/gptbot)"
74.7.227.152 - - [15/Apr/2026:18:54:42 +0000] "GET /items/D031084888/ HTTP/2" 200 0 "https://jj-77game.com.pk/sitemap-12.xml" "Mozilla/5.0 AppleWebKit/537.36 (KHTML, like Gecko; compatible; GPTBot/1.3; +https://openai.com/gptbot)"
74.7.227.152 - - [15/Apr/2026:18:54:45 +0000] "GET /items/D033359969/ HTTP/2" 200 0 "https://jj-77game.com.pk/sitemap-15.xml" "Mozilla/5.0 AppleWebKit/537.36 (KHTML, like Gecko; compatible; GPTBot/1.3; +https://openai.com/gptbot)"
74.7.227.152 - - [15/Apr/2026:18:54:49 +0000] "GET /items/D031981117/ HTTP/2" 200 0 "https://jj-77game.com.pk/sitemap-15.xml" "Mozilla/5.0 AppleWebKit/537.36 (KHTML, like Gecko; compatible; GPTBot/1.3; +https://openai.com/gptbot)"
74.7.227.152 - - [15/Apr/2026:18:54:52 +0000] "GET /items/D032599913/ HTTP/2" 200 0 "https://jj-77game.com.pk/sitemap-12.xml" "Mozilla/5.0 AppleWebKit/537.36 (KHTML, like Gecko; compatible; GPTBot/1.3; +https://openai.com/gptbot)"
74.7.227.152 - - [15/Apr/2026:18:54:55 +0000] "GET /items/D031388858/ HTTP/2" 200 0 "https://jj-77game.com.pk/sitemap-14.xml" "Mozilla/5.0 AppleWebKit/537.36 (KHTML, like Gecko; compatible; GPTBot/1.3; +https://openai.com/gptbot)"
74.7.227.152 - - [15/Apr/2026:18:54:58 +0000] "GET /items/D033374637/ HTTP/2" 200 0 "https://jj-77game.com.pk/sitemap-15.xml" "Mozilla/5.0 AppleWebKit/537.36 (KHTML, like Gecko; compatible; GPTBot/1.3; +https://openai.com/gptbot)"
85.208.96.193 - - [15/Apr/2026:18:54:59 +0000] "GET /items/D031793793/ HTTP/1.1" 200 0 "-" "Mozilla/5.0 (compatible; SemrushBot/7~bl; +http://www.semrush.com/bot.html)"
