157.90.114.254 - - [15/Apr/2026:17:54:19 +0000] "POST /xmlrpc.php HTTP/1.1" 200 106 "-" "Mozilla/5.0 (Windows NT 10.0; Win64; x64) AppleWebKit/537.36 (KHTML, like Gecko) Chrome/108.0.0.0 Safari/537.36"
157.90.114.254 - - [15/Apr/2026:17:54:23 +0000] "POST /xmlrpc.php HTTP/1.1" 200 3521 "-" "Mozilla/5.0 (Windows NT 10.0; Win64; x64) AppleWebKit/537.36 (KHTML, like Gecko) Chrome/108.0.0.0 Safari/537.36"
157.90.114.254 - - [15/Apr/2026:17:54:28 +0000] "POST /xmlrpc.php HTTP/1.1" 200 100 "-" "Mozilla/5.0 (Windows NT 10.0; Win64; x64) AppleWebKit/537.36 (KHTML, like Gecko) Chrome/108.0.0.0 Safari/537.36"
213.180.203.107 - - [15/Apr/2026:17:54:40 +0000] "GET /kingdom-casino-uk-official-website-ee-100-welcome-bonus-fs/ HTTP/1.1" 200 0 "-" "Mozilla/5.0 (compatible; YandexBot/3.0; +http://yandex.com/bots)"
213.180.203.100 - - [15/Apr/2026:17:54:42 +0000] "GET /items/D033934819/ HTTP/1.1" 200 0 "-" "Mozilla/5.0 (compatible; YandexBot/3.0; +http://yandex.com/bots)"
85.208.96.205 - - [15/Apr/2026:17:55:04 +0000] "GET /items/D033096516/ HTTP/1.1" 200 0 "-" "Mozilla/5.0 (compatible; SemrushBot/7~bl; +http://www.semrush.com/bot.html)"
85.208.96.209 - - [15/Apr/2026:17:56:07 +0000] "GET /items/D033334252/ HTTP/1.1" 200 0 "-" "Mozilla/5.0 (compatible; SemrushBot/7~bl; +http://www.semrush.com/bot.html)"
185.191.171.12 - - [15/Apr/2026:17:56:12 +0000] "GET /items/D034278932/ HTTP/1.1" 200 0 "-" "Mozilla/5.0 (compatible; SemrushBot/7~bl; +http://www.semrush.com/bot.html)"
185.191.171.6 - - [15/Apr/2026:17:56:14 +0000] "GET /items/D033213302/ HTTP/1.1" 200 0 "-" "Mozilla/5.0 (compatible; SemrushBot/7~bl; +http://www.semrush.com/bot.html)"
85.208.96.199 - - [15/Apr/2026:17:56:54 +0000] "GET /items/D033522965/ HTTP/1.1" 200 0 "-" "Mozilla/5.0 (compatible; SemrushBot/7~bl; +http://www.semrush.com/bot.html)"
85.208.96.211 - - [15/Apr/2026:17:57:00 +0000] "GET /items/D031945880/ HTTP/1.1" 200 0 "-" "Mozilla/5.0 (compatible; SemrushBot/7~bl; +http://www.semrush.com/bot.html)"
74.7.227.152 - - [15/Apr/2026:17:57:16 +0000] "GET /items/D031377947/ HTTP/2" 200 0 "https://jj-77game.com.pk/sitemap-13.xml" "Mozilla/5.0 AppleWebKit/537.36 (KHTML, like Gecko; compatible; GPTBot/1.3; +https://openai.com/gptbot)"
185.191.171.18 - - [15/Apr/2026:17:57:18 +0000] "GET /items/D032736229/ HTTP/1.1" 200 0 "-" "Mozilla/5.0 (compatible; SemrushBot/7~bl; +http://www.semrush.com/bot.html)"
74.7.227.152 - - [15/Apr/2026:17:57:19 +0000] "GET /items/D033118993/ HTTP/2" 200 0 "https://jj-77game.com.pk/sitemap-14.xml" "Mozilla/5.0 AppleWebKit/537.36 (KHTML, like Gecko; compatible; GPTBot/1.3; +https://openai.com/gptbot)"
74.7.227.152 - - [15/Apr/2026:17:57:22 +0000] "GET /items/D033117740/ HTTP/2" 200 0 "https://jj-77game.com.pk/sitemap-14.xml" "Mozilla/5.0 AppleWebKit/537.36 (KHTML, like Gecko; compatible; GPTBot/1.3; +https://openai.com/gptbot)"
74.7.227.152 - - [15/Apr/2026:17:57:25 +0000] "GET /items/D033401312/ HTTP/2" 200 0 "https://jj-77game.com.pk/sitemap-14.xml" "Mozilla/5.0 AppleWebKit/537.36 (KHTML, like Gecko; compatible; GPTBot/1.3; +https://openai.com/gptbot)"
185.191.171.11 - - [15/Apr/2026:17:57:25 +0000] "GET /items/D034685383/ HTTP/1.1" 200 0 "-" "Mozilla/5.0 (compatible; SemrushBot/7~bl; +http://www.semrush.com/bot.html)"
185.191.171.8 - - [15/Apr/2026:17:57:27 +0000] "GET /items/D031917631/ HTTP/1.1" 200 0 "-" "Mozilla/5.0 (compatible; SemrushBot/7~bl; +http://www.semrush.com/bot.html)"
74.7.227.152 - - [15/Apr/2026:17:57:27 +0000] "GET /items/D033590914/ HTTP/2" 200 0 "https://jj-77game.com.pk/sitemap-11.xml" "Mozilla/5.0 AppleWebKit/537.36 (KHTML, like Gecko; compatible; GPTBot/1.3; +https://openai.com/gptbot)"
74.7.227.152 - - [15/Apr/2026:17:57:30 +0000] "GET /items/D033107868/ HTTP/2" 200 0 "https://jj-77game.com.pk/sitemap-14.xml" "Mozilla/5.0 AppleWebKit/537.36 (KHTML, like Gecko; compatible; GPTBot/1.3; +https://openai.com/gptbot)"
74.7.227.152 - - [15/Apr/2026:17:57:33 +0000] "GET /items/D033039736/ HTTP/2" 200 0 "https://jj-77game.com.pk/sitemap-16.xml" "Mozilla/5.0 AppleWebKit/537.36 (KHTML, like Gecko; compatible; GPTBot/1.3; +https://openai.com/gptbot)"
74.7.227.152 - - [15/Apr/2026:17:57:36 +0000] "GET /items/D032060670/ HTTP/2" 200 0 "https://jj-77game.com.pk/sitemap-14.xml" "Mozilla/5.0 AppleWebKit/537.36 (KHTML, like Gecko; compatible; GPTBot/1.3; +https://openai.com/gptbot)"
74.7.227.152 - - [15/Apr/2026:17:57:38 +0000] "GET /items/D034350938/ HTTP/2" 200 0 "https://jj-77game.com.pk/sitemap-12.xml" "Mozilla/5.0 AppleWebKit/537.36 (KHTML, like Gecko; compatible; GPTBot/1.3; +https://openai.com/gptbot)"
74.7.227.152 - - [15/Apr/2026:17:57:41 +0000] "GET /items/D032495223/ HTTP/2" 200 0 "https://jj-77game.com.pk/sitemap-12.xml" "Mozilla/5.0 AppleWebKit/537.36 (KHTML, like Gecko; compatible; GPTBot/1.3; +https://openai.com/gptbot)"
74.7.227.152 - - [15/Apr/2026:17:57:44 +0000] "GET /items/D033001256/ HTTP/2" 200 0 "https://jj-77game.com.pk/sitemap-15.xml" "Mozilla/5.0 AppleWebKit/537.36 (KHTML, like Gecko; compatible; GPTBot/1.3; +https://openai.com/gptbot)"
37.59.204.140 - - [15/Apr/2026:17:57:44 +0000] "GET /item/4476112 HTTP/2" 200 0 "-" "Mozilla/5.0 (compatible; AhrefsBot/7.0; +http://ahrefs.com/robot/)"
74.7.227.152 - - [15/Apr/2026:17:57:47 +0000] "GET /items/D031464103/ HTTP/2" 200 0 "https://jj-77game.com.pk/sitemap-14.xml" "Mozilla/5.0 AppleWebKit/537.36 (KHTML, like Gecko; compatible; GPTBot/1.3; +https://openai.com/gptbot)"
74.7.227.152 - - [15/Apr/2026:17:57:49 +0000] "GET /items/D033640141/ HTTP/2" 200 0 "https://jj-77game.com.pk/sitemap-12.xml" "Mozilla/5.0 AppleWebKit/537.36 (KHTML, like Gecko; compatible; GPTBot/1.3; +https://openai.com/gptbot)"
74.7.227.152 - - [15/Apr/2026:17:57:51 +0000] "GET /items/D034085336/ HTTP/2" 200 0 "https://jj-77game.com.pk/sitemap-11.xml" "Mozilla/5.0 AppleWebKit/537.36 (KHTML, like Gecko; compatible; GPTBot/1.3; +https://openai.com/gptbot)"
74.7.227.152 - - [15/Apr/2026:17:57:55 +0000] "GET /items/D031013554/ HTTP/2" 200 0 "https://jj-77game.com.pk/sitemap-13.xml" "Mozilla/5.0 AppleWebKit/537.36 (KHTML, like Gecko; compatible; GPTBot/1.3; +https://openai.com/gptbot)"
185.191.171.3 - - [15/Apr/2026:17:57:55 +0000] "GET /items/D031967349/ HTTP/1.1" 200 0 "-" "Mozilla/5.0 (compatible; SemrushBot/7~bl; +http://www.semrush.com/bot.html)"
74.7.227.152 - - [15/Apr/2026:17:57:57 +0000] "GET /items/D032120781/ HTTP/2" 200 0 "https://jj-77game.com.pk/sitemap-14.xml" "Mozilla/5.0 AppleWebKit/537.36 (KHTML, like Gecko; compatible; GPTBot/1.3; +https://openai.com/gptbot)"
74.7.227.152 - - [15/Apr/2026:17:58:00 +0000] "GET /items/D033760643/ HTTP/2" 200 0 "https://jj-77game.com.pk/sitemap-15.xml" "Mozilla/5.0 AppleWebKit/537.36 (KHTML, like Gecko; compatible; GPTBot/1.3; +https://openai.com/gptbot)"
185.191.171.14 - - [15/Apr/2026:17:58:02 +0000] "GET /items/D031409533/ HTTP/1.1" 200 0 "-" "Mozilla/5.0 (compatible; SemrushBot/7~bl; +http://www.semrush.com/bot.html)"
74.7.227.152 - - [15/Apr/2026:17:58:03 +0000] "GET /items/D033653261/ HTTP/2" 200 0 "https://jj-77game.com.pk/sitemap-1.xml" "Mozilla/5.0 AppleWebKit/537.36 (KHTML, like Gecko; compatible; GPTBot/1.3; +https://openai.com/gptbot)"
74.7.227.152 - - [15/Apr/2026:17:58:06 +0000] "GET /items/D031153033/ HTTP/2" 200 0 "https://jj-77game.com.pk/sitemap-12.xml" "Mozilla/5.0 AppleWebKit/537.36 (KHTML, like Gecko; compatible; GPTBot/1.3; +https://openai.com/gptbot)"
74.7.227.152 - - [15/Apr/2026:17:58:09 +0000] "GET /items/D032557367/ HTTP/2" 200 0 "https://jj-77game.com.pk/sitemap-13.xml" "Mozilla/5.0 AppleWebKit/537.36 (KHTML, like Gecko; compatible; GPTBot/1.3; +https://openai.com/gptbot)"
74.7.227.152 - - [15/Apr/2026:17:58:11 +0000] "GET /items/D031850981/ HTTP/2" 200 0 "https://jj-77game.com.pk/sitemap-1.xml" "Mozilla/5.0 AppleWebKit/537.36 (KHTML, like Gecko; compatible; GPTBot/1.3; +https://openai.com/gptbot)"
74.7.227.152 - - [15/Apr/2026:17:58:14 +0000] "GET /items/D031544773/ HTTP/2" 200 0 "https://jj-77game.com.pk/sitemap-13.xml" "Mozilla/5.0 AppleWebKit/537.36 (KHTML, like Gecko; compatible; GPTBot/1.3; +https://openai.com/gptbot)"
74.7.227.152 - - [15/Apr/2026:17:58:16 +0000] "GET /items/D034811717/ HTTP/2" 200 0 "https://jj-77game.com.pk/sitemap-12.xml" "Mozilla/5.0 AppleWebKit/537.36 (KHTML, like Gecko; compatible; GPTBot/1.3; +https://openai.com/gptbot)"
74.7.227.152 - - [15/Apr/2026:17:58:19 +0000] "GET /items/D032276097/ HTTP/2" 200 0 "https://jj-77game.com.pk/sitemap-16.xml" "Mozilla/5.0 AppleWebKit/537.36 (KHTML, like Gecko; compatible; GPTBot/1.3; +https://openai.com/gptbot)"
74.7.227.152 - - [15/Apr/2026:17:58:21 +0000] "GET /items/D034096029/ HTTP/2" 200 0 "https://jj-77game.com.pk/sitemap-14.xml" "Mozilla/5.0 AppleWebKit/537.36 (KHTML, like Gecko; compatible; GPTBot/1.3; +https://openai.com/gptbot)"
74.7.227.152 - - [15/Apr/2026:17:58:24 +0000] "GET /items/D031025402/ HTTP/2" 200 0 "https://jj-77game.com.pk/sitemap-11.xml" "Mozilla/5.0 AppleWebKit/537.36 (KHTML, like Gecko; compatible; GPTBot/1.3; +https://openai.com/gptbot)"
74.7.227.152 - - [15/Apr/2026:17:58:27 +0000] "GET /items/D031231305/ HTTP/2" 200 0 "https://jj-77game.com.pk/sitemap-11.xml" "Mozilla/5.0 AppleWebKit/537.36 (KHTML, like Gecko; compatible; GPTBot/1.3; +https://openai.com/gptbot)"
74.7.227.152 - - [15/Apr/2026:17:58:29 +0000] "GET /items/D031820420/ HTTP/2" 200 0 "https://jj-77game.com.pk/sitemap-14.xml" "Mozilla/5.0 AppleWebKit/537.36 (KHTML, like Gecko; compatible; GPTBot/1.3; +https://openai.com/gptbot)"
74.7.227.152 - - [15/Apr/2026:17:58:32 +0000] "GET /items/D032292349/ HTTP/2" 200 0 "https://jj-77game.com.pk/sitemap-16.xml" "Mozilla/5.0 AppleWebKit/537.36 (KHTML, like Gecko; compatible; GPTBot/1.3; +https://openai.com/gptbot)"
74.7.227.152 - - [15/Apr/2026:17:58:34 +0000] "GET /items/D034503605/ HTTP/2" 200 0 "https://jj-77game.com.pk/sitemap-15.xml" "Mozilla/5.0 AppleWebKit/537.36 (KHTML, like Gecko; compatible; GPTBot/1.3; +https://openai.com/gptbot)"
74.7.227.152 - - [15/Apr/2026:17:58:37 +0000] "GET /items/D032271732/ HTTP/2" 200 0 "https://jj-77game.com.pk/sitemap-16.xml" "Mozilla/5.0 AppleWebKit/537.36 (KHTML, like Gecko; compatible; GPTBot/1.3; +https://openai.com/gptbot)"
85.208.96.209 - - [15/Apr/2026:17:58:38 +0000] "GET /items/D033733666/ HTTP/1.1" 200 0 "-" "Mozilla/5.0 (compatible; SemrushBot/7~bl; +http://www.semrush.com/bot.html)"
74.7.227.152 - - [15/Apr/2026:17:58:40 +0000] "GET /items/D031399323/ HTTP/2" 200 0 "https://jj-77game.com.pk/sitemap-15.xml" "Mozilla/5.0 AppleWebKit/537.36 (KHTML, like Gecko; compatible; GPTBot/1.3; +https://openai.com/gptbot)"
74.7.227.152 - - [15/Apr/2026:17:58:43 +0000] "GET /items/D033595723/ HTTP/2" 200 0 "https://jj-77game.com.pk/sitemap-14.xml" "Mozilla/5.0 AppleWebKit/537.36 (KHTML, like Gecko; compatible; GPTBot/1.3; +https://openai.com/gptbot)"
74.7.227.152 - - [15/Apr/2026:17:58:45 +0000] "GET /items/D031223162/ HTTP/2" 200 0 "https://jj-77game.com.pk/sitemap-14.xml" "Mozilla/5.0 AppleWebKit/537.36 (KHTML, like Gecko; compatible; GPTBot/1.3; +https://openai.com/gptbot)"
74.7.227.152 - - [15/Apr/2026:17:58:48 +0000] "GET /items/D031225755/ HTTP/2" 200 0 "https://jj-77game.com.pk/sitemap-14.xml" "Mozilla/5.0 AppleWebKit/537.36 (KHTML, like Gecko; compatible; GPTBot/1.3; +https://openai.com/gptbot)"
85.208.96.205 - - [15/Apr/2026:17:58:50 +0000] "GET /items/D032213113/ HTTP/1.1" 200 0 "-" "Mozilla/5.0 (compatible; SemrushBot/7~bl; +http://www.semrush.com/bot.html)"
74.7.227.152 - - [15/Apr/2026:17:58:51 +0000] "GET /items/D032388424/ HTTP/2" 200 0 "https://jj-77game.com.pk/sitemap-14.xml" "Mozilla/5.0 AppleWebKit/537.36 (KHTML, like Gecko; compatible; GPTBot/1.3; +https://openai.com/gptbot)"
74.7.227.152 - - [15/Apr/2026:17:58:54 +0000] "GET /items/D031004546/ HTTP/2" 200 0 "https://jj-77game.com.pk/sitemap-15.xml" "Mozilla/5.0 AppleWebKit/537.36 (KHTML, like Gecko; compatible; GPTBot/1.3; +https://openai.com/gptbot)"
74.7.227.152 - - [15/Apr/2026:17:58:57 +0000] "GET /items/D031393611/ HTTP/2" 200 0 "https://jj-77game.com.pk/sitemap-15.xml" "Mozilla/5.0 AppleWebKit/537.36 (KHTML, like Gecko; compatible; GPTBot/1.3; +https://openai.com/gptbot)"
74.7.227.152 - - [15/Apr/2026:17:59:02 +0000] "GET /items/D034466315/ HTTP/2" 200 0 "https://jj-77game.com.pk/sitemap-13.xml" "Mozilla/5.0 AppleWebKit/537.36 (KHTML, like Gecko; compatible; GPTBot/1.3; +https://openai.com/gptbot)"
74.7.227.152 - - [15/Apr/2026:17:59:05 +0000] "GET /items/D033896226/ HTTP/2" 200 0 "https://jj-77game.com.pk/sitemap-12.xml" "Mozilla/5.0 AppleWebKit/537.36 (KHTML, like Gecko; compatible; GPTBot/1.3; +https://openai.com/gptbot)"
74.7.227.152 - - [15/Apr/2026:17:59:08 +0000] "GET /items/D033232562/ HTTP/2" 200 0 "https://jj-77game.com.pk/sitemap-16.xml" "Mozilla/5.0 AppleWebKit/537.36 (KHTML, like Gecko; compatible; GPTBot/1.3; +https://openai.com/gptbot)"
74.7.227.152 - - [15/Apr/2026:17:59:11 +0000] "GET /items/D031126234/ HTTP/2" 200 0 "https://jj-77game.com.pk/sitemap-12.xml" "Mozilla/5.0 AppleWebKit/537.36 (KHTML, like Gecko; compatible; GPTBot/1.3; +https://openai.com/gptbot)"
74.7.227.152 - - [15/Apr/2026:17:59:14 +0000] "GET /items/D031899660/ HTTP/2" 200 0 "https://jj-77game.com.pk/sitemap-12.xml" "Mozilla/5.0 AppleWebKit/537.36 (KHTML, like Gecko; compatible; GPTBot/1.3; +https://openai.com/gptbot)"
74.7.227.152 - - [15/Apr/2026:17:59:17 +0000] "GET /items/D032257477/ HTTP/2" 200 0 "https://jj-77game.com.pk/sitemap-1.xml" "Mozilla/5.0 AppleWebKit/537.36 (KHTML, like Gecko; compatible; GPTBot/1.3; +https://openai.com/gptbot)"
74.7.227.152 - - [15/Apr/2026:17:59:20 +0000] "GET /items/D031377614/ HTTP/2" 200 0 "https://jj-77game.com.pk/sitemap-16.xml" "Mozilla/5.0 AppleWebKit/537.36 (KHTML, like Gecko; compatible; GPTBot/1.3; +https://openai.com/gptbot)"
74.7.227.152 - - [15/Apr/2026:17:59:22 +0000] "GET /items/D033510788/ HTTP/2" 200 0 "https://jj-77game.com.pk/sitemap-16.xml" "Mozilla/5.0 AppleWebKit/537.36 (KHTML, like Gecko; compatible; GPTBot/1.3; +https://openai.com/gptbot)"
74.7.227.152 - - [15/Apr/2026:17:59:25 +0000] "GET /items/D032621767/ HTTP/2" 200 0 "https://jj-77game.com.pk/sitemap-12.xml" "Mozilla/5.0 AppleWebKit/537.36 (KHTML, like Gecko; compatible; GPTBot/1.3; +https://openai.com/gptbot)"
74.7.227.152 - - [15/Apr/2026:17:59:29 +0000] "GET /items/D033893595/ HTTP/2" 200 0 "https://jj-77game.com.pk/sitemap-15.xml" "Mozilla/5.0 AppleWebKit/537.36 (KHTML, like Gecko; compatible; GPTBot/1.3; +https://openai.com/gptbot)"
87.250.224.119 - - [15/Apr/2026:17:59:33 +0000] "GET /items/D032099154/ HTTP/1.1" 200 0 "-" "Mozilla/5.0 (compatible; YandexBot/3.0; +http://yandex.com/bots)"
74.7.227.152 - - [15/Apr/2026:17:59:33 +0000] "GET /items/D032583343/ HTTP/2" 200 0 "https://jj-77game.com.pk/sitemap-11.xml" "Mozilla/5.0 AppleWebKit/537.36 (KHTML, like Gecko; compatible; GPTBot/1.3; +https://openai.com/gptbot)"
74.7.227.152 - - [15/Apr/2026:17:59:36 +0000] "GET /items/D031901691/ HTTP/2" 200 0 "https://jj-77game.com.pk/sitemap-11.xml" "Mozilla/5.0 AppleWebKit/537.36 (KHTML, like Gecko; compatible; GPTBot/1.3; +https://openai.com/gptbot)"
74.7.227.152 - - [15/Apr/2026:17:59:39 +0000] "GET /items/D034205640/ HTTP/2" 200 0 "https://jj-77game.com.pk/sitemap-12.xml" "Mozilla/5.0 AppleWebKit/537.36 (KHTML, like Gecko; compatible; GPTBot/1.3; +https://openai.com/gptbot)"
74.7.227.152 - - [15/Apr/2026:17:59:42 +0000] "GET /items/D031342145/ HTTP/2" 200 0 "https://jj-77game.com.pk/sitemap-14.xml" "Mozilla/5.0 AppleWebKit/537.36 (KHTML, like Gecko; compatible; GPTBot/1.3; +https://openai.com/gptbot)"
74.7.227.152 - - [15/Apr/2026:17:59:45 +0000] "GET /items/D031375414/ HTTP/2" 200 0 "https://jj-77game.com.pk/sitemap-15.xml" "Mozilla/5.0 AppleWebKit/537.36 (KHTML, like Gecko; compatible; GPTBot/1.3; +https://openai.com/gptbot)"
74.7.227.152 - - [15/Apr/2026:17:59:48 +0000] "GET /items/D031934534/ HTTP/2" 200 0 "https://jj-77game.com.pk/sitemap-11.xml" "Mozilla/5.0 AppleWebKit/537.36 (KHTML, like Gecko; compatible; GPTBot/1.3; +https://openai.com/gptbot)"
74.7.227.152 - - [15/Apr/2026:17:59:51 +0000] "GET /items/D031310631/ HTTP/2" 200 0 "https://jj-77game.com.pk/sitemap-12.xml" "Mozilla/5.0 AppleWebKit/537.36 (KHTML, like Gecko; compatible; GPTBot/1.3; +https://openai.com/gptbot)"
74.7.227.152 - - [15/Apr/2026:17:59:54 +0000] "GET /items/D034203382/ HTTP/2" 200 0 "https://jj-77game.com.pk/sitemap-11.xml" "Mozilla/5.0 AppleWebKit/537.36 (KHTML, like Gecko; compatible; GPTBot/1.3; +https://openai.com/gptbot)"
74.7.227.152 - - [15/Apr/2026:17:59:57 +0000] "GET /items/D034427377/ HTTP/2" 200 0 "https://jj-77game.com.pk/sitemap-12.xml" "Mozilla/5.0 AppleWebKit/537.36 (KHTML, like Gecko; compatible; GPTBot/1.3; +https://openai.com/gptbot)"
74.7.227.152 - - [15/Apr/2026:18:00:00 +0000] "GET /items/D033802362/ HTTP/2" 200 0 "https://jj-77game.com.pk/sitemap-15.xml" "Mozilla/5.0 AppleWebKit/537.36 (KHTML, like Gecko; compatible; GPTBot/1.3; +https://openai.com/gptbot)"
74.7.227.152 - - [15/Apr/2026:18:00:03 +0000] "GET /items/D032071442/ HTTP/2" 200 0 "https://jj-77game.com.pk/sitemap-1.xml" "Mozilla/5.0 AppleWebKit/537.36 (KHTML, like Gecko; compatible; GPTBot/1.3; +https://openai.com/gptbot)"
74.7.227.152 - - [15/Apr/2026:18:00:06 +0000] "GET /items/D033534507/ HTTP/2" 200 0 "https://jj-77game.com.pk/sitemap-1.xml" "Mozilla/5.0 AppleWebKit/537.36 (KHTML, like Gecko; compatible; GPTBot/1.3; +https://openai.com/gptbot)"
74.7.227.152 - - [15/Apr/2026:18:00:08 +0000] "GET /items/D033816223/ HTTP/2" 200 0 "https://jj-77game.com.pk/sitemap-15.xml" "Mozilla/5.0 AppleWebKit/537.36 (KHTML, like Gecko; compatible; GPTBot/1.3; +https://openai.com/gptbot)"
74.7.227.152 - - [15/Apr/2026:18:00:11 +0000] "GET /items/D033183979/ HTTP/2" 200 0 "https://jj-77game.com.pk/sitemap-1.xml" "Mozilla/5.0 AppleWebKit/537.36 (KHTML, like Gecko; compatible; GPTBot/1.3; +https://openai.com/gptbot)"
74.7.227.152 - - [15/Apr/2026:18:00:14 +0000] "GET /items/D033797334/ HTTP/2" 200 0 "https://jj-77game.com.pk/sitemap-13.xml" "Mozilla/5.0 AppleWebKit/537.36 (KHTML, like Gecko; compatible; GPTBot/1.3; +https://openai.com/gptbot)"
74.7.227.152 - - [15/Apr/2026:18:00:17 +0000] "GET /items/D033417438/ HTTP/2" 200 0 "https://jj-77game.com.pk/sitemap-15.xml" "Mozilla/5.0 AppleWebKit/537.36 (KHTML, like Gecko; compatible; GPTBot/1.3; +https://openai.com/gptbot)"
74.7.227.152 - - [15/Apr/2026:18:00:19 +0000] "GET /items/D034601380/ HTTP/2" 200 0 "https://jj-77game.com.pk/sitemap-1.xml" "Mozilla/5.0 AppleWebKit/537.36 (KHTML, like Gecko; compatible; GPTBot/1.3; +https://openai.com/gptbot)"
85.208.96.203 - - [15/Apr/2026:18:00:19 +0000] "GET /items/D031306482/ HTTP/1.1" 200 0 "-" "Mozilla/5.0 (compatible; SemrushBot/7~bl; +http://www.semrush.com/bot.html)"
74.7.227.152 - - [15/Apr/2026:18:00:21 +0000] "GET /items/D032664500/ HTTP/2" 200 0 "https://jj-77game.com.pk/sitemap-12.xml" "Mozilla/5.0 AppleWebKit/537.36 (KHTML, like Gecko; compatible; GPTBot/1.3; +https://openai.com/gptbot)"
74.7.227.152 - - [15/Apr/2026:18:00:24 +0000] "GET /items/D031191936/ HTTP/2" 200 0 "https://jj-77game.com.pk/sitemap-15.xml" "Mozilla/5.0 AppleWebKit/537.36 (KHTML, like Gecko; compatible; GPTBot/1.3; +https://openai.com/gptbot)"
74.7.227.152 - - [15/Apr/2026:18:00:26 +0000] "GET /items/D032132090/ HTTP/2" 200 0 "https://jj-77game.com.pk/sitemap-11.xml" "Mozilla/5.0 AppleWebKit/537.36 (KHTML, like Gecko; compatible; GPTBot/1.3; +https://openai.com/gptbot)"
74.7.227.152 - - [15/Apr/2026:18:00:28 +0000] "GET /items/D033242053/ HTTP/2" 200 0 "https://jj-77game.com.pk/sitemap-16.xml" "Mozilla/5.0 AppleWebKit/537.36 (KHTML, like Gecko; compatible; GPTBot/1.3; +https://openai.com/gptbot)"
74.7.227.152 - - [15/Apr/2026:18:00:31 +0000] "GET /items/D034144153/ HTTP/2" 200 0 "https://jj-77game.com.pk/sitemap-14.xml" "Mozilla/5.0 AppleWebKit/537.36 (KHTML, like Gecko; compatible; GPTBot/1.3; +https://openai.com/gptbot)"
74.7.227.152 - - [15/Apr/2026:18:00:35 +0000] "GET /items/D031244514/ HTTP/2" 200 0 "https://jj-77game.com.pk/sitemap-15.xml" "Mozilla/5.0 AppleWebKit/537.36 (KHTML, like Gecko; compatible; GPTBot/1.3; +https://openai.com/gptbot)"
74.7.227.152 - - [15/Apr/2026:18:00:38 +0000] "GET /items/D031878530/ HTTP/2" 200 0 "https://jj-77game.com.pk/sitemap-13.xml" "Mozilla/5.0 AppleWebKit/537.36 (KHTML, like Gecko; compatible; GPTBot/1.3; +https://openai.com/gptbot)"
74.7.227.152 - - [15/Apr/2026:18:00:42 +0000] "GET /items/D031209236/ HTTP/2" 200 0 "https://jj-77game.com.pk/sitemap-13.xml" "Mozilla/5.0 AppleWebKit/537.36 (KHTML, like Gecko; compatible; GPTBot/1.3; +https://openai.com/gptbot)"
74.7.227.152 - - [15/Apr/2026:18:00:45 +0000] "GET /items/D034013774/ HTTP/2" 200 0 "https://jj-77game.com.pk/sitemap-12.xml" "Mozilla/5.0 AppleWebKit/537.36 (KHTML, like Gecko; compatible; GPTBot/1.3; +https://openai.com/gptbot)"
74.7.227.152 - - [15/Apr/2026:18:00:48 +0000] "GET /items/D033273162/ HTTP/2" 200 0 "https://jj-77game.com.pk/sitemap-16.xml" "Mozilla/5.0 AppleWebKit/537.36 (KHTML, like Gecko; compatible; GPTBot/1.3; +https://openai.com/gptbot)"
85.208.96.206 - - [15/Apr/2026:18:00:49 +0000] "GET /items/D034220017/ HTTP/1.1" 200 0 "-" "Mozilla/5.0 (compatible; SemrushBot/7~bl; +http://www.semrush.com/bot.html)"
74.7.227.152 - - [15/Apr/2026:18:00:52 +0000] "GET /items/D034340149/ HTTP/2" 200 0 "https://jj-77game.com.pk/sitemap-1.xml" "Mozilla/5.0 AppleWebKit/537.36 (KHTML, like Gecko; compatible; GPTBot/1.3; +https://openai.com/gptbot)"
74.7.227.152 - - [15/Apr/2026:18:00:55 +0000] "GET /items/D032950292/ HTTP/2" 200 0 "https://jj-77game.com.pk/sitemap-15.xml" "Mozilla/5.0 AppleWebKit/537.36 (KHTML, like Gecko; compatible; GPTBot/1.3; +https://openai.com/gptbot)"
74.7.227.152 - - [15/Apr/2026:18:00:59 +0000] "GET /items/D031240443/ HTTP/2" 200 0 "https://jj-77game.com.pk/sitemap-12.xml" "Mozilla/5.0 AppleWebKit/537.36 (KHTML, like Gecko; compatible; GPTBot/1.3; +https://openai.com/gptbot)"
74.7.227.152 - - [15/Apr/2026:18:01:01 +0000] "GET /items/D031035537/ HTTP/2" 200 0 "https://jj-77game.com.pk/sitemap-15.xml" "Mozilla/5.0 AppleWebKit/537.36 (KHTML, like Gecko; compatible; GPTBot/1.3; +https://openai.com/gptbot)"
74.7.227.152 - - [15/Apr/2026:18:01:04 +0000] "GET /items/D032006632/ HTTP/2" 200 0 "https://jj-77game.com.pk/sitemap-13.xml" "Mozilla/5.0 AppleWebKit/537.36 (KHTML, like Gecko; compatible; GPTBot/1.3; +https://openai.com/gptbot)"
74.7.227.152 - - [15/Apr/2026:18:01:07 +0000] "GET /items/D034667760/ HTTP/2" 200 0 "https://jj-77game.com.pk/sitemap-16.xml" "Mozilla/5.0 AppleWebKit/537.36 (KHTML, like Gecko; compatible; GPTBot/1.3; +https://openai.com/gptbot)"
185.191.171.3 - - [15/Apr/2026:18:01:09 +0000] "GET /items/D033948198/ HTTP/1.1" 200 0 "-" "Mozilla/5.0 (compatible; SemrushBot/7~bl; +http://www.semrush.com/bot.html)"
74.7.227.152 - - [15/Apr/2026:18:01:10 +0000] "GET /items/D031101309/ HTTP/2" 200 0 "https://jj-77game.com.pk/sitemap-14.xml" "Mozilla/5.0 AppleWebKit/537.36 (KHTML, like Gecko; compatible; GPTBot/1.3; +https://openai.com/gptbot)"
74.7.227.152 - - [15/Apr/2026:18:01:13 +0000] "GET /items/D033551845/ HTTP/2" 200 0 "https://jj-77game.com.pk/sitemap-1.xml" "Mozilla/5.0 AppleWebKit/537.36 (KHTML, like Gecko; compatible; GPTBot/1.3; +https://openai.com/gptbot)"
74.7.227.152 - - [15/Apr/2026:18:01:18 +0000] "GET /items/D033947454/ HTTP/2" 200 0 "https://jj-77game.com.pk/sitemap-1.xml" "Mozilla/5.0 AppleWebKit/537.36 (KHTML, like Gecko; compatible; GPTBot/1.3; +https://openai.com/gptbot)"
85.208.96.203 - - [15/Apr/2026:18:01:20 +0000] "GET /items/D034686142/ HTTP/1.1" 200 0 "-" "Mozilla/5.0 (compatible; SemrushBot/7~bl; +http://www.semrush.com/bot.html)"
74.7.227.152 - - [15/Apr/2026:18:01:23 +0000] "GET /items/D032580359/ HTTP/2" 200 0 "https://jj-77game.com.pk/sitemap-1.xml" "Mozilla/5.0 AppleWebKit/537.36 (KHTML, like Gecko; compatible; GPTBot/1.3; +https://openai.com/gptbot)"
74.7.227.152 - - [15/Apr/2026:18:01:29 +0000] "GET /items/D032242863/ HTTP/2" 200 0 "https://jj-77game.com.pk/sitemap-13.xml" "Mozilla/5.0 AppleWebKit/537.36 (KHTML, like Gecko; compatible; GPTBot/1.3; +https://openai.com/gptbot)"
74.7.227.152 - - [15/Apr/2026:18:01:33 +0000] "GET /items/D032883243/ HTTP/2" 200 0 "https://jj-77game.com.pk/sitemap-15.xml" "Mozilla/5.0 AppleWebKit/537.36 (KHTML, like Gecko; compatible; GPTBot/1.3; +https://openai.com/gptbot)"
74.7.227.152 - - [15/Apr/2026:18:01:36 +0000] "GET /items/D033079920/ HTTP/2" 200 0 "https://jj-77game.com.pk/sitemap-16.xml" "Mozilla/5.0 AppleWebKit/537.36 (KHTML, like Gecko; compatible; GPTBot/1.3; +https://openai.com/gptbot)"
185.191.171.2 - - [15/Apr/2026:18:01:37 +0000] "GET /items/D033652900/ HTTP/1.1" 200 0 "-" "Mozilla/5.0 (compatible; SemrushBot/7~bl; +http://www.semrush.com/bot.html)"
74.7.227.152 - - [15/Apr/2026:18:01:39 +0000] "GET /items/D033985696/ HTTP/2" 200 0 "https://jj-77game.com.pk/sitemap-15.xml" "Mozilla/5.0 AppleWebKit/537.36 (KHTML, like Gecko; compatible; GPTBot/1.3; +https://openai.com/gptbot)"
74.7.227.152 - - [15/Apr/2026:18:01:42 +0000] "GET /items/D031392391/ HTTP/2" 200 0 "https://jj-77game.com.pk/sitemap-11.xml" "Mozilla/5.0 AppleWebKit/537.36 (KHTML, like Gecko; compatible; GPTBot/1.3; +https://openai.com/gptbot)"
74.7.227.152 - - [15/Apr/2026:18:01:46 +0000] "GET /items/D031184423/ HTTP/2" 200 0 "https://jj-77game.com.pk/sitemap-1.xml" "Mozilla/5.0 AppleWebKit/537.36 (KHTML, like Gecko; compatible; GPTBot/1.3; +https://openai.com/gptbot)"
74.7.227.152 - - [15/Apr/2026:18:01:49 +0000] "GET /items/D033289890/ HTTP/2" 200 0 "https://jj-77game.com.pk/sitemap-1.xml" "Mozilla/5.0 AppleWebKit/537.36 (KHTML, like Gecko; compatible; GPTBot/1.3; +https://openai.com/gptbot)"
74.7.227.152 - - [15/Apr/2026:18:01:51 +0000] "GET /items/D034669368/ HTTP/2" 200 0 "https://jj-77game.com.pk/sitemap-16.xml" "Mozilla/5.0 AppleWebKit/537.36 (KHTML, like Gecko; compatible; GPTBot/1.3; +https://openai.com/gptbot)"
74.7.227.152 - - [15/Apr/2026:18:01:54 +0000] "GET /items/D032299780/ HTTP/2" 200 0 "https://jj-77game.com.pk/sitemap-13.xml" "Mozilla/5.0 AppleWebKit/537.36 (KHTML, like Gecko; compatible; GPTBot/1.3; +https://openai.com/gptbot)"
74.7.227.152 - - [15/Apr/2026:18:01:57 +0000] "GET /items/D032512631/ HTTP/2" 200 0 "https://jj-77game.com.pk/sitemap-13.xml" "Mozilla/5.0 AppleWebKit/537.36 (KHTML, like Gecko; compatible; GPTBot/1.3; +https://openai.com/gptbot)"
74.7.227.152 - - [15/Apr/2026:18:02:00 +0000] "GET /items/D031447877/ HTTP/2" 200 0 "https://jj-77game.com.pk/sitemap-12.xml" "Mozilla/5.0 AppleWebKit/537.36 (KHTML, like Gecko; compatible; GPTBot/1.3; +https://openai.com/gptbot)"
74.7.227.152 - - [15/Apr/2026:18:02:04 +0000] "GET /items/D033460696/ HTTP/2" 200 0 "https://jj-77game.com.pk/sitemap-11.xml" "Mozilla/5.0 AppleWebKit/537.36 (KHTML, like Gecko; compatible; GPTBot/1.3; +https://openai.com/gptbot)"
74.7.227.152 - - [15/Apr/2026:18:02:08 +0000] "GET /items/D033149343/ HTTP/2" 200 0 "https://jj-77game.com.pk/sitemap-15.xml" "Mozilla/5.0 AppleWebKit/537.36 (KHTML, like Gecko; compatible; GPTBot/1.3; +https://openai.com/gptbot)"
74.7.227.152 - - [15/Apr/2026:18:02:10 +0000] "GET /items/D033819961/ HTTP/2" 200 0 "https://jj-77game.com.pk/sitemap-15.xml" "Mozilla/5.0 AppleWebKit/537.36 (KHTML, like Gecko; compatible; GPTBot/1.3; +https://openai.com/gptbot)"
74.7.227.152 - - [15/Apr/2026:18:02:13 +0000] "GET /items/D031553598/ HTTP/2" 200 0 "https://jj-77game.com.pk/sitemap-14.xml" "Mozilla/5.0 AppleWebKit/537.36 (KHTML, like Gecko; compatible; GPTBot/1.3; +https://openai.com/gptbot)"
74.7.227.152 - - [15/Apr/2026:18:02:16 +0000] "GET /items/D033976436/ HTTP/2" 200 0 "https://jj-77game.com.pk/sitemap-13.xml" "Mozilla/5.0 AppleWebKit/537.36 (KHTML, like Gecko; compatible; GPTBot/1.3; +https://openai.com/gptbot)"
74.7.227.152 - - [15/Apr/2026:18:02:19 +0000] "GET /items/D033887601/ HTTP/2" 200 0 "https://jj-77game.com.pk/sitemap-12.xml" "Mozilla/5.0 AppleWebKit/537.36 (KHTML, like Gecko; compatible; GPTBot/1.3; +https://openai.com/gptbot)"
74.7.227.152 - - [15/Apr/2026:18:02:21 +0000] "GET /items/D031308250/ HTTP/2" 200 0 "https://jj-77game.com.pk/sitemap-13.xml" "Mozilla/5.0 AppleWebKit/537.36 (KHTML, like Gecko; compatible; GPTBot/1.3; +https://openai.com/gptbot)"
74.7.227.152 - - [15/Apr/2026:18:02:23 +0000] "GET /items/D034560806/ HTTP/2" 200 0 "https://jj-77game.com.pk/sitemap-11.xml" "Mozilla/5.0 AppleWebKit/537.36 (KHTML, like Gecko; compatible; GPTBot/1.3; +https://openai.com/gptbot)"
185.191.171.10 - - [15/Apr/2026:18:02:24 +0000] "GET /items/D031977512/ HTTP/1.1" 200 0 "-" "Mozilla/5.0 (compatible; SemrushBot/7~bl; +http://www.semrush.com/bot.html)"
74.7.227.152 - - [15/Apr/2026:18:02:27 +0000] "GET /items/D032304027/ HTTP/2" 200 0 "https://jj-77game.com.pk/sitemap-16.xml" "Mozilla/5.0 AppleWebKit/537.36 (KHTML, like Gecko; compatible; GPTBot/1.3; +https://openai.com/gptbot)"
74.7.227.152 - - [15/Apr/2026:18:02:29 +0000] "GET /items/D031413032/ HTTP/2" 200 0 "https://jj-77game.com.pk/sitemap-16.xml" "Mozilla/5.0 AppleWebKit/537.36 (KHTML, like Gecko; compatible; GPTBot/1.3; +https://openai.com/gptbot)"
74.7.227.152 - - [15/Apr/2026:18:02:32 +0000] "GET /items/D034280788/ HTTP/2" 200 0 "https://jj-77game.com.pk/sitemap-13.xml" "Mozilla/5.0 AppleWebKit/537.36 (KHTML, like Gecko; compatible; GPTBot/1.3; +https://openai.com/gptbot)"
74.7.227.152 - - [15/Apr/2026:18:02:35 +0000] "GET /items/D032907306/ HTTP/2" 200 0 "https://jj-77game.com.pk/sitemap-13.xml" "Mozilla/5.0 AppleWebKit/537.36 (KHTML, like Gecko; compatible; GPTBot/1.3; +https://openai.com/gptbot)"
74.7.227.152 - - [15/Apr/2026:18:02:38 +0000] "GET /items/D032003948/ HTTP/2" 200 0 "https://jj-77game.com.pk/sitemap-12.xml" "Mozilla/5.0 AppleWebKit/537.36 (KHTML, like Gecko; compatible; GPTBot/1.3; +https://openai.com/gptbot)"
185.191.171.7 - - [15/Apr/2026:18:02:39 +0000] "GET /items/D031625096/ HTTP/1.1" 200 0 "-" "Mozilla/5.0 (compatible; SemrushBot/7~bl; +http://www.semrush.com/bot.html)"
74.7.227.152 - - [15/Apr/2026:18:02:40 +0000] "GET /items/D031037033/ HTTP/2" 200 0 "https://jj-77game.com.pk/sitemap-13.xml" "Mozilla/5.0 AppleWebKit/537.36 (KHTML, like Gecko; compatible; GPTBot/1.3; +https://openai.com/gptbot)"
74.7.227.152 - - [15/Apr/2026:18:02:44 +0000] "GET /items/D032047363/ HTTP/2" 200 0 "https://jj-77game.com.pk/sitemap-15.xml" "Mozilla/5.0 AppleWebKit/537.36 (KHTML, like Gecko; compatible; GPTBot/1.3; +https://openai.com/gptbot)"
74.7.227.152 - - [15/Apr/2026:18:02:49 +0000] "GET /items/D033775931/ HTTP/2" 200 0 "https://jj-77game.com.pk/sitemap-13.xml" "Mozilla/5.0 AppleWebKit/537.36 (KHTML, like Gecko; compatible; GPTBot/1.3; +https://openai.com/gptbot)"
74.7.227.152 - - [15/Apr/2026:18:02:53 +0000] "GET /items/D033012348/ HTTP/2" 200 0 "https://jj-77game.com.pk/sitemap-15.xml" "Mozilla/5.0 AppleWebKit/537.36 (KHTML, like Gecko; compatible; GPTBot/1.3; +https://openai.com/gptbot)"
185.191.171.12 - - [15/Apr/2026:18:02:55 +0000] "GET /items/D032691795/ HTTP/1.1" 200 0 "-" "Mozilla/5.0 (compatible; SemrushBot/7~bl; +http://www.semrush.com/bot.html)"
74.7.227.152 - - [15/Apr/2026:18:02:57 +0000] "GET /items/D032994325/ HTTP/2" 200 0 "https://jj-77game.com.pk/sitemap-14.xml" "Mozilla/5.0 AppleWebKit/537.36 (KHTML, like Gecko; compatible; GPTBot/1.3; +https://openai.com/gptbot)"
185.191.171.2 - - [15/Apr/2026:18:03:00 +0000] "GET /items/D032239351/ HTTP/1.1" 200 0 "-" "Mozilla/5.0 (compatible; SemrushBot/7~bl; +http://www.semrush.com/bot.html)"
74.7.227.152 - - [15/Apr/2026:18:03:01 +0000] "GET /items/D033231872/ HTTP/2" 200 0 "https://jj-77game.com.pk/sitemap-15.xml" "Mozilla/5.0 AppleWebKit/537.36 (KHTML, like Gecko; compatible; GPTBot/1.3; +https://openai.com/gptbot)"
74.7.227.152 - - [15/Apr/2026:18:03:04 +0000] "GET /items/D034740248/ HTTP/2" 200 0 "https://jj-77game.com.pk/sitemap-13.xml" "Mozilla/5.0 AppleWebKit/537.36 (KHTML, like Gecko; compatible; GPTBot/1.3; +https://openai.com/gptbot)"
74.7.227.152 - - [15/Apr/2026:18:03:07 +0000] "GET /items/D031978900/ HTTP/2" 200 0 "https://jj-77game.com.pk/sitemap-1.xml" "Mozilla/5.0 AppleWebKit/537.36 (KHTML, like Gecko; compatible; GPTBot/1.3; +https://openai.com/gptbot)"
74.7.227.152 - - [15/Apr/2026:18:03:11 +0000] "GET /items/D033852001/ HTTP/2" 200 0 "https://jj-77game.com.pk/sitemap-16.xml" "Mozilla/5.0 AppleWebKit/537.36 (KHTML, like Gecko; compatible; GPTBot/1.3; +https://openai.com/gptbot)"
74.7.227.152 - - [15/Apr/2026:18:03:14 +0000] "GET /items/D033031861/ HTTP/2" 200 0 "https://jj-77game.com.pk/sitemap-16.xml" "Mozilla/5.0 AppleWebKit/537.36 (KHTML, like Gecko; compatible; GPTBot/1.3; +https://openai.com/gptbot)"
74.7.227.152 - - [15/Apr/2026:18:03:18 +0000] "GET /items/D031980335/ HTTP/2" 200 0 "https://jj-77game.com.pk/sitemap-11.xml" "Mozilla/5.0 AppleWebKit/537.36 (KHTML, like Gecko; compatible; GPTBot/1.3; +https://openai.com/gptbot)"
74.7.227.152 - - [15/Apr/2026:18:03:21 +0000] "GET /items/D031046145/ HTTP/2" 200 0 "https://jj-77game.com.pk/sitemap-1.xml" "Mozilla/5.0 AppleWebKit/537.36 (KHTML, like Gecko; compatible; GPTBot/1.3; +https://openai.com/gptbot)"
74.7.227.152 - - [15/Apr/2026:18:03:24 +0000] "GET /items/D034534232/ HTTP/2" 200 0 "https://jj-77game.com.pk/sitemap-15.xml" "Mozilla/5.0 AppleWebKit/537.36 (KHTML, like Gecko; compatible; GPTBot/1.3; +https://openai.com/gptbot)"
74.7.227.152 - - [15/Apr/2026:18:03:28 +0000] "GET /items/D033747818/ HTTP/2" 200 0 "https://jj-77game.com.pk/sitemap-1.xml" "Mozilla/5.0 AppleWebKit/537.36 (KHTML, like Gecko; compatible; GPTBot/1.3; +https://openai.com/gptbot)"
74.7.227.152 - - [15/Apr/2026:18:03:31 +0000] "GET /items/D033682864/ HTTP/2" 200 0 "https://jj-77game.com.pk/sitemap-15.xml" "Mozilla/5.0 AppleWebKit/537.36 (KHTML, like Gecko; compatible; GPTBot/1.3; +https://openai.com/gptbot)"
74.7.227.152 - - [15/Apr/2026:18:03:36 +0000] "GET /items/D032642414/ HTTP/2" 200 0 "https://jj-77game.com.pk/sitemap-16.xml" "Mozilla/5.0 AppleWebKit/537.36 (KHTML, like Gecko; compatible; GPTBot/1.3; +https://openai.com/gptbot)"
74.7.227.152 - - [15/Apr/2026:18:03:39 +0000] "GET /items/D033094800/ HTTP/2" 200 0 "https://jj-77game.com.pk/sitemap-13.xml" "Mozilla/5.0 AppleWebKit/537.36 (KHTML, like Gecko; compatible; GPTBot/1.3; +https://openai.com/gptbot)"
85.208.96.194 - - [15/Apr/2026:17:57:23 +0000] "GET /items/D031121434/ HTTP/1.1" 200 0 "-" "Mozilla/5.0 (compatible; SemrushBot/7~bl; +http://www.semrush.com/bot.html)"
85.208.96.212 - - [15/Apr/2026:17:58:05 +0000] "GET /items/D031416160/ HTTP/1.1" 200 0 "-" "Mozilla/5.0 (compatible; SemrushBot/7~bl; +http://www.semrush.com/bot.html)"
85.208.96.212 - - [15/Apr/2026:17:58:39 +0000] "GET /items/D034370729/ HTTP/1.1" 200 0 "-" "Mozilla/5.0 (compatible; SemrushBot/7~bl; +http://www.semrush.com/bot.html)"
85.208.96.196 - - [15/Apr/2026:17:59:14 +0000] "GET /items/D031740239/ HTTP/1.1" 200 0 "-" "Mozilla/5.0 (compatible; SemrushBot/7~bl; +http://www.semrush.com/bot.html)"
185.191.171.12 - - [15/Apr/2026:18:00:07 +0000] "GET /items/D033900615/ HTTP/1.1" 200 0 "-" "Mozilla/5.0 (compatible; SemrushBot/7~bl; +http://www.semrush.com/bot.html)"
185.191.171.3 - - [15/Apr/2026:18:00:12 +0000] "GET /items/D033654613/ HTTP/1.1" 200 0 "-" "Mozilla/5.0 (compatible; SemrushBot/7~bl; +http://www.semrush.com/bot.html)"
85.208.96.207 - - [15/Apr/2026:18:00:21 +0000] "GET /items/D032533066/ HTTP/1.1" 200 0 "-" "Mozilla/5.0 (compatible; SemrushBot/7~bl; +http://www.semrush.com/bot.html)"
85.208.96.203 - - [15/Apr/2026:18:00:46 +0000] "GET /items/D034710970/ HTTP/1.1" 200 0 "-" "Mozilla/5.0 (compatible; SemrushBot/7~bl; +http://www.semrush.com/bot.html)"
213.180.203.36 - - [15/Apr/2026:18:00:57 +0000] "GET /items/D034446321/ HTTP/1.1" 200 0 "-" "Mozilla/5.0 (compatible; YandexBot/3.0; +http://yandex.com/bots)"
85.208.96.206 - - [15/Apr/2026:18:01:18 +0000] "GET /items/D032321692/ HTTP/1.1" 200 0 "-" "Mozilla/5.0 (compatible; SemrushBot/7~bl; +http://www.semrush.com/bot.html)"
185.191.171.12 - - [15/Apr/2026:18:01:23 +0000] "GET /items/D031874255/ HTTP/1.1" 200 0 "-" "Mozilla/5.0 (compatible; SemrushBot/7~bl; +http://www.semrush.com/bot.html)"
185.191.171.5 - - [15/Apr/2026:18:01:25 +0000] "GET /items/D033340081/ HTTP/1.1" 200 0 "-" "Mozilla/5.0 (compatible; SemrushBot/7~bl; +http://www.semrush.com/bot.html)"
85.208.96.206 - - [15/Apr/2026:18:01:28 +0000] "GET /items/D033335787/ HTTP/1.1" 200 0 "-" "Mozilla/5.0 (compatible; SemrushBot/7~bl; +http://www.semrush.com/bot.html)"
85.208.96.198 - - [15/Apr/2026:18:01:39 +0000] "GET /items/D034130103/ HTTP/1.1" 200 0 "-" "Mozilla/5.0 (compatible; SemrushBot/7~bl; +http://www.semrush.com/bot.html)"
185.191.171.12 - - [15/Apr/2026:18:02:07 +0000] "GET /items/D034349907/ HTTP/1.1" 200 0 "-" "Mozilla/5.0 (compatible; SemrushBot/7~bl; +http://www.semrush.com/bot.html)"
94.23.188.216 - - [15/Apr/2026:18:03:01 +0000] "GET /item/4396913 HTTP/2" 200 0 "-" "Mozilla/5.0 (compatible; AhrefsBot/7.0; +http://ahrefs.com/robot/)"
185.191.171.19 - - [15/Apr/2026:18:03:15 +0000] "GET /items/D033897035/ HTTP/1.1" 200 0 "-" "Mozilla/5.0 (compatible; SemrushBot/7~bl; +http://www.semrush.com/bot.html)"
185.244.36.210 - - [15/Apr/2026:18:03:56 +0000] "POST /wp-cron.php?doing_wp_cron=1776276236.3761529922485351562500 HTTP/1.1" 200 0 "-" "WordPress/6.9.4; https://jj-77game.com.pk"
193.24.211.83 - - [15/Apr/2026:18:03:54 +0000] "GET /wp-login.php HTTP/2" 200 1884 "-" "Mozilla/5.0 (Macintosh; Intel Mac OS X 13_5) AppleWebKit/605.1.15 (KHTML, like Gecko) Version/17.5 Safari/605.1.15"
193.24.211.83 - - [15/Apr/2026:18:03:57 +0000] "POST /xmlrpc.php HTTP/2" 200 330 "-" "Mozilla/5.0 (Windows NT 10.0; Win64; x64; rv:127.0) Gecko/20100101 Firefox/127.0"
185.191.171.19 - - [15/Apr/2026:18:04:13 +0000] "GET /items/D031952855/ HTTP/1.1" 200 0 "-" "Mozilla/5.0 (compatible; SemrushBot/7~bl; +http://www.semrush.com/bot.html)"
176.41.35.99 - - [15/Apr/2026:18:04:11 +0000] "GET /wp-login.php?wp_lang=en_US HTTP/2" 200 1884 "-" "Mozilla/5.0 (Windows NT 10.0; Win64; x64) AppleWebKit/537.36 (KHTML, like Gecko) Chrome/124.0.6367.207 Safari/537.36"
176.41.35.99 - - [15/Apr/2026:18:04:15 +0000] "POST /wp-login.php?wp_lang=en_US HTTP/2" 302 0 "https://jj-77game.com.pk/wp-login.php?wp_lang=en_US" "Mozilla/5.0 (Windows NT 10.0; Win64; x64) AppleWebKit/537.36 (KHTML, like Gecko) Chrome/124.0.6367.207 Safari/537.36"
74.7.227.152 - - [15/Apr/2026:18:03:42 +0000] "GET /items/D032030339/ HTTP/2" 200 0 "https://jj-77game.com.pk/sitemap-1.xml" "Mozilla/5.0 AppleWebKit/537.36 (KHTML, like Gecko; compatible; GPTBot/1.3; +https://openai.com/gptbot)"
74.7.227.152 - - [15/Apr/2026:18:03:46 +0000] "GET /items/D033779177/ HTTP/2" 200 0 "https://jj-77game.com.pk/sitemap-1.xml" "Mozilla/5.0 AppleWebKit/537.36 (KHTML, like Gecko; compatible; GPTBot/1.3; +https://openai.com/gptbot)"
74.7.227.152 - - [15/Apr/2026:18:03:49 +0000] "GET /items/D032177352/ HTTP/2" 200 0 "https://jj-77game.com.pk/sitemap-13.xml" "Mozilla/5.0 AppleWebKit/537.36 (KHTML, like Gecko; compatible; GPTBot/1.3; +https://openai.com/gptbot)"
74.7.227.152 - - [15/Apr/2026:18:03:52 +0000] "GET /items/D034710661/ HTTP/2" 200 0 "https://jj-77game.com.pk/sitemap-13.xml" "Mozilla/5.0 AppleWebKit/537.36 (KHTML, like Gecko; compatible; GPTBot/1.3; +https://openai.com/gptbot)"
74.7.227.152 - - [15/Apr/2026:18:03:58 +0000] "GET /items/D032566301/ HTTP/2" 200 0 "https://jj-77game.com.pk/sitemap-13.xml" "Mozilla/5.0 AppleWebKit/537.36 (KHTML, like Gecko; compatible; GPTBot/1.3; +https://openai.com/gptbot)"
74.7.227.152 - - [15/Apr/2026:18:04:01 +0000] "GET /items/D033183291/ HTTP/2" 200 0 "https://jj-77game.com.pk/sitemap-15.xml" "Mozilla/5.0 AppleWebKit/537.36 (KHTML, like Gecko; compatible; GPTBot/1.3; +https://openai.com/gptbot)"
193.24.211.83 - - [15/Apr/2026:18:04:00 +0000] "GET /wp-login.php HTTP/2" 200 1884 "-" "Mozilla/5.0 (Windows NT 10.0; Win64; x64) AppleWebKit/537.36 (KHTML, like Gecko) Chrome/124.0.6367.207 Safari/537.36"
74.7.227.152 - - [15/Apr/2026:18:04:04 +0000] "GET /items/D032632953/ HTTP/2" 200 0 "https://jj-77game.com.pk/sitemap-11.xml" "Mozilla/5.0 AppleWebKit/537.36 (KHTML, like Gecko; compatible; GPTBot/1.3; +https://openai.com/gptbot)"
74.7.227.152 - - [15/Apr/2026:18:04:08 +0000] "GET /items/D033062844/ HTTP/2" 200 0 "https://jj-77game.com.pk/sitemap-12.xml" "Mozilla/5.0 AppleWebKit/537.36 (KHTML, like Gecko; compatible; GPTBot/1.3; +https://openai.com/gptbot)"
193.24.211.83 - - [15/Apr/2026:18:04:05 +0000] "POST /wp-login.php?wp_lang=en_US HTTP/2" 200 2029 "https://jj-77game.com.pk/wp-login.php?wp_lang=en_US" "Mozilla/5.0 (Windows NT 10.0; Win64; x64) AppleWebKit/537.36 (KHTML, like Gecko) Chrome/124.0.6367.207 Safari/537.36"
185.191.171.12 - - [15/Apr/2026:18:04:10 +0000] "GET /items/D031781463/ HTTP/1.1" 200 0 "-" "Mozilla/5.0 (compatible; SemrushBot/7~bl; +http://www.semrush.com/bot.html)"
74.7.227.152 - - [15/Apr/2026:18:04:11 +0000] "GET /items/D034116221/ HTTP/2" 200 0 "https://jj-77game.com.pk/sitemap-16.xml" "Mozilla/5.0 AppleWebKit/537.36 (KHTML, like Gecko; compatible; GPTBot/1.3; +https://openai.com/gptbot)"
74.7.227.152 - - [15/Apr/2026:18:04:14 +0000] "GET /items/D033539518/ HTTP/2" 200 0 "https://jj-77game.com.pk/sitemap-1.xml" "Mozilla/5.0 AppleWebKit/537.36 (KHTML, like Gecko; compatible; GPTBot/1.3; +https://openai.com/gptbot)"
85.208.96.194 - - [15/Apr/2026:18:04:16 +0000] "GET /items/D032567101/ HTTP/1.1" 200 0 "-" "Mozilla/5.0 (compatible; SemrushBot/7~bl; +http://www.semrush.com/bot.html)"
74.7.227.152 - - [15/Apr/2026:18:04:18 +0000] "GET /items/D034106901/ HTTP/2" 200 0 "https://jj-77game.com.pk/sitemap-1.xml" "Mozilla/5.0 AppleWebKit/537.36 (KHTML, like Gecko; compatible; GPTBot/1.3; +https://openai.com/gptbot)"
74.7.227.152 - - [15/Apr/2026:18:04:22 +0000] "GET /items/D031713038/ HTTP/2" 200 0 "https://jj-77game.com.pk/sitemap-14.xml" "Mozilla/5.0 AppleWebKit/537.36 (KHTML, like Gecko; compatible; GPTBot/1.3; +https://openai.com/gptbot)"
74.7.227.152 - - [15/Apr/2026:18:04:25 +0000] "GET /items/D031541313/ HTTP/2" 200 0 "https://jj-77game.com.pk/sitemap-1.xml" "Mozilla/5.0 AppleWebKit/537.36 (KHTML, like Gecko; compatible; GPTBot/1.3; +https://openai.com/gptbot)"
74.7.227.152 - - [15/Apr/2026:18:04:28 +0000] "GET /items/D031488054/ HTTP/2" 200 0 "https://jj-77game.com.pk/sitemap-11.xml" "Mozilla/5.0 AppleWebKit/537.36 (KHTML, like Gecko; compatible; GPTBot/1.3; +https://openai.com/gptbot)"
74.7.227.152 - - [15/Apr/2026:18:04:31 +0000] "GET /items/D031335012/ HTTP/2" 200 0 "https://jj-77game.com.pk/sitemap-13.xml" "Mozilla/5.0 AppleWebKit/537.36 (KHTML, like Gecko; compatible; GPTBot/1.3; +https://openai.com/gptbot)"
74.7.227.152 - - [15/Apr/2026:18:04:34 +0000] "GET /items/D034705794/ HTTP/2" 200 0 "https://jj-77game.com.pk/sitemap-15.xml" "Mozilla/5.0 AppleWebKit/537.36 (KHTML, like Gecko; compatible; GPTBot/1.3; +https://openai.com/gptbot)"
5.255.231.121 - - [15/Apr/2026:18:04:38 +0000] "GET /items/D031841632/ HTTP/1.1" 200 0 "-" "Mozilla/5.0 (compatible; YandexBot/3.0; +http://yandex.com/bots)"
74.7.227.152 - - [15/Apr/2026:18:04:38 +0000] "GET /items/D032367335/ HTTP/2" 200 0 "https://jj-77game.com.pk/sitemap-15.xml" "Mozilla/5.0 AppleWebKit/537.36 (KHTML, like Gecko; compatible; GPTBot/1.3; +https://openai.com/gptbot)"
74.7.227.152 - - [15/Apr/2026:18:04:42 +0000] "GET /items/D033782070/ HTTP/2" 200 0 "https://jj-77game.com.pk/sitemap-1.xml" "Mozilla/5.0 AppleWebKit/537.36 (KHTML, like Gecko; compatible; GPTBot/1.3; +https://openai.com/gptbot)"
74.7.227.152 - - [15/Apr/2026:18:04:44 +0000] "GET /items/D033228968/ HTTP/2" 200 0 "https://jj-77game.com.pk/sitemap-15.xml" "Mozilla/5.0 AppleWebKit/537.36 (KHTML, like Gecko; compatible; GPTBot/1.3; +https://openai.com/gptbot)"
185.244.36.210 - - [15/Apr/2026:18:04:45 +0000] "POST /wp-cron.php?doing_wp_cron=1776276285.3058109283447265625000 HTTP/1.1" 200 0 "-" "WordPress/6.9.4; https://jj-77game.com.pk"
185.191.171.7 - - [15/Apr/2026:18:04:47 +0000] "GET /items/D031824440/ HTTP/1.1" 200 0 "-" "Mozilla/5.0 (compatible; SemrushBot/7~bl; +http://www.semrush.com/bot.html)"
74.7.227.152 - - [15/Apr/2026:18:04:47 +0000] "GET /items/D032821107/ HTTP/2" 200 0 "https://jj-77game.com.pk/sitemap-15.xml" "Mozilla/5.0 AppleWebKit/537.36 (KHTML, like Gecko; compatible; GPTBot/1.3; +https://openai.com/gptbot)"
74.7.227.152 - - [15/Apr/2026:18:04:51 +0000] "GET /items/D031771314/ HTTP/2" 200 0 "https://jj-77game.com.pk/sitemap-15.xml" "Mozilla/5.0 AppleWebKit/537.36 (KHTML, like Gecko; compatible; GPTBot/1.3; +https://openai.com/gptbot)"
213.180.203.15 - - [15/Apr/2026:18:04:54 +0000] "GET /items/D033810100/ HTTP/1.1" 200 0 "-" "Mozilla/5.0 (compatible; YandexBot/3.0; +http://yandex.com/bots)"
74.7.227.152 - - [15/Apr/2026:18:04:55 +0000] "GET /items/D034694229/ HTTP/2" 200 0 "https://jj-77game.com.pk/sitemap-1.xml" "Mozilla/5.0 AppleWebKit/537.36 (KHTML, like Gecko; compatible; GPTBot/1.3; +https://openai.com/gptbot)"
74.7.227.152 - - [15/Apr/2026:18:04:59 +0000] "GET /items/D033863763/ HTTP/2" 200 0 "https://jj-77game.com.pk/sitemap-12.xml" "Mozilla/5.0 AppleWebKit/537.36 (KHTML, like Gecko; compatible; GPTBot/1.3; +https://openai.com/gptbot)"
74.7.227.152 - - [15/Apr/2026:18:05:02 +0000] "GET /items/D031310248/ HTTP/2" 200 0 "https://jj-77game.com.pk/sitemap-14.xml" "Mozilla/5.0 AppleWebKit/537.36 (KHTML, like Gecko; compatible; GPTBot/1.3; +https://openai.com/gptbot)"
74.7.227.152 - - [15/Apr/2026:18:05:04 +0000] "GET /items/D034026212/ HTTP/2" 200 0 "https://jj-77game.com.pk/sitemap-16.xml" "Mozilla/5.0 AppleWebKit/537.36 (KHTML, like Gecko; compatible; GPTBot/1.3; +https://openai.com/gptbot)"
185.191.171.14 - - [15/Apr/2026:18:05:05 +0000] "GET /items/D034562155/ HTTP/1.1" 200 0 "-" "Mozilla/5.0 (compatible; SemrushBot/7~bl; +http://www.semrush.com/bot.html)"
74.7.227.152 - - [15/Apr/2026:18:05:07 +0000] "GET /items/D031345606/ HTTP/2" 200 0 "https://jj-77game.com.pk/sitemap-12.xml" "Mozilla/5.0 AppleWebKit/537.36 (KHTML, like Gecko; compatible; GPTBot/1.3; +https://openai.com/gptbot)"
185.191.171.4 - - [15/Apr/2026:18:05:07 +0000] "GET /items/D034500404/ HTTP/1.1" 200 0 "-" "Mozilla/5.0 (compatible; SemrushBot/7~bl; +http://www.semrush.com/bot.html)"
74.7.227.152 - - [15/Apr/2026:18:05:10 +0000] "GET /items/D033587938/ HTTP/2" 200 0 "https://jj-77game.com.pk/sitemap-15.xml" "Mozilla/5.0 AppleWebKit/537.36 (KHTML, like Gecko; compatible; GPTBot/1.3; +https://openai.com/gptbot)"
74.7.227.152 - - [15/Apr/2026:18:05:12 +0000] "GET /items/D034760973/ HTTP/2" 200 0 "https://jj-77game.com.pk/sitemap-13.xml" "Mozilla/5.0 AppleWebKit/537.36 (KHTML, like Gecko; compatible; GPTBot/1.3; +https://openai.com/gptbot)"
74.7.227.152 - - [15/Apr/2026:18:05:15 +0000] "GET /items/D034423504/ HTTP/2" 200 0 "https://jj-77game.com.pk/sitemap-11.xml" "Mozilla/5.0 AppleWebKit/537.36 (KHTML, like Gecko; compatible; GPTBot/1.3; +https://openai.com/gptbot)"
74.7.227.152 - - [15/Apr/2026:18:05:18 +0000] "GET /items/D031821484/ HTTP/2" 200 0 "https://jj-77game.com.pk/sitemap-16.xml" "Mozilla/5.0 AppleWebKit/537.36 (KHTML, like Gecko; compatible; GPTBot/1.3; +https://openai.com/gptbot)"
74.7.227.152 - - [15/Apr/2026:18:05:20 +0000] "GET /items/D033913160/ HTTP/2" 200 0 "https://jj-77game.com.pk/sitemap-14.xml" "Mozilla/5.0 AppleWebKit/537.36 (KHTML, like Gecko; compatible; GPTBot/1.3; +https://openai.com/gptbot)"
185.191.171.4 - - [15/Apr/2026:18:05:21 +0000] "GET /items/D034301574/ HTTP/1.1" 200 0 "-" "Mozilla/5.0 (compatible; SemrushBot/7~bl; +http://www.semrush.com/bot.html)"
74.7.227.152 - - [15/Apr/2026:18:05:24 +0000] "GET /items/D032599839/ HTTP/2" 200 0 "https://jj-77game.com.pk/sitemap-14.xml" "Mozilla/5.0 AppleWebKit/537.36 (KHTML, like Gecko; compatible; GPTBot/1.3; +https://openai.com/gptbot)"
74.7.227.152 - - [15/Apr/2026:18:05:28 +0000] "GET /items/D032579507/ HTTP/2" 200 0 "https://jj-77game.com.pk/sitemap-14.xml" "Mozilla/5.0 AppleWebKit/537.36 (KHTML, like Gecko; compatible; GPTBot/1.3; +https://openai.com/gptbot)"
185.191.171.13 - - [15/Apr/2026:18:05:29 +0000] "GET /items/D034688370/ HTTP/1.1" 200 0 "-" "Mozilla/5.0 (compatible; SemrushBot/7~bl; +http://www.semrush.com/bot.html)"
74.7.227.152 - - [15/Apr/2026:18:05:32 +0000] "GET /items/D034621143/ HTTP/2" 200 0 "https://jj-77game.com.pk/sitemap-1.xml" "Mozilla/5.0 AppleWebKit/537.36 (KHTML, like Gecko; compatible; GPTBot/1.3; +https://openai.com/gptbot)"
74.7.227.152 - - [15/Apr/2026:18:05:35 +0000] "GET /items/D032396683/ HTTP/2" 200 0 "https://jj-77game.com.pk/sitemap-13.xml" "Mozilla/5.0 AppleWebKit/537.36 (KHTML, like Gecko; compatible; GPTBot/1.3; +https://openai.com/gptbot)"
74.7.227.152 - - [15/Apr/2026:18:05:40 +0000] "GET /items/D033148934/ HTTP/2" 200 0 "https://jj-77game.com.pk/sitemap-13.xml" "Mozilla/5.0 AppleWebKit/537.36 (KHTML, like Gecko; compatible; GPTBot/1.3; +https://openai.com/gptbot)"
185.191.171.16 - - [15/Apr/2026:18:05:41 +0000] "GET /items/D031009210/ HTTP/1.1" 200 0 "-" "Mozilla/5.0 (compatible; SemrushBot/7~bl; +http://www.semrush.com/bot.html)"
74.7.227.152 - - [15/Apr/2026:18:05:43 +0000] "GET /items/D033624720/ HTTP/2" 200 0 "https://jj-77game.com.pk/sitemap-16.xml" "Mozilla/5.0 AppleWebKit/537.36 (KHTML, like Gecko; compatible; GPTBot/1.3; +https://openai.com/gptbot)"
74.7.227.152 - - [15/Apr/2026:18:05:46 +0000] "GET /items/D034774492/ HTTP/2" 200 0 "https://jj-77game.com.pk/sitemap-16.xml" "Mozilla/5.0 AppleWebKit/537.36 (KHTML, like Gecko; compatible; GPTBot/1.3; +https://openai.com/gptbot)"
85.208.96.205 - - [15/Apr/2026:18:05:47 +0000] "GET /items/D031380256/ HTTP/1.1" 200 0 "-" "Mozilla/5.0 (compatible; SemrushBot/7~bl; +http://www.semrush.com/bot.html)"
74.7.227.152 - - [15/Apr/2026:18:05:51 +0000] "GET /items/D033453405/ HTTP/2" 200 0 "https://jj-77game.com.pk/sitemap-16.xml" "Mozilla/5.0 AppleWebKit/537.36 (KHTML, like Gecko; compatible; GPTBot/1.3; +https://openai.com/gptbot)"
74.7.227.152 - - [15/Apr/2026:18:05:55 +0000] "GET /items/D031923162/ HTTP/2" 200 0 "https://jj-77game.com.pk/sitemap-15.xml" "Mozilla/5.0 AppleWebKit/537.36 (KHTML, like Gecko; compatible; GPTBot/1.3; +https://openai.com/gptbot)"
