74.7.227.152 - - [15/Apr/2026:19:48:47 +0000] "GET /items/D033029416/ HTTP/2" 200 0 "https://jj-77game.com.pk/sitemap-15.xml" "Mozilla/5.0 AppleWebKit/537.36 (KHTML, like Gecko; compatible; GPTBot/1.3; +https://openai.com/gptbot)"
74.7.227.152 - - [15/Apr/2026:19:48:48 +0000] "GET /items/D031780266/ HTTP/2" 200 0 "https://jj-77game.com.pk/sitemap-1.xml" "Mozilla/5.0 AppleWebKit/537.36 (KHTML, like Gecko; compatible; GPTBot/1.3; +https://openai.com/gptbot)"
74.7.227.152 - - [15/Apr/2026:19:48:50 +0000] "GET /items/D031612728/ HTTP/2" 200 0 "https://jj-77game.com.pk/sitemap-13.xml" "Mozilla/5.0 AppleWebKit/537.36 (KHTML, like Gecko; compatible; GPTBot/1.3; +https://openai.com/gptbot)"
74.7.227.152 - - [15/Apr/2026:19:48:51 +0000] "GET /items/D034452917/ HTTP/2" 200 0 "https://jj-77game.com.pk/sitemap-16.xml" "Mozilla/5.0 AppleWebKit/537.36 (KHTML, like Gecko; compatible; GPTBot/1.3; +https://openai.com/gptbot)"
74.7.227.152 - - [15/Apr/2026:19:48:53 +0000] "GET /items/D031085079/ HTTP/2" 200 0 "https://jj-77game.com.pk/sitemap-1.xml" "Mozilla/5.0 AppleWebKit/537.36 (KHTML, like Gecko; compatible; GPTBot/1.3; +https://openai.com/gptbot)"
74.7.227.152 - - [15/Apr/2026:19:48:54 +0000] "GET /items/D031645293/ HTTP/2" 200 0 "https://jj-77game.com.pk/sitemap-15.xml" "Mozilla/5.0 AppleWebKit/537.36 (KHTML, like Gecko; compatible; GPTBot/1.3; +https://openai.com/gptbot)"
74.7.227.152 - - [15/Apr/2026:19:48:56 +0000] "GET /items/D034139386/ HTTP/2" 200 0 "https://jj-77game.com.pk/sitemap-13.xml" "Mozilla/5.0 AppleWebKit/537.36 (KHTML, like Gecko; compatible; GPTBot/1.3; +https://openai.com/gptbot)"
74.7.227.152 - - [15/Apr/2026:19:48:57 +0000] "GET /items/D031689646/ HTTP/2" 200 0 "https://jj-77game.com.pk/sitemap-15.xml" "Mozilla/5.0 AppleWebKit/537.36 (KHTML, like Gecko; compatible; GPTBot/1.3; +https://openai.com/gptbot)"
74.7.227.152 - - [15/Apr/2026:19:48:59 +0000] "GET /items/D034515783/ HTTP/2" 200 0 "https://jj-77game.com.pk/sitemap-12.xml" "Mozilla/5.0 AppleWebKit/537.36 (KHTML, like Gecko; compatible; GPTBot/1.3; +https://openai.com/gptbot)"
74.7.227.152 - - [15/Apr/2026:19:49:00 +0000] "GET /items/D033998751/ HTTP/2" 200 0 "https://jj-77game.com.pk/sitemap-12.xml" "Mozilla/5.0 AppleWebKit/537.36 (KHTML, like Gecko; compatible; GPTBot/1.3; +https://openai.com/gptbot)"
74.7.227.152 - - [15/Apr/2026:19:49:02 +0000] "GET /items/D034167355/ HTTP/2" 200 0 "https://jj-77game.com.pk/sitemap-12.xml" "Mozilla/5.0 AppleWebKit/537.36 (KHTML, like Gecko; compatible; GPTBot/1.3; +https://openai.com/gptbot)"
74.7.227.152 - - [15/Apr/2026:19:49:04 +0000] "GET /items/D032475041/ HTTP/2" 200 0 "https://jj-77game.com.pk/sitemap-11.xml" "Mozilla/5.0 AppleWebKit/537.36 (KHTML, like Gecko; compatible; GPTBot/1.3; +https://openai.com/gptbot)"
74.7.227.152 - - [15/Apr/2026:19:49:06 +0000] "GET /items/D032952371/ HTTP/2" 200 0 "https://jj-77game.com.pk/sitemap-16.xml" "Mozilla/5.0 AppleWebKit/537.36 (KHTML, like Gecko; compatible; GPTBot/1.3; +https://openai.com/gptbot)"
74.7.227.152 - - [15/Apr/2026:19:49:07 +0000] "GET /items/D031286902/ HTTP/2" 200 0 "https://jj-77game.com.pk/sitemap-15.xml" "Mozilla/5.0 AppleWebKit/537.36 (KHTML, like Gecko; compatible; GPTBot/1.3; +https://openai.com/gptbot)"
74.7.227.152 - - [15/Apr/2026:19:49:08 +0000] "GET /items/D032319546/ HTTP/2" 200 0 "https://jj-77game.com.pk/sitemap-11.xml" "Mozilla/5.0 AppleWebKit/537.36 (KHTML, like Gecko; compatible; GPTBot/1.3; +https://openai.com/gptbot)"
74.7.227.152 - - [15/Apr/2026:19:49:09 +0000] "GET /items/D031263764/ HTTP/2" 200 0 "https://jj-77game.com.pk/sitemap-14.xml" "Mozilla/5.0 AppleWebKit/537.36 (KHTML, like Gecko; compatible; GPTBot/1.3; +https://openai.com/gptbot)"
74.7.227.152 - - [15/Apr/2026:19:49:12 +0000] "GET /items/D031269959/ HTTP/2" 200 0 "https://jj-77game.com.pk/sitemap-1.xml" "Mozilla/5.0 AppleWebKit/537.36 (KHTML, like Gecko; compatible; GPTBot/1.3; +https://openai.com/gptbot)"
74.7.227.152 - - [15/Apr/2026:19:49:14 +0000] "GET /items/D031942807/ HTTP/2" 200 0 "https://jj-77game.com.pk/sitemap-15.xml" "Mozilla/5.0 AppleWebKit/537.36 (KHTML, like Gecko; compatible; GPTBot/1.3; +https://openai.com/gptbot)"
74.7.227.152 - - [15/Apr/2026:19:49:16 +0000] "GET /items/D034325071/ HTTP/2" 200 0 "https://jj-77game.com.pk/sitemap-15.xml" "Mozilla/5.0 AppleWebKit/537.36 (KHTML, like Gecko; compatible; GPTBot/1.3; +https://openai.com/gptbot)"
74.7.227.152 - - [15/Apr/2026:19:49:19 +0000] "GET /items/D032899169/ HTTP/2" 200 0 "https://jj-77game.com.pk/sitemap-15.xml" "Mozilla/5.0 AppleWebKit/537.36 (KHTML, like Gecko; compatible; GPTBot/1.3; +https://openai.com/gptbot)"
74.7.227.152 - - [15/Apr/2026:19:49:21 +0000] "GET /items/D031865891/ HTTP/2" 200 0 "https://jj-77game.com.pk/sitemap-13.xml" "Mozilla/5.0 AppleWebKit/537.36 (KHTML, like Gecko; compatible; GPTBot/1.3; +https://openai.com/gptbot)"
74.7.227.152 - - [15/Apr/2026:19:49:23 +0000] "GET /items/D031279440/ HTTP/2" 200 0 "https://jj-77game.com.pk/sitemap-16.xml" "Mozilla/5.0 AppleWebKit/537.36 (KHTML, like Gecko; compatible; GPTBot/1.3; +https://openai.com/gptbot)"
185.191.171.19 - - [15/Apr/2026:19:49:24 +0000] "GET /items/D032995417/ HTTP/1.1" 200 0 "-" "Mozilla/5.0 (compatible; SemrushBot/7~bl; +http://www.semrush.com/bot.html)"
74.7.227.152 - - [15/Apr/2026:19:49:25 +0000] "GET /items/D033946952/ HTTP/2" 200 0 "https://jj-77game.com.pk/sitemap-14.xml" "Mozilla/5.0 AppleWebKit/537.36 (KHTML, like Gecko; compatible; GPTBot/1.3; +https://openai.com/gptbot)"
74.7.227.152 - - [15/Apr/2026:19:49:26 +0000] "GET /items/D034028657/ HTTP/2" 200 0 "https://jj-77game.com.pk/sitemap-12.xml" "Mozilla/5.0 AppleWebKit/537.36 (KHTML, like Gecko; compatible; GPTBot/1.3; +https://openai.com/gptbot)"
74.7.227.152 - - [15/Apr/2026:19:49:28 +0000] "GET /items/D034189590/ HTTP/2" 200 0 "https://jj-77game.com.pk/sitemap-16.xml" "Mozilla/5.0 AppleWebKit/537.36 (KHTML, like Gecko; compatible; GPTBot/1.3; +https://openai.com/gptbot)"
74.7.227.152 - - [15/Apr/2026:19:49:30 +0000] "GET /items/D032197989/ HTTP/2" 200 0 "https://jj-77game.com.pk/sitemap-15.xml" "Mozilla/5.0 AppleWebKit/537.36 (KHTML, like Gecko; compatible; GPTBot/1.3; +https://openai.com/gptbot)"
74.7.227.152 - - [15/Apr/2026:19:49:31 +0000] "GET /items/D031224358/ HTTP/2" 200 0 "https://jj-77game.com.pk/sitemap-15.xml" "Mozilla/5.0 AppleWebKit/537.36 (KHTML, like Gecko; compatible; GPTBot/1.3; +https://openai.com/gptbot)"
74.7.227.152 - - [15/Apr/2026:19:49:33 +0000] "GET /items/D032455396/ HTTP/2" 200 0 "https://jj-77game.com.pk/sitemap-13.xml" "Mozilla/5.0 AppleWebKit/537.36 (KHTML, like Gecko; compatible; GPTBot/1.3; +https://openai.com/gptbot)"
74.7.227.152 - - [15/Apr/2026:19:49:34 +0000] "GET /items/D031479928/ HTTP/2" 200 0 "https://jj-77game.com.pk/sitemap-14.xml" "Mozilla/5.0 AppleWebKit/537.36 (KHTML, like Gecko; compatible; GPTBot/1.3; +https://openai.com/gptbot)"
74.7.227.152 - - [15/Apr/2026:19:49:37 +0000] "GET /items/D032584750/ HTTP/2" 200 0 "https://jj-77game.com.pk/sitemap-1.xml" "Mozilla/5.0 AppleWebKit/537.36 (KHTML, like Gecko; compatible; GPTBot/1.3; +https://openai.com/gptbot)"
74.7.227.152 - - [15/Apr/2026:19:49:38 +0000] "GET /items/D031518643/ HTTP/2" 200 0 "https://jj-77game.com.pk/sitemap-13.xml" "Mozilla/5.0 AppleWebKit/537.36 (KHTML, like Gecko; compatible; GPTBot/1.3; +https://openai.com/gptbot)"
74.7.227.152 - - [15/Apr/2026:19:49:40 +0000] "GET /items/D034142368/ HTTP/2" 200 0 "https://jj-77game.com.pk/sitemap-14.xml" "Mozilla/5.0 AppleWebKit/537.36 (KHTML, like Gecko; compatible; GPTBot/1.3; +https://openai.com/gptbot)"
74.7.227.152 - - [15/Apr/2026:19:49:41 +0000] "GET /items/D031393425/ HTTP/2" 200 0 "https://jj-77game.com.pk/sitemap-11.xml" "Mozilla/5.0 AppleWebKit/537.36 (KHTML, like Gecko; compatible; GPTBot/1.3; +https://openai.com/gptbot)"
74.7.227.152 - - [15/Apr/2026:19:49:43 +0000] "GET /items/D032514937/ HTTP/2" 200 0 "https://jj-77game.com.pk/sitemap-12.xml" "Mozilla/5.0 AppleWebKit/537.36 (KHTML, like Gecko; compatible; GPTBot/1.3; +https://openai.com/gptbot)"
74.7.227.152 - - [15/Apr/2026:19:49:44 +0000] "GET /items/D033549619/ HTTP/2" 200 0 "https://jj-77game.com.pk/sitemap-16.xml" "Mozilla/5.0 AppleWebKit/537.36 (KHTML, like Gecko; compatible; GPTBot/1.3; +https://openai.com/gptbot)"
74.7.227.152 - - [15/Apr/2026:19:49:46 +0000] "GET /items/D032439781/ HTTP/2" 200 0 "https://jj-77game.com.pk/sitemap-14.xml" "Mozilla/5.0 AppleWebKit/537.36 (KHTML, like Gecko; compatible; GPTBot/1.3; +https://openai.com/gptbot)"
74.7.227.152 - - [15/Apr/2026:19:49:47 +0000] "GET /items/D034764528/ HTTP/2" 200 0 "https://jj-77game.com.pk/sitemap-14.xml" "Mozilla/5.0 AppleWebKit/537.36 (KHTML, like Gecko; compatible; GPTBot/1.3; +https://openai.com/gptbot)"
74.7.227.152 - - [15/Apr/2026:19:49:48 +0000] "GET /items/D034572812/ HTTP/2" 200 0 "https://jj-77game.com.pk/sitemap-15.xml" "Mozilla/5.0 AppleWebKit/537.36 (KHTML, like Gecko; compatible; GPTBot/1.3; +https://openai.com/gptbot)"
74.7.227.152 - - [15/Apr/2026:19:49:50 +0000] "GET /items/D031529406/ HTTP/2" 200 0 "https://jj-77game.com.pk/sitemap-15.xml" "Mozilla/5.0 AppleWebKit/537.36 (KHTML, like Gecko; compatible; GPTBot/1.3; +https://openai.com/gptbot)"
74.7.227.152 - - [15/Apr/2026:19:49:52 +0000] "GET /items/D031842878/ HTTP/2" 200 0 "https://jj-77game.com.pk/sitemap-15.xml" "Mozilla/5.0 AppleWebKit/537.36 (KHTML, like Gecko; compatible; GPTBot/1.3; +https://openai.com/gptbot)"
74.7.227.152 - - [15/Apr/2026:19:49:53 +0000] "GET /items/D031554693/ HTTP/2" 200 0 "https://jj-77game.com.pk/sitemap-14.xml" "Mozilla/5.0 AppleWebKit/537.36 (KHTML, like Gecko; compatible; GPTBot/1.3; +https://openai.com/gptbot)"
74.7.227.152 - - [15/Apr/2026:19:49:55 +0000] "GET /items/D032609819/ HTTP/2" 200 0 "https://jj-77game.com.pk/sitemap-11.xml" "Mozilla/5.0 AppleWebKit/537.36 (KHTML, like Gecko; compatible; GPTBot/1.3; +https://openai.com/gptbot)"
74.7.227.152 - - [15/Apr/2026:19:49:57 +0000] "GET /items/D031537987/ HTTP/2" 200 0 "https://jj-77game.com.pk/sitemap-14.xml" "Mozilla/5.0 AppleWebKit/537.36 (KHTML, like Gecko; compatible; GPTBot/1.3; +https://openai.com/gptbot)"
74.7.227.152 - - [15/Apr/2026:19:50:00 +0000] "GET /items/D034176906/ HTTP/2" 200 0 "https://jj-77game.com.pk/sitemap-15.xml" "Mozilla/5.0 AppleWebKit/537.36 (KHTML, like Gecko; compatible; GPTBot/1.3; +https://openai.com/gptbot)"
74.7.227.152 - - [15/Apr/2026:19:50:02 +0000] "GET /items/D033262958/ HTTP/2" 200 0 "https://jj-77game.com.pk/sitemap-13.xml" "Mozilla/5.0 AppleWebKit/537.36 (KHTML, like Gecko; compatible; GPTBot/1.3; +https://openai.com/gptbot)"
74.7.227.152 - - [15/Apr/2026:19:50:04 +0000] "GET /items/D031896375/ HTTP/2" 200 0 "https://jj-77game.com.pk/sitemap-13.xml" "Mozilla/5.0 AppleWebKit/537.36 (KHTML, like Gecko; compatible; GPTBot/1.3; +https://openai.com/gptbot)"
74.7.227.152 - - [15/Apr/2026:19:50:06 +0000] "GET /items/D031447789/ HTTP/2" 200 0 "https://jj-77game.com.pk/sitemap-13.xml" "Mozilla/5.0 AppleWebKit/537.36 (KHTML, like Gecko; compatible; GPTBot/1.3; +https://openai.com/gptbot)"
74.7.227.152 - - [15/Apr/2026:19:50:07 +0000] "GET /items/D032588975/ HTTP/2" 200 0 "https://jj-77game.com.pk/sitemap-16.xml" "Mozilla/5.0 AppleWebKit/537.36 (KHTML, like Gecko; compatible; GPTBot/1.3; +https://openai.com/gptbot)"
74.7.227.152 - - [15/Apr/2026:19:50:10 +0000] "GET /items/D032749469/ HTTP/2" 200 0 "https://jj-77game.com.pk/sitemap-14.xml" "Mozilla/5.0 AppleWebKit/537.36 (KHTML, like Gecko; compatible; GPTBot/1.3; +https://openai.com/gptbot)"
74.7.227.152 - - [15/Apr/2026:19:50:11 +0000] "GET /items/D034429187/ HTTP/2" 200 0 "https://jj-77game.com.pk/sitemap-11.xml" "Mozilla/5.0 AppleWebKit/537.36 (KHTML, like Gecko; compatible; GPTBot/1.3; +https://openai.com/gptbot)"
74.7.227.152 - - [15/Apr/2026:19:50:14 +0000] "GET /items/D031672181/ HTTP/2" 200 0 "https://jj-77game.com.pk/sitemap-11.xml" "Mozilla/5.0 AppleWebKit/537.36 (KHTML, like Gecko; compatible; GPTBot/1.3; +https://openai.com/gptbot)"
66.249.77.198 - - [15/Apr/2026:19:44:38 +0000] "GET /items/E384244776/ HTTP/1.1" 200 23188 "-" "Mozilla/5.0 (Linux; Android 6.0.1; Nexus 5X Build/MMB29P) AppleWebKit/537.36 (KHTML, like Gecko) Chrome/146.0.7680.177 Mobile Safari/537.36 (compatible; Googlebot/2.1; +http://www.google.com/bot.html)"
85.208.96.209 - - [15/Apr/2026:19:44:57 +0000] "GET /items/D034365641/ HTTP/1.1" 200 0 "-" "Mozilla/5.0 (compatible; SemrushBot/7~bl; +http://www.semrush.com/bot.html)"
74.125.218.197 - - [15/Apr/2026:19:45:03 +0000] "GET /item/1832926 HTTP/1.1" 200 0 "-" "Mozilla/5.0 (X11; Linux x86_64) AppleWebKit/537.36 (KHTML, like Gecko) Chrome/146.0.7680.164 Safari/537.36"
85.208.96.193 - - [15/Apr/2026:19:45:06 +0000] "GET /items/D033186364/ HTTP/1.1" 200 0 "-" "Mozilla/5.0 (compatible; SemrushBot/7~bl; +http://www.semrush.com/bot.html)"
85.208.96.201 - - [15/Apr/2026:19:45:22 +0000] "GET /items/D034653998/ HTTP/1.1" 200 0 "-" "Mozilla/5.0 (compatible; SemrushBot/7~bl; +http://www.semrush.com/bot.html)"
185.191.171.15 - - [15/Apr/2026:19:45:43 +0000] "GET /items/D032213301/ HTTP/1.1" 200 0 "-" "Mozilla/5.0 (compatible; SemrushBot/7~bl; +http://www.semrush.com/bot.html)"
85.208.96.210 - - [15/Apr/2026:19:45:46 +0000] "GET /items/D032166012/ HTTP/1.1" 200 0 "-" "Mozilla/5.0 (compatible; SemrushBot/7~bl; +http://www.semrush.com/bot.html)"
85.208.96.212 - - [15/Apr/2026:19:46:16 +0000] "GET /items/D033150383/ HTTP/1.1" 200 0 "-" "Mozilla/5.0 (compatible; SemrushBot/7~bl; +http://www.semrush.com/bot.html)"
85.208.96.197 - - [15/Apr/2026:19:46:18 +0000] "GET /items/D031633869/ HTTP/1.1" 200 0 "-" "Mozilla/5.0 (compatible; SemrushBot/7~bl; +http://www.semrush.com/bot.html)"
185.191.171.14 - - [15/Apr/2026:19:46:41 +0000] "GET /items/D033714374/ HTTP/1.1" 200 0 "-" "Mozilla/5.0 (compatible; SemrushBot/7~bl; +http://www.semrush.com/bot.html)"
85.208.96.201 - - [15/Apr/2026:19:46:43 +0000] "GET /items/D031832049/ HTTP/1.1" 200 0 "-" "Mozilla/5.0 (compatible; SemrushBot/7~bl; +http://www.semrush.com/bot.html)"
185.191.171.1 - - [15/Apr/2026:19:47:07 +0000] "GET /items/D034810121/ HTTP/1.1" 200 0 "-" "Mozilla/5.0 (compatible; SemrushBot/7~bl; +http://www.semrush.com/bot.html)"
185.191.171.17 - - [15/Apr/2026:19:48:18 +0000] "GET /items/D034786929/ HTTP/1.1" 200 0 "-" "Mozilla/5.0 (compatible; SemrushBot/7~bl; +http://www.semrush.com/bot.html)"
85.208.96.193 - - [15/Apr/2026:19:48:22 +0000] "GET /items/D031080115/ HTTP/1.1" 200 0 "-" "Mozilla/5.0 (compatible; SemrushBot/7~bl; +http://www.semrush.com/bot.html)"
185.191.171.12 - - [15/Apr/2026:19:49:09 +0000] "GET /items/D034106632/ HTTP/1.1" 200 0 "-" "Mozilla/5.0 (compatible; SemrushBot/7~bl; +http://www.semrush.com/bot.html)"
85.208.96.204 - - [15/Apr/2026:19:49:18 +0000] "GET /items/D031516622/ HTTP/1.1" 200 0 "-" "Mozilla/5.0 (compatible; SemrushBot/7~bl; +http://www.semrush.com/bot.html)"
85.208.96.200 - - [15/Apr/2026:19:49:21 +0000] "GET /items/D032963029/ HTTP/1.1" 200 0 "-" "Mozilla/5.0 (compatible; SemrushBot/7~bl; +http://www.semrush.com/bot.html)"
176.31.139.2 - - [15/Apr/2026:19:49:25 +0000] "GET /item/1968570 HTTP/2" 200 0 "-" "Mozilla/5.0 (compatible; AhrefsBot/7.0; +http://ahrefs.com/robot/)"
85.208.96.200 - - [15/Apr/2026:19:49:46 +0000] "GET /items/D034163529/ HTTP/1.1" 200 0 "-" "Mozilla/5.0 (compatible; SemrushBot/7~bl; +http://www.semrush.com/bot.html)"
185.191.171.14 - - [15/Apr/2026:19:49:49 +0000] "GET /items/D033032982/ HTTP/1.1" 200 0 "-" "Mozilla/5.0 (compatible; SemrushBot/7~bl; +http://www.semrush.com/bot.html)"
185.191.171.16 - - [15/Apr/2026:19:50:14 +0000] "GET /items/D033235262/ HTTP/1.1" 200 0 "-" "Mozilla/5.0 (compatible; SemrushBot/7~bl; +http://www.semrush.com/bot.html)"
85.208.96.199 - - [15/Apr/2026:19:50:18 +0000] "GET /items/D031079087/ HTTP/1.1" 200 0 "-" "Mozilla/5.0 (compatible; SemrushBot/7~bl; +http://www.semrush.com/bot.html)"
85.208.96.211 - - [15/Apr/2026:19:50:20 +0000] "GET /items/D033359629/ HTTP/1.1" 200 0 "-" "Mozilla/5.0 (compatible; SemrushBot/7~bl; +http://www.semrush.com/bot.html)"
74.7.227.152 - - [15/Apr/2026:19:50:16 +0000] "GET /items/D031169574/ HTTP/2" 200 0 "https://jj-77game.com.pk/sitemap-11.xml" "Mozilla/5.0 AppleWebKit/537.36 (KHTML, like Gecko; compatible; GPTBot/1.3; +https://openai.com/gptbot)"
74.7.227.152 - - [15/Apr/2026:19:50:19 +0000] "GET /items/D031488395/ HTTP/2" 200 0 "https://jj-77game.com.pk/sitemap-16.xml" "Mozilla/5.0 AppleWebKit/537.36 (KHTML, like Gecko; compatible; GPTBot/1.3; +https://openai.com/gptbot)"
74.7.227.152 - - [15/Apr/2026:19:50:21 +0000] "GET /items/D031896985/ HTTP/2" 200 0 "https://jj-77game.com.pk/sitemap-1.xml" "Mozilla/5.0 AppleWebKit/537.36 (KHTML, like Gecko; compatible; GPTBot/1.3; +https://openai.com/gptbot)"
74.7.227.152 - - [15/Apr/2026:19:50:23 +0000] "GET /items/D031824989/ HTTP/2" 200 0 "https://jj-77game.com.pk/sitemap-11.xml" "Mozilla/5.0 AppleWebKit/537.36 (KHTML, like Gecko; compatible; GPTBot/1.3; +https://openai.com/gptbot)"
74.7.227.152 - - [15/Apr/2026:19:50:25 +0000] "GET /items/D031539732/ HTTP/2" 200 0 "https://jj-77game.com.pk/sitemap-16.xml" "Mozilla/5.0 AppleWebKit/537.36 (KHTML, like Gecko; compatible; GPTBot/1.3; +https://openai.com/gptbot)"
74.7.227.152 - - [15/Apr/2026:19:50:26 +0000] "GET /items/D031288649/ HTTP/2" 200 0 "https://jj-77game.com.pk/sitemap-12.xml" "Mozilla/5.0 AppleWebKit/537.36 (KHTML, like Gecko; compatible; GPTBot/1.3; +https://openai.com/gptbot)"
74.7.227.152 - - [15/Apr/2026:19:50:28 +0000] "GET /items/D032564539/ HTTP/2" 200 0 "https://jj-77game.com.pk/sitemap-13.xml" "Mozilla/5.0 AppleWebKit/537.36 (KHTML, like Gecko; compatible; GPTBot/1.3; +https://openai.com/gptbot)"
74.7.227.152 - - [15/Apr/2026:19:50:30 +0000] "GET /items/D034195989/ HTTP/2" 200 0 "https://jj-77game.com.pk/sitemap-1.xml" "Mozilla/5.0 AppleWebKit/537.36 (KHTML, like Gecko; compatible; GPTBot/1.3; +https://openai.com/gptbot)"
74.7.227.152 - - [15/Apr/2026:19:50:32 +0000] "GET /items/D031584363/ HTTP/2" 200 0 "https://jj-77game.com.pk/sitemap-15.xml" "Mozilla/5.0 AppleWebKit/537.36 (KHTML, like Gecko; compatible; GPTBot/1.3; +https://openai.com/gptbot)"
74.7.227.152 - - [15/Apr/2026:19:50:34 +0000] "GET /items/D034167196/ HTTP/2" 200 0 "https://jj-77game.com.pk/sitemap-13.xml" "Mozilla/5.0 AppleWebKit/537.36 (KHTML, like Gecko; compatible; GPTBot/1.3; +https://openai.com/gptbot)"
74.7.227.152 - - [15/Apr/2026:19:50:36 +0000] "GET /items/D031924359/ HTTP/2" 200 0 "https://jj-77game.com.pk/sitemap-14.xml" "Mozilla/5.0 AppleWebKit/537.36 (KHTML, like Gecko; compatible; GPTBot/1.3; +https://openai.com/gptbot)"
74.7.227.152 - - [15/Apr/2026:19:50:38 +0000] "GET /items/D032766895/ HTTP/2" 200 0 "https://jj-77game.com.pk/sitemap-12.xml" "Mozilla/5.0 AppleWebKit/537.36 (KHTML, like Gecko; compatible; GPTBot/1.3; +https://openai.com/gptbot)"
74.7.227.152 - - [15/Apr/2026:19:50:40 +0000] "GET /items/D032847755/ HTTP/2" 200 0 "https://jj-77game.com.pk/sitemap-1.xml" "Mozilla/5.0 AppleWebKit/537.36 (KHTML, like Gecko; compatible; GPTBot/1.3; +https://openai.com/gptbot)"
185.191.171.16 - - [15/Apr/2026:19:50:41 +0000] "GET /items/D034679198/ HTTP/1.1" 200 0 "-" "Mozilla/5.0 (compatible; SemrushBot/7~bl; +http://www.semrush.com/bot.html)"
74.7.227.152 - - [15/Apr/2026:19:50:42 +0000] "GET /items/D034342965/ HTTP/2" 200 0 "https://jj-77game.com.pk/sitemap-14.xml" "Mozilla/5.0 AppleWebKit/537.36 (KHTML, like Gecko; compatible; GPTBot/1.3; +https://openai.com/gptbot)"
74.7.227.152 - - [15/Apr/2026:19:50:45 +0000] "GET /items/D034007958/ HTTP/2" 200 0 "https://jj-77game.com.pk/sitemap-12.xml" "Mozilla/5.0 AppleWebKit/537.36 (KHTML, like Gecko; compatible; GPTBot/1.3; +https://openai.com/gptbot)"
74.7.227.152 - - [15/Apr/2026:19:50:47 +0000] "GET /items/D031407956/ HTTP/2" 200 0 "https://jj-77game.com.pk/sitemap-13.xml" "Mozilla/5.0 AppleWebKit/537.36 (KHTML, like Gecko; compatible; GPTBot/1.3; +https://openai.com/gptbot)"
74.7.227.152 - - [15/Apr/2026:19:50:49 +0000] "GET /items/D032274954/ HTTP/2" 200 0 "https://jj-77game.com.pk/sitemap-11.xml" "Mozilla/5.0 AppleWebKit/537.36 (KHTML, like Gecko; compatible; GPTBot/1.3; +https://openai.com/gptbot)"
74.7.227.152 - - [15/Apr/2026:19:50:51 +0000] "GET /items/D032752014/ HTTP/2" 200 0 "https://jj-77game.com.pk/sitemap-13.xml" "Mozilla/5.0 AppleWebKit/537.36 (KHTML, like Gecko; compatible; GPTBot/1.3; +https://openai.com/gptbot)"
74.7.227.152 - - [15/Apr/2026:19:50:52 +0000] "GET /items/D034244197/ HTTP/2" 200 0 "https://jj-77game.com.pk/sitemap-13.xml" "Mozilla/5.0 AppleWebKit/537.36 (KHTML, like Gecko; compatible; GPTBot/1.3; +https://openai.com/gptbot)"
74.7.227.152 - - [15/Apr/2026:19:50:55 +0000] "GET /items/D034362881/ HTTP/2" 200 0 "https://jj-77game.com.pk/sitemap-11.xml" "Mozilla/5.0 AppleWebKit/537.36 (KHTML, like Gecko; compatible; GPTBot/1.3; +https://openai.com/gptbot)"
74.7.227.152 - - [15/Apr/2026:19:50:57 +0000] "GET /items/D032051467/ HTTP/2" 200 0 "https://jj-77game.com.pk/sitemap-16.xml" "Mozilla/5.0 AppleWebKit/537.36 (KHTML, like Gecko; compatible; GPTBot/1.3; +https://openai.com/gptbot)"
74.7.227.152 - - [15/Apr/2026:19:51:00 +0000] "GET /items/D032756621/ HTTP/2" 200 0 "https://jj-77game.com.pk/sitemap-11.xml" "Mozilla/5.0 AppleWebKit/537.36 (KHTML, like Gecko; compatible; GPTBot/1.3; +https://openai.com/gptbot)"
74.7.227.152 - - [15/Apr/2026:19:51:01 +0000] "GET /items/D031628891/ HTTP/2" 200 0 "https://jj-77game.com.pk/sitemap-12.xml" "Mozilla/5.0 AppleWebKit/537.36 (KHTML, like Gecko; compatible; GPTBot/1.3; +https://openai.com/gptbot)"
193.46.218.159 - - [15/Apr/2026:19:52:07 +0000] "GET /wp-login.php HTTP/1.1" 200 2116 "-" "Mozilla/5.0 (Windows NT 10.0; Win64; x64) AppleWebKit/537.36 (KHTML, like Gecko) Chrome/52.0.2743.116 Safari/537.36 Edge/15.15063"
193.46.218.159 - - [15/Apr/2026:19:52:08 +0000] "POST /wp-login.php HTTP/1.1" 302 0 "https://jj-77game.com.pk/wp-login.php" "Mozilla/5.0 (Windows NT 10.0; Win64; x64) AppleWebKit/537.36 (KHTML, like Gecko) Chrome/52.0.2743.116 Safari/537.36 Edge/15.15063"
193.46.218.159 - - [15/Apr/2026:19:52:09 +0000] "GET /wp-admin/ HTTP/1.1" 200 26883 "https://jj-77game.com.pk/wp-login.php" "Mozilla/5.0 (Windows NT 10.0; Win64; x64) AppleWebKit/537.36 (KHTML, like Gecko) Chrome/52.0.2743.116 Safari/537.36 Edge/15.15063"
193.46.218.159 - - [15/Apr/2026:19:52:11 +0000] "GET /wp-admin/theme-install.php HTTP/1.1" 200 23307 "https://jj-77game.com.pk/wp-admin/theme-install.php" "Mozilla/5.0 (Windows NT 10.0; Win64; x64) AppleWebKit/537.36 (KHTML, like Gecko) Chrome/52.0.2743.116 Safari/537.36 Edge/15.15063"
193.46.218.159 - - [15/Apr/2026:19:52:12 +0000] "POST /wp-admin/update.php?action=upload-theme HTTP/1.1" 403 787 "https://jj-77game.com.pk/wp-admin/theme-install.php" "Mozilla/5.0 (Windows NT 10.0; Win64; x64) AppleWebKit/537.36 (KHTML, like Gecko) Chrome/52.0.2743.116 Safari/537.36 Edge/15.15063"
193.46.218.159 - - [15/Apr/2026:19:52:14 +0000] "GET /wp-content/plugins/blogfull/check_file.php HTTP/1.1" 200 0 "https://jj-77game.com.pk/wp-admin/theme-install.php" "Mozilla/5.0 (Windows NT 10.0; Win64; x64) AppleWebKit/537.36 (KHTML, like Gecko) Chrome/52.0.2743.116 Safari/537.36 Edge/15.15063"
193.46.218.159 - - [15/Apr/2026:19:52:14 +0000] "GET /wp-content/themes/blogfull/check_file.php HTTP/1.1" 200 0 "https://jj-77game.com.pk/wp-admin/theme-install.php" "Mozilla/5.0 (Windows NT 10.0; Win64; x64) AppleWebKit/537.36 (KHTML, like Gecko) Chrome/52.0.2743.116 Safari/537.36 Edge/15.15063"
193.46.218.159 - - [15/Apr/2026:19:52:15 +0000] "GET /wp-admin/theme-install.php HTTP/1.1" 200 23268 "https://jj-77game.com.pk/wp-admin/theme-install.php" "Mozilla/5.0 (Windows NT 10.0; Win64; x64) AppleWebKit/537.36 (KHTML, like Gecko) Chrome/52.0.2743.116 Safari/537.36 Edge/15.15063"
193.46.218.159 - - [15/Apr/2026:19:52:17 +0000] "POST /wp-admin/update.php?action=upload-theme HTTP/1.1" 403 787 "https://jj-77game.com.pk/wp-admin/theme-install.php" "Mozilla/5.0 (Windows NT 10.0; Win64; x64) AppleWebKit/537.36 (KHTML, like Gecko) Chrome/52.0.2743.116 Safari/537.36 Edge/15.15063"
193.46.218.159 - - [15/Apr/2026:19:52:18 +0000] "GET /wp-content/plugins/graceful-zen-blog/assets/js/check_file.php HTTP/1.1" 200 0 "https://jj-77game.com.pk/wp-admin/theme-install.php" "Mozilla/5.0 (Windows NT 10.0; Win64; x64) AppleWebKit/537.36 (KHTML, like Gecko) Chrome/52.0.2743.116 Safari/537.36 Edge/15.15063"
193.46.218.159 - - [15/Apr/2026:19:52:19 +0000] "GET /wp-content/themes/graceful-zen-blog/assets/js/check_file.php HTTP/1.1" 200 0 "https://jj-77game.com.pk/wp-admin/theme-install.php" "Mozilla/5.0 (Windows NT 10.0; Win64; x64) AppleWebKit/537.36 (KHTML, like Gecko) Chrome/52.0.2743.116 Safari/537.36 Edge/15.15063"
193.46.218.159 - - [15/Apr/2026:19:52:20 +0000] "GET /wp-admin/theme-install.php HTTP/1.1" 200 23309 "https://jj-77game.com.pk/wp-admin/theme-install.php" "Mozilla/5.0 (Windows NT 10.0; Win64; x64) AppleWebKit/537.36 (KHTML, like Gecko) Chrome/52.0.2743.116 Safari/537.36 Edge/15.15063"
85.208.96.205 - - [15/Apr/2026:19:52:21 +0000] "GET /items/D031905349/ HTTP/1.1" 200 0 "-" "Mozilla/5.0 (compatible; SemrushBot/7~bl; +http://www.semrush.com/bot.html)"
193.46.218.159 - - [15/Apr/2026:19:52:21 +0000] "POST /wp-admin/update.php?action=upload-theme HTTP/1.1" 403 787 "https://jj-77game.com.pk/wp-admin/theme-install.php" "Mozilla/5.0 (Windows NT 10.0; Win64; x64) AppleWebKit/537.36 (KHTML, like Gecko) Chrome/52.0.2743.116 Safari/537.36 Edge/15.15063"
185.191.171.15 - - [15/Apr/2026:19:52:24 +0000] "GET /items/D033416259/ HTTP/1.1" 200 0 "-" "Mozilla/5.0 (compatible; SemrushBot/7~bl; +http://www.semrush.com/bot.html)"
193.46.218.159 - - [15/Apr/2026:19:52:24 +0000] "GET /wp-content/plugins/iconic-one/check_file.php HTTP/1.1" 200 0 "https://jj-77game.com.pk/wp-admin/theme-install.php" "Mozilla/5.0 (Windows NT 10.0; Win64; x64) AppleWebKit/537.36 (KHTML, like Gecko) Chrome/52.0.2743.116 Safari/537.36 Edge/15.15063"
193.46.218.159 - - [15/Apr/2026:19:52:25 +0000] "GET /wp-content/themes/iconic-one/check_file.php HTTP/1.1" 200 0 "https://jj-77game.com.pk/wp-admin/theme-install.php" "Mozilla/5.0 (Windows NT 10.0; Win64; x64) AppleWebKit/537.36 (KHTML, like Gecko) Chrome/52.0.2743.116 Safari/537.36 Edge/15.15063"
193.46.218.159 - - [15/Apr/2026:19:52:26 +0000] "GET /wp-admin/theme-install.php HTTP/1.1" 200 23308 "https://jj-77game.com.pk/wp-admin/theme-install.php" "Mozilla/5.0 (Windows NT 10.0; Win64; x64) AppleWebKit/537.36 (KHTML, like Gecko) Chrome/52.0.2743.116 Safari/537.36 Edge/15.15063"
185.191.171.4 - - [15/Apr/2026:19:52:33 +0000] "GET /items/D031432912/ HTTP/1.1" 200 0 "-" "Mozilla/5.0 (compatible; SemrushBot/7~bl; +http://www.semrush.com/bot.html)"
193.46.218.159 - - [15/Apr/2026:19:52:27 +0000] "POST /wp-admin/update.php?action=upload-theme HTTP/1.1" 200 17785 "https://jj-77game.com.pk/wp-admin/theme-install.php" "Mozilla/5.0 (Windows NT 10.0; Win64; x64) AppleWebKit/537.36 (KHTML, like Gecko) Chrome/52.0.2743.116 Safari/537.36 Edge/15.15063"
87.250.224.16 - - [15/Apr/2026:19:52:35 +0000] "GET /items/D031337508/ HTTP/1.1" 200 0 "-" "Mozilla/5.0 (compatible; YandexBot/3.0; +http://yandex.com/bots)"
193.46.218.159 - - [15/Apr/2026:19:52:35 +0000] "GET /wp-admin/update.php?action=upload-theme&package=228&overwrite=update-theme&_wpnonce=70f9f1bde3 HTTP/1.1" 200 17672 "https://jj-77game.com.pk/wp-admin/theme-install.php" "Mozilla/5.0 (Windows NT 10.0; Win64; x64) AppleWebKit/537.36 (KHTML, like Gecko) Chrome/52.0.2743.116 Safari/537.36 Edge/15.15063"
193.46.218.159 - - [15/Apr/2026:19:52:37 +0000] "GET /wp-content/plugins/newseblog/check_file.php HTTP/1.1" 200 0 "https://jj-77game.com.pk/wp-admin/theme-install.php" "Mozilla/5.0 (Windows NT 10.0; Win64; x64) AppleWebKit/537.36 (KHTML, like Gecko) Chrome/52.0.2743.116 Safari/537.36 Edge/15.15063"
193.46.218.159 - - [15/Apr/2026:19:52:38 +0000] "GET /wp-content/themes/newseblog/check_file.php HTTP/1.1" 200 29 "https://jj-77game.com.pk/wp-admin/theme-install.php" "Mozilla/5.0 (Windows NT 10.0; Win64; x64) AppleWebKit/537.36 (KHTML, like Gecko) Chrome/52.0.2743.116 Safari/537.36 Edge/15.15063"
193.46.218.159 - - [15/Apr/2026:19:52:38 +0000] "GET /wp-admin/theme-install.php HTTP/1.1" 200 23322 "https://jj-77game.com.pk/wp-admin/theme-install.php" "Mozilla/5.0 (Windows NT 10.0; Win64; x64) AppleWebKit/537.36 (KHTML, like Gecko) Chrome/52.0.2743.116 Safari/537.36 Edge/15.15063"
193.46.218.159 - - [15/Apr/2026:19:52:40 +0000] "POST /wp-admin/update.php?action=upload-theme HTTP/1.1" 403 787 "https://jj-77game.com.pk/wp-admin/theme-install.php" "Mozilla/5.0 (Windows NT 10.0; Win64; x64) AppleWebKit/537.36 (KHTML, like Gecko) Chrome/52.0.2743.116 Safari/537.36 Edge/15.15063"
193.46.218.159 - - [15/Apr/2026:19:52:42 +0000] "GET /wp-content/plugins/paper-news/check_file.php HTTP/1.1" 200 0 "https://jj-77game.com.pk/wp-admin/theme-install.php" "Mozilla/5.0 (Windows NT 10.0; Win64; x64) AppleWebKit/537.36 (KHTML, like Gecko) Chrome/52.0.2743.116 Safari/537.36 Edge/15.15063"
193.46.218.159 - - [15/Apr/2026:19:52:43 +0000] "GET /wp-content/themes/paper-news/check_file.php HTTP/1.1" 200 0 "https://jj-77game.com.pk/wp-admin/theme-install.php" "Mozilla/5.0 (Windows NT 10.0; Win64; x64) AppleWebKit/537.36 (KHTML, like Gecko) Chrome/52.0.2743.116 Safari/537.36 Edge/15.15063"
193.46.218.159 - - [15/Apr/2026:19:52:43 +0000] "GET /wp-admin/plugins.php HTTP/1.1" 200 38303 "https://jj-77game.com.pk/wp-admin/plugins.php" "Mozilla/5.0 (Windows NT 10.0; Win64; x64) AppleWebKit/537.36 (KHTML, like Gecko) Chrome/52.0.2743.116 Safari/537.36 Edge/15.15063"
193.46.218.159 - - [15/Apr/2026:19:52:45 +0000] "GET /wp-admin/plugins.php HTTP/1.1" 200 38223 "https://jj-77game.com.pk/wp-admin/plugins.php" "Mozilla/5.0 (Windows NT 10.0; Win64; x64) AppleWebKit/537.36 (KHTML, like Gecko) Chrome/52.0.2743.116 Safari/537.36 Edge/15.15063"
193.46.218.159 - - [15/Apr/2026:19:52:47 +0000] "GET /wp-admin/admin.php?page=wp_file_manager HTTP/1.1" 200 20631 "https://jj-77game.com.pk/wp-admin/admin.php?page=wp_file_manager" "Mozilla/5.0 (Windows NT 10.0; Win64; x64) AppleWebKit/537.36 (KHTML, like Gecko) Chrome/52.0.2743.116 Safari/537.36 Edge/15.15063"
193.46.218.159 - - [15/Apr/2026:19:52:49 +0000] "POST /wp-admin/admin-ajax.php HTTP/1.1" 403 787 "https://jj-77game.com.pk/wp-admin/admin.php?page=wp_file_manager" "Mozilla/5.0 (Windows NT 10.0; Win64; x64) AppleWebKit/537.36 (KHTML, like Gecko) Chrome/52.0.2743.116 Safari/537.36 Edge/15.15063"
193.46.218.159 - - [15/Apr/2026:19:52:49 +0000] "GET /wp-admin/plugins.php HTTP/1.1" 200 38311 "https://jj-77game.com.pk/wp-admin/plugins.php" "Mozilla/5.0 (Windows NT 10.0; Win64; x64) AppleWebKit/537.36 (KHTML, like Gecko) Chrome/52.0.2743.116 Safari/537.36 Edge/15.15063"
193.46.218.159 - - [15/Apr/2026:19:52:51 +0000] "GET /wp-admin/admin.php?page=wp_file_manager HTTP/1.1" 200 20629 "https://jj-77game.com.pk/wp-admin/admin.php?page=wp_file_manager" "Mozilla/5.0 (Windows NT 10.0; Win64; x64) AppleWebKit/537.36 (KHTML, like Gecko) Chrome/52.0.2743.116 Safari/537.36 Edge/15.15063"
193.46.218.159 - - [15/Apr/2026:19:52:52 +0000] "POST /wp-admin/admin-ajax.php HTTP/1.1" 403 787 "https://jj-77game.com.pk/wp-admin/admin.php?page=wp_file_manager" "Mozilla/5.0 (Windows NT 10.0; Win64; x64) AppleWebKit/537.36 (KHTML, like Gecko) Chrome/52.0.2743.116 Safari/537.36 Edge/15.15063"
193.46.218.159 - - [15/Apr/2026:19:52:53 +0000] "GET /wp-admin/plugins.php HTTP/1.1" 200 38309 "https://jj-77game.com.pk/wp-admin/plugins.php" "Mozilla/5.0 (Windows NT 10.0; Win64; x64) AppleWebKit/537.36 (KHTML, like Gecko) Chrome/52.0.2743.116 Safari/537.36 Edge/15.15063"
193.46.218.159 - - [15/Apr/2026:19:52:55 +0000] "GET /wp-admin/admin.php?page=wp_file_manager HTTP/1.1" 200 20631 "https://jj-77game.com.pk/wp-admin/admin.php?page=wp_file_manager" "Mozilla/5.0 (Windows NT 10.0; Win64; x64) AppleWebKit/537.36 (KHTML, like Gecko) Chrome/52.0.2743.116 Safari/537.36 Edge/15.15063"
193.46.218.159 - - [15/Apr/2026:19:52:56 +0000] "POST /wp-admin/admin-ajax.php HTTP/1.1" 403 787 "https://jj-77game.com.pk/wp-admin/admin.php?page=wp_file_manager" "Mozilla/5.0 (Windows NT 10.0; Win64; x64) AppleWebKit/537.36 (KHTML, like Gecko) Chrome/52.0.2743.116 Safari/537.36 Edge/15.15063"
193.46.218.159 - - [15/Apr/2026:19:52:57 +0000] "GET /wp-admin/plugins.php HTTP/1.1" 200 38310 "https://jj-77game.com.pk/wp-admin/plugins.php" "Mozilla/5.0 (Windows NT 10.0; Win64; x64) AppleWebKit/537.36 (KHTML, like Gecko) Chrome/52.0.2743.116 Safari/537.36 Edge/15.15063"
193.46.218.159 - - [15/Apr/2026:19:52:59 +0000] "GET /wp-admin/admin.php?page=wp_file_manager HTTP/1.1" 200 20632 "https://jj-77game.com.pk/wp-admin/admin.php?page=wp_file_manager" "Mozilla/5.0 (Windows NT 10.0; Win64; x64) AppleWebKit/537.36 (KHTML, like Gecko) Chrome/52.0.2743.116 Safari/537.36 Edge/15.15063"
193.46.218.159 - - [15/Apr/2026:19:53:00 +0000] "POST /wp-admin/admin-ajax.php HTTP/1.1" 200 286 "https://jj-77game.com.pk/wp-admin/admin.php?page=wp_file_manager" "Mozilla/5.0 (Windows NT 10.0; Win64; x64) AppleWebKit/537.36 (KHTML, like Gecko) Chrome/52.0.2743.116 Safari/537.36 Edge/15.15063"
193.46.218.159 - - [15/Apr/2026:19:53:01 +0000] "GET /wp-admin/plugins.php HTTP/1.1" 200 38311 "https://jj-77game.com.pk/wp-admin/plugins.php" "Mozilla/5.0 (Windows NT 10.0; Win64; x64) AppleWebKit/537.36 (KHTML, like Gecko) Chrome/52.0.2743.116 Safari/537.36 Edge/15.15063"
193.46.218.159 - - [15/Apr/2026:19:53:03 +0000] "GET /wp-admin/admin.php?page=wp_file_manager HTTP/1.1" 200 20631 "https://jj-77game.com.pk/wp-admin/admin.php?page=wp_file_manager" "Mozilla/5.0 (Windows NT 10.0; Win64; x64) AppleWebKit/537.36 (KHTML, like Gecko) Chrome/52.0.2743.116 Safari/537.36 Edge/15.15063"
193.46.218.159 - - [15/Apr/2026:19:53:04 +0000] "POST /wp-admin/admin-ajax.php HTTP/1.1" 403 787 "https://jj-77game.com.pk/wp-admin/admin.php?page=wp_file_manager" "Mozilla/5.0 (Windows NT 10.0; Win64; x64) AppleWebKit/537.36 (KHTML, like Gecko) Chrome/52.0.2743.116 Safari/537.36 Edge/15.15063"
193.46.218.159 - - [15/Apr/2026:19:53:05 +0000] "GET /wp-admin/plugins.php HTTP/1.1" 200 38312 "https://jj-77game.com.pk/wp-admin/plugins.php" "Mozilla/5.0 (Windows NT 10.0; Win64; x64) AppleWebKit/537.36 (KHTML, like Gecko) Chrome/52.0.2743.116 Safari/537.36 Edge/15.15063"
193.46.218.159 - - [15/Apr/2026:19:53:07 +0000] "GET /wp-admin/admin.php?page=wp_file_manager HTTP/1.1" 200 20631 "https://jj-77game.com.pk/wp-admin/admin.php?page=wp_file_manager" "Mozilla/5.0 (Windows NT 10.0; Win64; x64) AppleWebKit/537.36 (KHTML, like Gecko) Chrome/52.0.2743.116 Safari/537.36 Edge/15.15063"
193.46.218.159 - - [15/Apr/2026:19:53:08 +0000] "POST /wp-admin/admin-ajax.php HTTP/1.1" 403 787 "https://jj-77game.com.pk/wp-admin/admin.php?page=wp_file_manager" "Mozilla/5.0 (Windows NT 10.0; Win64; x64) AppleWebKit/537.36 (KHTML, like Gecko) Chrome/52.0.2743.116 Safari/537.36 Edge/15.15063"
103.214.142.12 - - [15/Apr/2026:19:53:11 +0000] "GET /sxallsitemap.xml HTTP/2" 200 31 "-" "req/v3 (https://github.com/imroc/req)"
85.208.96.199 - - [15/Apr/2026:19:53:13 +0000] "GET /items/D032105727/ HTTP/1.1" 200 0 "-" "Mozilla/5.0 (compatible; SemrushBot/7~bl; +http://www.semrush.com/bot.html)"
85.208.96.199 - - [15/Apr/2026:19:53:25 +0000] "GET /items/D033697434/ HTTP/1.1" 200 0 "-" "Mozilla/5.0 (compatible; SemrushBot/7~bl; +http://www.semrush.com/bot.html)"
185.191.171.14 - - [15/Apr/2026:19:54:09 +0000] "GET /items/D034036001/ HTTP/1.1" 200 0 "-" "Mozilla/5.0 (compatible; SemrushBot/7~bl; +http://www.semrush.com/bot.html)"
185.191.171.2 - - [15/Apr/2026:19:54:35 +0000] "GET /items/D033723854/ HTTP/1.1" 200 0 "-" "Mozilla/5.0 (compatible; SemrushBot/7~bl; +http://www.semrush.com/bot.html)"
185.191.171.1 - - [15/Apr/2026:19:54:37 +0000] "GET /robots.txt HTTP/1.1" 200 136 "-" "Mozilla/5.0 (compatible; SemrushBot/7~bl; +http://www.semrush.com/bot.html)"
85.208.96.212 - - [15/Apr/2026:19:54:37 +0000] "GET /items/D032280256/ HTTP/1.1" 200 0 "-" "Mozilla/5.0 (compatible; SemrushBot/7~bl; +http://www.semrush.com/bot.html)"
185.191.171.4 - - [15/Apr/2026:19:50:21 +0000] "GET /items/D032243611/ HTTP/1.1" 200 0 "-" "Mozilla/5.0 (compatible; SemrushBot/7~bl; +http://www.semrush.com/bot.html)"
185.191.171.11 - - [15/Apr/2026:19:50:35 +0000] "GET /items/D031050910/ HTTP/1.1" 200 0 "-" "Mozilla/5.0 (compatible; SemrushBot/7~bl; +http://www.semrush.com/bot.html)"
185.191.171.4 - - [15/Apr/2026:19:50:38 +0000] "GET /items/D034800506/ HTTP/1.1" 200 0 "-" "Mozilla/5.0 (compatible; SemrushBot/7~bl; +http://www.semrush.com/bot.html)"
185.191.171.1 - - [15/Apr/2026:19:50:49 +0000] "GET /items/D032716688/ HTTP/1.1" 200 0 "-" "Mozilla/5.0 (compatible; SemrushBot/7~bl; +http://www.semrush.com/bot.html)"
185.191.171.2 - - [15/Apr/2026:19:51:12 +0000] "GET /items/D033809640/ HTTP/1.1" 200 0 "-" "Mozilla/5.0 (compatible; SemrushBot/7~bl; +http://www.semrush.com/bot.html)"
185.244.36.210 - - [15/Apr/2026:19:52:07 +0000] "POST /wp-cron.php?doing_wp_cron=1776282727.6247019767761230468750 HTTP/1.1" 200 0 "-" "WordPress/6.9.4; https://jj-77game.com.pk"
85.208.96.195 - - [15/Apr/2026:19:52:22 +0000] "GET /items/D034396671/ HTTP/1.1" 200 0 "-" "Mozilla/5.0 (compatible; SemrushBot/7~bl; +http://www.semrush.com/bot.html)"
185.191.171.18 - - [15/Apr/2026:19:52:38 +0000] "GET /items/D034488332/ HTTP/1.1" 200 0 "-" "Mozilla/5.0 (compatible; SemrushBot/7~bl; +http://www.semrush.com/bot.html)"
185.244.36.210 - - [15/Apr/2026:19:52:45 +0000] "POST /wp-cron.php?doing_wp_cron=1776282765.0854949951171875000000 HTTP/1.1" 200 0 "-" "WordPress/6.9.4; https://jj-77game.com.pk"
85.208.96.206 - - [15/Apr/2026:19:53:39 +0000] "GET /items/D032950704/ HTTP/1.1" 200 0 "-" "Mozilla/5.0 (compatible; SemrushBot/7~bl; +http://www.semrush.com/bot.html)"
85.208.96.205 - - [15/Apr/2026:19:53:42 +0000] "GET /items/D033619688/ HTTP/1.1" 200 0 "-" "Mozilla/5.0 (compatible; SemrushBot/7~bl; +http://www.semrush.com/bot.html)"
185.191.171.16 - - [15/Apr/2026:19:53:47 +0000] "GET /items/D033611876/ HTTP/1.1" 200 0 "-" "Mozilla/5.0 (compatible; SemrushBot/7~bl; +http://www.semrush.com/bot.html)"
85.208.96.194 - - [15/Apr/2026:19:53:56 +0000] "GET /items/D032085857/ HTTP/1.1" 200 0 "-" "Mozilla/5.0 (compatible; SemrushBot/7~bl; +http://www.semrush.com/bot.html)"
5.39.109.172 - - [15/Apr/2026:19:54:05 +0000] "GET /item/1914838 HTTP/2" 200 0 "-" "Mozilla/5.0 (compatible; AhrefsBot/7.0; +http://ahrefs.com/robot/)"
185.191.171.16 - - [15/Apr/2026:19:54:40 +0000] "GET /items/D031861029/ HTTP/1.1" 200 0 "-" "Mozilla/5.0 (compatible; SemrushBot/7~bl; +http://www.semrush.com/bot.html)"
185.191.171.6 - - [15/Apr/2026:19:54:42 +0000] "GET /items/D031380351/ HTTP/1.1" 200 0 "-" "Mozilla/5.0 (compatible; SemrushBot/7~bl; +http://www.semrush.com/bot.html)"
185.191.171.15 - - [15/Apr/2026:19:54:52 +0000] "GET /items/D032959564/ HTTP/1.1" 200 0 "-" "Mozilla/5.0 (compatible; SemrushBot/7~bl; +http://www.semrush.com/bot.html)"
185.191.171.6 - - [15/Apr/2026:19:54:55 +0000] "GET /items/D033763101/ HTTP/1.1" 200 0 "-" "Mozilla/5.0 (compatible; SemrushBot/7~bl; +http://www.semrush.com/bot.html)"
213.180.203.118 - - [15/Apr/2026:19:55:03 +0000] "GET /items/D033390904/ HTTP/1.1" 200 0 "-" "Mozilla/5.0 (compatible; YandexBot/3.0; +http://yandex.com/bots)"
74.7.227.152 - - [15/Apr/2026:19:56:01 +0000] "GET /items/D032437861/ HTTP/2" 200 0 "https://jj-77game.com.pk/sitemap-1.xml" "Mozilla/5.0 AppleWebKit/537.36 (KHTML, like Gecko; compatible; GPTBot/1.3; +https://openai.com/gptbot)"
185.191.171.11 - - [15/Apr/2026:19:56:24 +0000] "GET /items/D032971432/ HTTP/1.1" 200 0 "-" "Mozilla/5.0 (compatible; SemrushBot/7~bl; +http://www.semrush.com/bot.html)"
85.208.96.206 - - [15/Apr/2026:19:57:44 +0000] "GET /items/D033867255/ HTTP/1.1" 200 0 "-" "Mozilla/5.0 (compatible; SemrushBot/7~bl; +http://www.semrush.com/bot.html)"
85.208.96.206 - - [15/Apr/2026:19:57:55 +0000] "GET /items/D033511776/ HTTP/1.1" 200 0 "-" "Mozilla/5.0 (compatible; SemrushBot/7~bl; +http://www.semrush.com/bot.html)"
185.191.171.6 - - [15/Apr/2026:19:54:59 +0000] "GET /items/D031177289/ HTTP/1.1" 200 0 "-" "Mozilla/5.0 (compatible; SemrushBot/7~bl; +http://www.semrush.com/bot.html)"
185.191.171.14 - - [15/Apr/2026:19:55:22 +0000] "GET /items/D033157868/ HTTP/1.1" 200 0 "-" "Mozilla/5.0 (compatible; SemrushBot/7~bl; +http://www.semrush.com/bot.html)"
85.208.96.195 - - [15/Apr/2026:19:56:22 +0000] "GET /items/D031398856/ HTTP/1.1" 200 0 "-" "Mozilla/5.0 (compatible; SemrushBot/7~bl; +http://www.semrush.com/bot.html)"
85.208.96.203 - - [15/Apr/2026:19:56:26 +0000] "GET /items/D031831631/ HTTP/1.1" 200 0 "-" "Mozilla/5.0 (compatible; SemrushBot/7~bl; +http://www.semrush.com/bot.html)"
185.191.171.5 - - [15/Apr/2026:19:56:35 +0000] "GET /items/D033712870/ HTTP/1.1" 200 0 "-" "Mozilla/5.0 (compatible; SemrushBot/7~bl; +http://www.semrush.com/bot.html)"
185.191.171.14 - - [15/Apr/2026:19:56:54 +0000] "GET /items/D032429184/ HTTP/1.1" 200 0 "-" "Mozilla/5.0 (compatible; SemrushBot/7~bl; +http://www.semrush.com/bot.html)"
74.7.227.152 - - [15/Apr/2026:19:57:08 +0000] "GET /items/D032214625/ HTTP/2" 200 0 "https://jj-77game.com.pk/sitemap-1.xml" "Mozilla/5.0 AppleWebKit/537.36 (KHTML, like Gecko; compatible; GPTBot/1.3; +https://openai.com/gptbot)"
85.208.96.204 - - [15/Apr/2026:19:57:27 +0000] "GET /items/D032744828/ HTTP/1.1" 200 0 "-" "Mozilla/5.0 (compatible; SemrushBot/7~bl; +http://www.semrush.com/bot.html)"
74.7.227.152 - - [15/Apr/2026:19:57:35 +0000] "GET /items/D031386674/ HTTP/2" 200 0 "https://jj-77game.com.pk/sitemap-1.xml" "Mozilla/5.0 AppleWebKit/537.36 (KHTML, like Gecko; compatible; GPTBot/1.3; +https://openai.com/gptbot)"
74.7.227.152 - - [15/Apr/2026:19:57:40 +0000] "GET /items/D033437619/ HTTP/2" 200 0 "https://jj-77game.com.pk/sitemap-13.xml" "Mozilla/5.0 AppleWebKit/537.36 (KHTML, like Gecko; compatible; GPTBot/1.3; +https://openai.com/gptbot)"
85.208.96.203 - - [15/Apr/2026:19:57:41 +0000] "GET /items/D033847114/ HTTP/1.1" 200 0 "-" "Mozilla/5.0 (compatible; SemrushBot/7~bl; +http://www.semrush.com/bot.html)"
74.7.227.152 - - [15/Apr/2026:19:57:43 +0000] "GET /items/D034125228/ HTTP/2" 200 0 "https://jj-77game.com.pk/sitemap-16.xml" "Mozilla/5.0 AppleWebKit/537.36 (KHTML, like Gecko; compatible; GPTBot/1.3; +https://openai.com/gptbot)"
74.7.227.152 - - [15/Apr/2026:19:57:48 +0000] "GET /items/D032165720/ HTTP/2" 200 0 "https://jj-77game.com.pk/sitemap-1.xml" "Mozilla/5.0 AppleWebKit/537.36 (KHTML, like Gecko; compatible; GPTBot/1.3; +https://openai.com/gptbot)"
74.7.227.152 - - [15/Apr/2026:19:57:52 +0000] "GET /items/D032297515/ HTTP/2" 200 0 "https://jj-77game.com.pk/sitemap-1.xml" "Mozilla/5.0 AppleWebKit/537.36 (KHTML, like Gecko; compatible; GPTBot/1.3; +https://openai.com/gptbot)"
74.7.227.152 - - [15/Apr/2026:19:57:56 +0000] "GET /items/D032769896/ HTTP/2" 200 0 "https://jj-77game.com.pk/sitemap-11.xml" "Mozilla/5.0 AppleWebKit/537.36 (KHTML, like Gecko; compatible; GPTBot/1.3; +https://openai.com/gptbot)"
74.7.227.152 - - [15/Apr/2026:19:58:01 +0000] "GET /items/D031296005/ HTTP/2" 200 0 "https://jj-77game.com.pk/sitemap-14.xml" "Mozilla/5.0 AppleWebKit/537.36 (KHTML, like Gecko; compatible; GPTBot/1.3; +https://openai.com/gptbot)"
74.7.227.152 - - [15/Apr/2026:19:58:04 +0000] "GET /items/D032697512/ HTTP/2" 200 0 "https://jj-77game.com.pk/sitemap-1.xml" "Mozilla/5.0 AppleWebKit/537.36 (KHTML, like Gecko; compatible; GPTBot/1.3; +https://openai.com/gptbot)"
74.7.227.152 - - [15/Apr/2026:19:58:08 +0000] "GET /items/D034718069/ HTTP/2" 200 0 "https://jj-77game.com.pk/sitemap-13.xml" "Mozilla/5.0 AppleWebKit/537.36 (KHTML, like Gecko; compatible; GPTBot/1.3; +https://openai.com/gptbot)"
74.7.227.152 - - [15/Apr/2026:19:58:10 +0000] "GET /items/D034151478/ HTTP/2" 200 0 "https://jj-77game.com.pk/sitemap-11.xml" "Mozilla/5.0 AppleWebKit/537.36 (KHTML, like Gecko; compatible; GPTBot/1.3; +https://openai.com/gptbot)"
74.7.227.152 - - [15/Apr/2026:19:58:14 +0000] "GET /items/D032401257/ HTTP/2" 200 0 "https://jj-77game.com.pk/sitemap-11.xml" "Mozilla/5.0 AppleWebKit/537.36 (KHTML, like Gecko; compatible; GPTBot/1.3; +https://openai.com/gptbot)"
74.7.227.152 - - [15/Apr/2026:19:58:17 +0000] "GET /items/D032528124/ HTTP/2" 200 0 "https://jj-77game.com.pk/sitemap-13.xml" "Mozilla/5.0 AppleWebKit/537.36 (KHTML, like Gecko; compatible; GPTBot/1.3; +https://openai.com/gptbot)"
74.7.227.152 - - [15/Apr/2026:19:58:20 +0000] "GET /items/D034124526/ HTTP/2" 200 0 "https://jj-77game.com.pk/sitemap-12.xml" "Mozilla/5.0 AppleWebKit/537.36 (KHTML, like Gecko; compatible; GPTBot/1.3; +https://openai.com/gptbot)"
74.7.227.152 - - [15/Apr/2026:19:58:22 +0000] "GET /items/D032718242/ HTTP/2" 200 0 "https://jj-77game.com.pk/sitemap-11.xml" "Mozilla/5.0 AppleWebKit/537.36 (KHTML, like Gecko; compatible; GPTBot/1.3; +https://openai.com/gptbot)"
74.7.227.152 - - [15/Apr/2026:19:58:25 +0000] "GET /items/D032738685/ HTTP/2" 200 0 "https://jj-77game.com.pk/sitemap-11.xml" "Mozilla/5.0 AppleWebKit/537.36 (KHTML, like Gecko; compatible; GPTBot/1.3; +https://openai.com/gptbot)"
74.7.227.152 - - [15/Apr/2026:19:58:27 +0000] "GET /items/D032679174/ HTTP/2" 200 0 "https://jj-77game.com.pk/sitemap-16.xml" "Mozilla/5.0 AppleWebKit/537.36 (KHTML, like Gecko; compatible; GPTBot/1.3; +https://openai.com/gptbot)"
85.208.96.206 - - [15/Apr/2026:19:58:28 +0000] "GET /items/D034763078/ HTTP/1.1" 200 0 "-" "Mozilla/5.0 (compatible; SemrushBot/7~bl; +http://www.semrush.com/bot.html)"
74.7.227.152 - - [15/Apr/2026:19:58:28 +0000] "GET /items/D032793714/ HTTP/2" 200 0 "https://jj-77game.com.pk/sitemap-13.xml" "Mozilla/5.0 AppleWebKit/537.36 (KHTML, like Gecko; compatible; GPTBot/1.3; +https://openai.com/gptbot)"
85.208.96.197 - - [15/Apr/2026:19:58:30 +0000] "GET /items/D031153330/ HTTP/1.1" 200 0 "-" "Mozilla/5.0 (compatible; SemrushBot/7~bl; +http://www.semrush.com/bot.html)"
74.7.227.152 - - [15/Apr/2026:19:58:30 +0000] "GET /items/D031949712/ HTTP/2" 200 0 "https://jj-77game.com.pk/sitemap-15.xml" "Mozilla/5.0 AppleWebKit/537.36 (KHTML, like Gecko; compatible; GPTBot/1.3; +https://openai.com/gptbot)"
74.7.227.152 - - [15/Apr/2026:19:58:33 +0000] "GET /items/D032814638/ HTTP/2" 200 0 "https://jj-77game.com.pk/sitemap-11.xml" "Mozilla/5.0 AppleWebKit/537.36 (KHTML, like Gecko; compatible; GPTBot/1.3; +https://openai.com/gptbot)"
74.7.227.152 - - [15/Apr/2026:19:58:34 +0000] "GET /items/D031082254/ HTTP/2" 200 0 "https://jj-77game.com.pk/sitemap-13.xml" "Mozilla/5.0 AppleWebKit/537.36 (KHTML, like Gecko; compatible; GPTBot/1.3; +https://openai.com/gptbot)"
74.7.227.152 - - [15/Apr/2026:19:58:37 +0000] "GET /items/D032429186/ HTTP/2" 200 0 "https://jj-77game.com.pk/sitemap-16.xml" "Mozilla/5.0 AppleWebKit/537.36 (KHTML, like Gecko; compatible; GPTBot/1.3; +https://openai.com/gptbot)"
185.191.171.17 - - [15/Apr/2026:19:58:38 +0000] "GET /items/D034260286/ HTTP/1.1" 200 0 "-" "Mozilla/5.0 (compatible; SemrushBot/7~bl; +http://www.semrush.com/bot.html)"
74.7.227.152 - - [15/Apr/2026:19:58:39 +0000] "GET /items/D034029653/ HTTP/2" 200 0 "https://jj-77game.com.pk/sitemap-12.xml" "Mozilla/5.0 AppleWebKit/537.36 (KHTML, like Gecko; compatible; GPTBot/1.3; +https://openai.com/gptbot)"
74.7.227.152 - - [15/Apr/2026:19:58:41 +0000] "GET /items/D034582274/ HTTP/2" 200 0 "https://jj-77game.com.pk/sitemap-1.xml" "Mozilla/5.0 AppleWebKit/537.36 (KHTML, like Gecko; compatible; GPTBot/1.3; +https://openai.com/gptbot)"
74.7.227.152 - - [15/Apr/2026:19:58:43 +0000] "GET /items/D032794081/ HTTP/2" 200 0 "https://jj-77game.com.pk/sitemap-12.xml" "Mozilla/5.0 AppleWebKit/537.36 (KHTML, like Gecko; compatible; GPTBot/1.3; +https://openai.com/gptbot)"
74.7.227.152 - - [15/Apr/2026:19:58:46 +0000] "GET /items/D034196472/ HTTP/2" 200 0 "https://jj-77game.com.pk/sitemap-11.xml" "Mozilla/5.0 AppleWebKit/537.36 (KHTML, like Gecko; compatible; GPTBot/1.3; +https://openai.com/gptbot)"
74.7.227.152 - - [15/Apr/2026:19:58:48 +0000] "GET /items/D032245799/ HTTP/2" 200 0 "https://jj-77game.com.pk/sitemap-1.xml" "Mozilla/5.0 AppleWebKit/537.36 (KHTML, like Gecko; compatible; GPTBot/1.3; +https://openai.com/gptbot)"
74.7.227.152 - - [15/Apr/2026:19:58:51 +0000] "GET /items/D031605241/ HTTP/2" 200 0 "https://jj-77game.com.pk/sitemap-1.xml" "Mozilla/5.0 AppleWebKit/537.36 (KHTML, like Gecko; compatible; GPTBot/1.3; +https://openai.com/gptbot)"
74.7.227.152 - - [15/Apr/2026:19:58:53 +0000] "GET /items/D031801265/ HTTP/2" 200 0 "https://jj-77game.com.pk/sitemap-1.xml" "Mozilla/5.0 AppleWebKit/537.36 (KHTML, like Gecko; compatible; GPTBot/1.3; +https://openai.com/gptbot)"
74.7.227.152 - - [15/Apr/2026:19:58:55 +0000] "GET /items/D032545860/ HTTP/2" 200 0 "https://jj-77game.com.pk/sitemap-15.xml" "Mozilla/5.0 AppleWebKit/537.36 (KHTML, like Gecko; compatible; GPTBot/1.3; +https://openai.com/gptbot)"
74.7.227.152 - - [15/Apr/2026:19:58:57 +0000] "GET /items/D034129035/ HTTP/2" 200 0 "https://jj-77game.com.pk/sitemap-1.xml" "Mozilla/5.0 AppleWebKit/537.36 (KHTML, like Gecko; compatible; GPTBot/1.3; +https://openai.com/gptbot)"
185.191.171.2 - - [15/Apr/2026:19:58:58 +0000] "GET /items/D031834200/ HTTP/1.1" 200 0 "-" "Mozilla/5.0 (compatible; SemrushBot/7~bl; +http://www.semrush.com/bot.html)"
74.7.227.152 - - [15/Apr/2026:19:58:59 +0000] "GET /items/D034825251/ HTTP/2" 200 0 "https://jj-77game.com.pk/sitemap-14.xml" "Mozilla/5.0 AppleWebKit/537.36 (KHTML, like Gecko; compatible; GPTBot/1.3; +https://openai.com/gptbot)"
74.7.227.152 - - [15/Apr/2026:19:59:02 +0000] "GET /items/D033128749/ HTTP/2" 200 0 "https://jj-77game.com.pk/sitemap-13.xml" "Mozilla/5.0 AppleWebKit/537.36 (KHTML, like Gecko; compatible; GPTBot/1.3; +https://openai.com/gptbot)"
74.7.227.152 - - [15/Apr/2026:19:59:03 +0000] "GET /items/D032761584/ HTTP/2" 200 0 "https://jj-77game.com.pk/sitemap-11.xml" "Mozilla/5.0 AppleWebKit/537.36 (KHTML, like Gecko; compatible; GPTBot/1.3; +https://openai.com/gptbot)"
74.7.227.152 - - [15/Apr/2026:19:59:05 +0000] "GET /items/D033772954/ HTTP/2" 200 0 "https://jj-77game.com.pk/sitemap-12.xml" "Mozilla/5.0 AppleWebKit/537.36 (KHTML, like Gecko; compatible; GPTBot/1.3; +https://openai.com/gptbot)"
