213.180.203.117 - - [15/Apr/2026:18:15:37 +0000] "GET /items/D033917601/ HTTP/1.1" 200 0 "-" "Mozilla/5.0 (compatible; YandexBot/3.0; +http://yandex.com/bots)"
74.7.227.152 - - [15/Apr/2026:18:15:37 +0000] "GET /items/D034410715/ HTTP/2" 200 0 "https://jj-77game.com.pk/sitemap-11.xml" "Mozilla/5.0 AppleWebKit/537.36 (KHTML, like Gecko; compatible; GPTBot/1.3; +https://openai.com/gptbot)"
74.7.227.152 - - [15/Apr/2026:18:15:40 +0000] "GET /items/D033095606/ HTTP/2" 200 0 "https://jj-77game.com.pk/sitemap-15.xml" "Mozilla/5.0 AppleWebKit/537.36 (KHTML, like Gecko; compatible; GPTBot/1.3; +https://openai.com/gptbot)"
74.7.227.152 - - [15/Apr/2026:18:15:43 +0000] "GET /items/D034015139/ HTTP/2" 200 0 "https://jj-77game.com.pk/sitemap-1.xml" "Mozilla/5.0 AppleWebKit/537.36 (KHTML, like Gecko; compatible; GPTBot/1.3; +https://openai.com/gptbot)"
74.7.227.152 - - [15/Apr/2026:18:15:46 +0000] "GET /items/D034329045/ HTTP/2" 200 0 "https://jj-77game.com.pk/sitemap-15.xml" "Mozilla/5.0 AppleWebKit/537.36 (KHTML, like Gecko; compatible; GPTBot/1.3; +https://openai.com/gptbot)"
74.7.227.152 - - [15/Apr/2026:18:15:49 +0000] "GET /items/D033536146/ HTTP/2" 200 0 "https://jj-77game.com.pk/sitemap-12.xml" "Mozilla/5.0 AppleWebKit/537.36 (KHTML, like Gecko; compatible; GPTBot/1.3; +https://openai.com/gptbot)"
74.7.227.152 - - [15/Apr/2026:18:15:52 +0000] "GET /items/D034803782/ HTTP/2" 200 0 "https://jj-77game.com.pk/sitemap-1.xml" "Mozilla/5.0 AppleWebKit/537.36 (KHTML, like Gecko; compatible; GPTBot/1.3; +https://openai.com/gptbot)"
74.7.227.152 - - [15/Apr/2026:18:15:55 +0000] "GET /items/D033630867/ HTTP/2" 200 0 "https://jj-77game.com.pk/sitemap-11.xml" "Mozilla/5.0 AppleWebKit/537.36 (KHTML, like Gecko; compatible; GPTBot/1.3; +https://openai.com/gptbot)"
74.7.227.152 - - [15/Apr/2026:18:15:58 +0000] "GET /items/D033616432/ HTTP/2" 200 0 "https://jj-77game.com.pk/sitemap-11.xml" "Mozilla/5.0 AppleWebKit/537.36 (KHTML, like Gecko; compatible; GPTBot/1.3; +https://openai.com/gptbot)"
74.7.227.152 - - [15/Apr/2026:18:16:02 +0000] "GET /items/D033449300/ HTTP/2" 200 0 "https://jj-77game.com.pk/sitemap-15.xml" "Mozilla/5.0 AppleWebKit/537.36 (KHTML, like Gecko; compatible; GPTBot/1.3; +https://openai.com/gptbot)"
74.7.227.152 - - [15/Apr/2026:18:16:05 +0000] "GET /items/D033677940/ HTTP/2" 200 0 "https://jj-77game.com.pk/sitemap-16.xml" "Mozilla/5.0 AppleWebKit/537.36 (KHTML, like Gecko; compatible; GPTBot/1.3; +https://openai.com/gptbot)"
74.7.227.152 - - [15/Apr/2026:18:16:08 +0000] "GET /items/D032749027/ HTTP/2" 200 0 "https://jj-77game.com.pk/sitemap-15.xml" "Mozilla/5.0 AppleWebKit/537.36 (KHTML, like Gecko; compatible; GPTBot/1.3; +https://openai.com/gptbot)"
74.7.227.152 - - [15/Apr/2026:18:16:12 +0000] "GET /items/D034649684/ HTTP/2" 200 0 "https://jj-77game.com.pk/sitemap-12.xml" "Mozilla/5.0 AppleWebKit/537.36 (KHTML, like Gecko; compatible; GPTBot/1.3; +https://openai.com/gptbot)"
185.191.171.3 - - [15/Apr/2026:18:16:17 +0000] "GET /items/D033769431/ HTTP/1.1" 200 0 "-" "Mozilla/5.0 (compatible; SemrushBot/7~bl; +http://www.semrush.com/bot.html)"
74.7.227.152 - - [15/Apr/2026:18:16:19 +0000] "GET /items/D033907552/ HTTP/2" 200 0 "https://jj-77game.com.pk/sitemap-15.xml" "Mozilla/5.0 AppleWebKit/537.36 (KHTML, like Gecko; compatible; GPTBot/1.3; +https://openai.com/gptbot)"
74.7.227.152 - - [15/Apr/2026:18:16:23 +0000] "GET /items/D034355799/ HTTP/2" 200 0 "https://jj-77game.com.pk/sitemap-12.xml" "Mozilla/5.0 AppleWebKit/537.36 (KHTML, like Gecko; compatible; GPTBot/1.3; +https://openai.com/gptbot)"
74.7.227.152 - - [15/Apr/2026:18:16:26 +0000] "GET /items/D034487728/ HTTP/2" 200 0 "https://jj-77game.com.pk/sitemap-15.xml" "Mozilla/5.0 AppleWebKit/537.36 (KHTML, like Gecko; compatible; GPTBot/1.3; +https://openai.com/gptbot)"
74.7.227.152 - - [15/Apr/2026:18:16:29 +0000] "GET /items/D034593551/ HTTP/2" 200 0 "https://jj-77game.com.pk/sitemap-11.xml" "Mozilla/5.0 AppleWebKit/537.36 (KHTML, like Gecko; compatible; GPTBot/1.3; +https://openai.com/gptbot)"
74.7.227.152 - - [15/Apr/2026:18:16:31 +0000] "GET /items/D031317803/ HTTP/2" 200 0 "https://jj-77game.com.pk/sitemap-16.xml" "Mozilla/5.0 AppleWebKit/537.36 (KHTML, like Gecko; compatible; GPTBot/1.3; +https://openai.com/gptbot)"
74.7.227.152 - - [15/Apr/2026:18:16:34 +0000] "GET /items/D031710653/ HTTP/2" 200 0 "https://jj-77game.com.pk/sitemap-13.xml" "Mozilla/5.0 AppleWebKit/537.36 (KHTML, like Gecko; compatible; GPTBot/1.3; +https://openai.com/gptbot)"
85.208.96.197 - - [15/Apr/2026:18:16:35 +0000] "GET /items/D032746860/ HTTP/1.1" 200 0 "-" "Mozilla/5.0 (compatible; SemrushBot/7~bl; +http://www.semrush.com/bot.html)"
74.7.227.152 - - [15/Apr/2026:18:16:37 +0000] "GET /items/D032717305/ HTTP/2" 200 0 "https://jj-77game.com.pk/sitemap-11.xml" "Mozilla/5.0 AppleWebKit/537.36 (KHTML, like Gecko; compatible; GPTBot/1.3; +https://openai.com/gptbot)"
185.191.171.14 - - [15/Apr/2026:18:16:40 +0000] "GET /items/D033641566/ HTTP/1.1" 200 0 "-" "Mozilla/5.0 (compatible; SemrushBot/7~bl; +http://www.semrush.com/bot.html)"
74.7.227.152 - - [15/Apr/2026:18:16:40 +0000] "GET /items/D033946940/ HTTP/2" 200 0 "https://jj-77game.com.pk/sitemap-1.xml" "Mozilla/5.0 AppleWebKit/537.36 (KHTML, like Gecko; compatible; GPTBot/1.3; +https://openai.com/gptbot)"
74.7.227.152 - - [15/Apr/2026:18:16:44 +0000] "GET /items/D034037381/ HTTP/2" 200 0 "https://jj-77game.com.pk/sitemap-12.xml" "Mozilla/5.0 AppleWebKit/537.36 (KHTML, like Gecko; compatible; GPTBot/1.3; +https://openai.com/gptbot)"
74.7.227.152 - - [15/Apr/2026:18:16:47 +0000] "GET /items/D034045983/ HTTP/2" 200 0 "https://jj-77game.com.pk/sitemap-16.xml" "Mozilla/5.0 AppleWebKit/537.36 (KHTML, like Gecko; compatible; GPTBot/1.3; +https://openai.com/gptbot)"
74.7.227.152 - - [15/Apr/2026:18:16:50 +0000] "GET /items/D034037132/ HTTP/2" 200 0 "https://jj-77game.com.pk/sitemap-16.xml" "Mozilla/5.0 AppleWebKit/537.36 (KHTML, like Gecko; compatible; GPTBot/1.3; +https://openai.com/gptbot)"
74.7.227.152 - - [15/Apr/2026:18:16:52 +0000] "GET /items/D032121492/ HTTP/2" 200 0 "https://jj-77game.com.pk/sitemap-12.xml" "Mozilla/5.0 AppleWebKit/537.36 (KHTML, like Gecko; compatible; GPTBot/1.3; +https://openai.com/gptbot)"
74.7.227.152 - - [15/Apr/2026:18:16:55 +0000] "GET /items/D031248828/ HTTP/2" 200 0 "https://jj-77game.com.pk/sitemap-12.xml" "Mozilla/5.0 AppleWebKit/537.36 (KHTML, like Gecko; compatible; GPTBot/1.3; +https://openai.com/gptbot)"
74.7.227.152 - - [15/Apr/2026:18:16:58 +0000] "GET /items/D034303349/ HTTP/2" 200 0 "https://jj-77game.com.pk/sitemap-16.xml" "Mozilla/5.0 AppleWebKit/537.36 (KHTML, like Gecko; compatible; GPTBot/1.3; +https://openai.com/gptbot)"
74.7.227.152 - - [15/Apr/2026:18:17:01 +0000] "GET /items/D034450136/ HTTP/2" 200 0 "https://jj-77game.com.pk/sitemap-13.xml" "Mozilla/5.0 AppleWebKit/537.36 (KHTML, like Gecko; compatible; GPTBot/1.3; +https://openai.com/gptbot)"
74.7.227.152 - - [15/Apr/2026:18:17:04 +0000] "GET /items/D033911639/ HTTP/2" 200 0 "https://jj-77game.com.pk/sitemap-15.xml" "Mozilla/5.0 AppleWebKit/537.36 (KHTML, like Gecko; compatible; GPTBot/1.3; +https://openai.com/gptbot)"
74.7.227.152 - - [15/Apr/2026:18:17:06 +0000] "GET /items/D031810637/ HTTP/2" 200 0 "https://jj-77game.com.pk/sitemap-11.xml" "Mozilla/5.0 AppleWebKit/537.36 (KHTML, like Gecko; compatible; GPTBot/1.3; +https://openai.com/gptbot)"
74.7.227.152 - - [15/Apr/2026:18:17:08 +0000] "GET /items/D032109919/ HTTP/2" 200 0 "https://jj-77game.com.pk/sitemap-12.xml" "Mozilla/5.0 AppleWebKit/537.36 (KHTML, like Gecko; compatible; GPTBot/1.3; +https://openai.com/gptbot)"
74.7.227.152 - - [15/Apr/2026:18:17:11 +0000] "GET /items/D032983395/ HTTP/2" 200 0 "https://jj-77game.com.pk/sitemap-14.xml" "Mozilla/5.0 AppleWebKit/537.36 (KHTML, like Gecko; compatible; GPTBot/1.3; +https://openai.com/gptbot)"
74.7.227.152 - - [15/Apr/2026:18:17:13 +0000] "GET /items/D032172757/ HTTP/2" 200 0 "https://jj-77game.com.pk/sitemap-13.xml" "Mozilla/5.0 AppleWebKit/537.36 (KHTML, like Gecko; compatible; GPTBot/1.3; +https://openai.com/gptbot)"
74.7.227.152 - - [15/Apr/2026:18:17:16 +0000] "GET /items/D032360650/ HTTP/2" 200 0 "https://jj-77game.com.pk/sitemap-13.xml" "Mozilla/5.0 AppleWebKit/537.36 (KHTML, like Gecko; compatible; GPTBot/1.3; +https://openai.com/gptbot)"
74.7.227.152 - - [15/Apr/2026:18:17:19 +0000] "GET /items/D031771349/ HTTP/2" 200 0 "https://jj-77game.com.pk/sitemap-11.xml" "Mozilla/5.0 AppleWebKit/537.36 (KHTML, like Gecko; compatible; GPTBot/1.3; +https://openai.com/gptbot)"
74.7.227.152 - - [15/Apr/2026:18:17:22 +0000] "GET /items/D033163676/ HTTP/2" 200 0 "https://jj-77game.com.pk/sitemap-15.xml" "Mozilla/5.0 AppleWebKit/537.36 (KHTML, like Gecko; compatible; GPTBot/1.3; +https://openai.com/gptbot)"
74.7.227.152 - - [15/Apr/2026:18:17:24 +0000] "GET /items/D033665202/ HTTP/2" 200 0 "https://jj-77game.com.pk/sitemap-13.xml" "Mozilla/5.0 AppleWebKit/537.36 (KHTML, like Gecko; compatible; GPTBot/1.3; +https://openai.com/gptbot)"
74.7.227.152 - - [15/Apr/2026:18:17:27 +0000] "GET /items/D033471500/ HTTP/2" 200 0 "https://jj-77game.com.pk/sitemap-15.xml" "Mozilla/5.0 AppleWebKit/537.36 (KHTML, like Gecko; compatible; GPTBot/1.3; +https://openai.com/gptbot)"
85.208.96.197 - - [15/Apr/2026:18:17:28 +0000] "GET /items/D031644989/ HTTP/1.1" 200 0 "-" "Mozilla/5.0 (compatible; SemrushBot/7~bl; +http://www.semrush.com/bot.html)"
74.7.227.152 - - [15/Apr/2026:18:17:29 +0000] "GET /items/D034360026/ HTTP/2" 200 0 "https://jj-77game.com.pk/sitemap-14.xml" "Mozilla/5.0 AppleWebKit/537.36 (KHTML, like Gecko; compatible; GPTBot/1.3; +https://openai.com/gptbot)"
74.7.227.152 - - [15/Apr/2026:18:17:32 +0000] "GET /items/D032398218/ HTTP/2" 200 0 "https://jj-77game.com.pk/sitemap-13.xml" "Mozilla/5.0 AppleWebKit/537.36 (KHTML, like Gecko; compatible; GPTBot/1.3; +https://openai.com/gptbot)"
74.7.227.152 - - [15/Apr/2026:18:17:35 +0000] "GET /items/D031934100/ HTTP/2" 200 0 "https://jj-77game.com.pk/sitemap-13.xml" "Mozilla/5.0 AppleWebKit/537.36 (KHTML, like Gecko; compatible; GPTBot/1.3; +https://openai.com/gptbot)"
74.7.227.152 - - [15/Apr/2026:18:17:38 +0000] "GET /items/D031949644/ HTTP/2" 200 0 "https://jj-77game.com.pk/sitemap-11.xml" "Mozilla/5.0 AppleWebKit/537.36 (KHTML, like Gecko; compatible; GPTBot/1.3; +https://openai.com/gptbot)"
185.191.171.3 - - [15/Apr/2026:18:17:41 +0000] "GET /items/D032381780/ HTTP/1.1" 200 0 "-" "Mozilla/5.0 (compatible; SemrushBot/7~bl; +http://www.semrush.com/bot.html)"
74.7.227.152 - - [15/Apr/2026:18:17:42 +0000] "GET /items/D032939284/ HTTP/2" 200 0 "https://jj-77game.com.pk/sitemap-11.xml" "Mozilla/5.0 AppleWebKit/537.36 (KHTML, like Gecko; compatible; GPTBot/1.3; +https://openai.com/gptbot)"
74.7.227.152 - - [15/Apr/2026:18:17:44 +0000] "GET /items/D034237392/ HTTP/2" 200 0 "https://jj-77game.com.pk/sitemap-11.xml" "Mozilla/5.0 AppleWebKit/537.36 (KHTML, like Gecko; compatible; GPTBot/1.3; +https://openai.com/gptbot)"
185.191.171.5 - - [15/Apr/2026:18:17:47 +0000] "GET /items/D033141010/ HTTP/1.1" 200 0 "-" "Mozilla/5.0 (compatible; SemrushBot/7~bl; +http://www.semrush.com/bot.html)"
74.7.227.152 - - [15/Apr/2026:18:17:48 +0000] "GET /items/D033801214/ HTTP/2" 200 0 "https://jj-77game.com.pk/sitemap-1.xml" "Mozilla/5.0 AppleWebKit/537.36 (KHTML, like Gecko; compatible; GPTBot/1.3; +https://openai.com/gptbot)"
74.7.227.152 - - [15/Apr/2026:18:17:50 +0000] "GET /items/D032347404/ HTTP/2" 200 0 "https://jj-77game.com.pk/sitemap-14.xml" "Mozilla/5.0 AppleWebKit/537.36 (KHTML, like Gecko; compatible; GPTBot/1.3; +https://openai.com/gptbot)"
85.208.96.201 - - [15/Apr/2026:18:17:51 +0000] "GET /items/D034525207/ HTTP/1.1" 200 0 "-" "Mozilla/5.0 (compatible; SemrushBot/7~bl; +http://www.semrush.com/bot.html)"
74.7.227.152 - - [15/Apr/2026:18:17:53 +0000] "GET /items/D033146499/ HTTP/2" 200 0 "https://jj-77game.com.pk/sitemap-12.xml" "Mozilla/5.0 AppleWebKit/537.36 (KHTML, like Gecko; compatible; GPTBot/1.3; +https://openai.com/gptbot)"
74.7.227.152 - - [15/Apr/2026:18:17:56 +0000] "GET /items/D032822094/ HTTP/2" 200 0 "https://jj-77game.com.pk/sitemap-15.xml" "Mozilla/5.0 AppleWebKit/537.36 (KHTML, like Gecko; compatible; GPTBot/1.3; +https://openai.com/gptbot)"
74.7.227.152 - - [15/Apr/2026:18:17:59 +0000] "GET /items/D032331668/ HTTP/2" 200 0 "https://jj-77game.com.pk/sitemap-12.xml" "Mozilla/5.0 AppleWebKit/537.36 (KHTML, like Gecko; compatible; GPTBot/1.3; +https://openai.com/gptbot)"
185.191.171.7 - - [15/Apr/2026:18:18:00 +0000] "GET /items/D032524147/ HTTP/1.1" 200 0 "-" "Mozilla/5.0 (compatible; SemrushBot/7~bl; +http://www.semrush.com/bot.html)"
74.7.227.152 - - [15/Apr/2026:18:18:02 +0000] "GET /items/D034153224/ HTTP/2" 200 0 "https://jj-77game.com.pk/sitemap-15.xml" "Mozilla/5.0 AppleWebKit/537.36 (KHTML, like Gecko; compatible; GPTBot/1.3; +https://openai.com/gptbot)"
74.7.227.152 - - [15/Apr/2026:18:18:04 +0000] "GET /items/D032182918/ HTTP/2" 200 0 "https://jj-77game.com.pk/sitemap-11.xml" "Mozilla/5.0 AppleWebKit/537.36 (KHTML, like Gecko; compatible; GPTBot/1.3; +https://openai.com/gptbot)"
74.7.227.152 - - [15/Apr/2026:18:18:07 +0000] "GET /items/D031072290/ HTTP/2" 200 0 "https://jj-77game.com.pk/sitemap-1.xml" "Mozilla/5.0 AppleWebKit/537.36 (KHTML, like Gecko; compatible; GPTBot/1.3; +https://openai.com/gptbot)"
74.7.227.152 - - [15/Apr/2026:18:18:10 +0000] "GET /items/D032002427/ HTTP/2" 200 0 "https://jj-77game.com.pk/sitemap-15.xml" "Mozilla/5.0 AppleWebKit/537.36 (KHTML, like Gecko; compatible; GPTBot/1.3; +https://openai.com/gptbot)"
74.7.227.152 - - [15/Apr/2026:18:18:13 +0000] "GET /items/D033896963/ HTTP/2" 200 0 "https://jj-77game.com.pk/sitemap-1.xml" "Mozilla/5.0 AppleWebKit/537.36 (KHTML, like Gecko; compatible; GPTBot/1.3; +https://openai.com/gptbot)"
74.7.227.152 - - [15/Apr/2026:18:18:15 +0000] "GET /items/D033057936/ HTTP/2" 200 0 "https://jj-77game.com.pk/sitemap-11.xml" "Mozilla/5.0 AppleWebKit/537.36 (KHTML, like Gecko; compatible; GPTBot/1.3; +https://openai.com/gptbot)"
185.191.171.13 - - [15/Apr/2026:18:18:17 +0000] "GET /items/D031780467/ HTTP/1.1" 200 0 "-" "Mozilla/5.0 (compatible; SemrushBot/7~bl; +http://www.semrush.com/bot.html)"
74.7.227.152 - - [15/Apr/2026:18:18:18 +0000] "GET /items/D033649636/ HTTP/2" 200 0 "https://jj-77game.com.pk/sitemap-11.xml" "Mozilla/5.0 AppleWebKit/537.36 (KHTML, like Gecko; compatible; GPTBot/1.3; +https://openai.com/gptbot)"
74.7.227.152 - - [15/Apr/2026:18:18:21 +0000] "GET /items/D031811691/ HTTP/2" 200 0 "https://jj-77game.com.pk/sitemap-13.xml" "Mozilla/5.0 AppleWebKit/537.36 (KHTML, like Gecko; compatible; GPTBot/1.3; +https://openai.com/gptbot)"
85.208.96.193 - - [15/Apr/2026:18:18:22 +0000] "GET /items/D032141031/ HTTP/1.1" 200 0 "-" "Mozilla/5.0 (compatible; SemrushBot/7~bl; +http://www.semrush.com/bot.html)"
74.7.227.152 - - [15/Apr/2026:18:18:24 +0000] "GET /items/D031869908/ HTTP/2" 200 0 "https://jj-77game.com.pk/sitemap-1.xml" "Mozilla/5.0 AppleWebKit/537.36 (KHTML, like Gecko; compatible; GPTBot/1.3; +https://openai.com/gptbot)"
74.7.227.152 - - [15/Apr/2026:18:18:27 +0000] "GET /items/D033653822/ HTTP/2" 200 0 "https://jj-77game.com.pk/sitemap-12.xml" "Mozilla/5.0 AppleWebKit/537.36 (KHTML, like Gecko; compatible; GPTBot/1.3; +https://openai.com/gptbot)"
74.7.227.152 - - [15/Apr/2026:18:18:31 +0000] "GET /items/D033928387/ HTTP/2" 200 0 "https://jj-77game.com.pk/sitemap-1.xml" "Mozilla/5.0 AppleWebKit/537.36 (KHTML, like Gecko; compatible; GPTBot/1.3; +https://openai.com/gptbot)"
74.7.227.152 - - [15/Apr/2026:18:18:34 +0000] "GET /items/D032008052/ HTTP/2" 200 0 "https://jj-77game.com.pk/sitemap-11.xml" "Mozilla/5.0 AppleWebKit/537.36 (KHTML, like Gecko; compatible; GPTBot/1.3; +https://openai.com/gptbot)"
74.7.227.152 - - [15/Apr/2026:18:18:38 +0000] "GET /items/D031802028/ HTTP/2" 200 0 "https://jj-77game.com.pk/sitemap-16.xml" "Mozilla/5.0 AppleWebKit/537.36 (KHTML, like Gecko; compatible; GPTBot/1.3; +https://openai.com/gptbot)"
74.7.227.152 - - [15/Apr/2026:18:18:41 +0000] "GET /items/D033558860/ HTTP/2" 200 0 "https://jj-77game.com.pk/sitemap-14.xml" "Mozilla/5.0 AppleWebKit/537.36 (KHTML, like Gecko; compatible; GPTBot/1.3; +https://openai.com/gptbot)"
74.7.227.152 - - [15/Apr/2026:18:18:44 +0000] "GET /items/D033640460/ HTTP/2" 200 0 "https://jj-77game.com.pk/sitemap-14.xml" "Mozilla/5.0 AppleWebKit/537.36 (KHTML, like Gecko; compatible; GPTBot/1.3; +https://openai.com/gptbot)"
74.7.227.152 - - [15/Apr/2026:18:18:48 +0000] "GET /items/D032200793/ HTTP/2" 200 0 "https://jj-77game.com.pk/sitemap-13.xml" "Mozilla/5.0 AppleWebKit/537.36 (KHTML, like Gecko; compatible; GPTBot/1.3; +https://openai.com/gptbot)"
74.7.227.152 - - [15/Apr/2026:18:18:51 +0000] "GET /items/D031662382/ HTTP/2" 200 0 "https://jj-77game.com.pk/sitemap-1.xml" "Mozilla/5.0 AppleWebKit/537.36 (KHTML, like Gecko; compatible; GPTBot/1.3; +https://openai.com/gptbot)"
185.191.171.3 - - [15/Apr/2026:18:18:51 +0000] "GET /items/D032665179/ HTTP/1.1" 200 0 "-" "Mozilla/5.0 (compatible; SemrushBot/7~bl; +http://www.semrush.com/bot.html)"
74.7.227.152 - - [15/Apr/2026:18:18:53 +0000] "GET /items/D034044674/ HTTP/2" 200 0 "https://jj-77game.com.pk/sitemap-14.xml" "Mozilla/5.0 AppleWebKit/537.36 (KHTML, like Gecko; compatible; GPTBot/1.3; +https://openai.com/gptbot)"
74.7.227.152 - - [15/Apr/2026:18:18:56 +0000] "GET /items/D032251319/ HTTP/2" 200 0 "https://jj-77game.com.pk/sitemap-12.xml" "Mozilla/5.0 AppleWebKit/537.36 (KHTML, like Gecko; compatible; GPTBot/1.3; +https://openai.com/gptbot)"
74.7.227.152 - - [15/Apr/2026:18:18:58 +0000] "GET /items/D031962911/ HTTP/2" 200 0 "https://jj-77game.com.pk/sitemap-11.xml" "Mozilla/5.0 AppleWebKit/537.36 (KHTML, like Gecko; compatible; GPTBot/1.3; +https://openai.com/gptbot)"
74.7.227.152 - - [15/Apr/2026:18:19:01 +0000] "GET /items/D033940040/ HTTP/2" 200 0 "https://jj-77game.com.pk/sitemap-11.xml" "Mozilla/5.0 AppleWebKit/537.36 (KHTML, like Gecko; compatible; GPTBot/1.3; +https://openai.com/gptbot)"
74.7.227.152 - - [15/Apr/2026:18:19:03 +0000] "GET /items/D031744150/ HTTP/2" 200 0 "https://jj-77game.com.pk/sitemap-15.xml" "Mozilla/5.0 AppleWebKit/537.36 (KHTML, like Gecko; compatible; GPTBot/1.3; +https://openai.com/gptbot)"
74.7.227.152 - - [15/Apr/2026:18:19:05 +0000] "GET /items/D032170997/ HTTP/2" 200 0 "https://jj-77game.com.pk/sitemap-11.xml" "Mozilla/5.0 AppleWebKit/537.36 (KHTML, like Gecko; compatible; GPTBot/1.3; +https://openai.com/gptbot)"
74.7.227.152 - - [15/Apr/2026:18:19:08 +0000] "GET /items/D031242366/ HTTP/2" 200 0 "https://jj-77game.com.pk/sitemap-11.xml" "Mozilla/5.0 AppleWebKit/537.36 (KHTML, like Gecko; compatible; GPTBot/1.3; +https://openai.com/gptbot)"
74.7.227.152 - - [15/Apr/2026:18:19:10 +0000] "GET /items/D033005836/ HTTP/2" 200 0 "https://jj-77game.com.pk/sitemap-16.xml" "Mozilla/5.0 AppleWebKit/537.36 (KHTML, like Gecko; compatible; GPTBot/1.3; +https://openai.com/gptbot)"
74.7.227.152 - - [15/Apr/2026:18:19:12 +0000] "GET /items/D031367467/ HTTP/2" 200 0 "https://jj-77game.com.pk/sitemap-14.xml" "Mozilla/5.0 AppleWebKit/537.36 (KHTML, like Gecko; compatible; GPTBot/1.3; +https://openai.com/gptbot)"
74.7.227.152 - - [15/Apr/2026:18:19:15 +0000] "GET /items/D033041469/ HTTP/2" 200 0 "https://jj-77game.com.pk/sitemap-16.xml" "Mozilla/5.0 AppleWebKit/537.36 (KHTML, like Gecko; compatible; GPTBot/1.3; +https://openai.com/gptbot)"
74.7.227.152 - - [15/Apr/2026:18:19:19 +0000] "GET /items/D032526331/ HTTP/2" 200 0 "https://jj-77game.com.pk/sitemap-12.xml" "Mozilla/5.0 AppleWebKit/537.36 (KHTML, like Gecko; compatible; GPTBot/1.3; +https://openai.com/gptbot)"
185.191.171.3 - - [15/Apr/2026:18:19:20 +0000] "GET /items/D033759456/ HTTP/1.1" 200 0 "-" "Mozilla/5.0 (compatible; SemrushBot/7~bl; +http://www.semrush.com/bot.html)"
74.7.227.152 - - [15/Apr/2026:18:19:21 +0000] "GET /items/D034081909/ HTTP/2" 200 0 "https://jj-77game.com.pk/sitemap-15.xml" "Mozilla/5.0 AppleWebKit/537.36 (KHTML, like Gecko; compatible; GPTBot/1.3; +https://openai.com/gptbot)"
74.7.227.152 - - [15/Apr/2026:18:19:24 +0000] "GET /items/D034810328/ HTTP/2" 200 0 "https://jj-77game.com.pk/sitemap-15.xml" "Mozilla/5.0 AppleWebKit/537.36 (KHTML, like Gecko; compatible; GPTBot/1.3; +https://openai.com/gptbot)"
74.7.227.152 - - [15/Apr/2026:18:19:26 +0000] "GET /items/D032024766/ HTTP/2" 200 0 "https://jj-77game.com.pk/sitemap-14.xml" "Mozilla/5.0 AppleWebKit/537.36 (KHTML, like Gecko; compatible; GPTBot/1.3; +https://openai.com/gptbot)"
74.7.227.152 - - [15/Apr/2026:18:19:29 +0000] "GET /items/D034653639/ HTTP/2" 200 0 "https://jj-77game.com.pk/sitemap-16.xml" "Mozilla/5.0 AppleWebKit/537.36 (KHTML, like Gecko; compatible; GPTBot/1.3; +https://openai.com/gptbot)"
202.0.148.218 - - [15/Apr/2026:18:19:28 +0000] "GET /wp-login.php HTTP/1.1" 200 2116 "-" "Mozilla/5.0 (Windows NT 10.0; Win64; x64) AppleWebKit/537.36 (KHTML, like Gecko) Chrome/58.0.3029.110 Safari/537.36 Edge/16.16299"
74.7.227.152 - - [15/Apr/2026:18:19:32 +0000] "GET /items/D034350889/ HTTP/2" 200 0 "https://jj-77game.com.pk/sitemap-16.xml" "Mozilla/5.0 AppleWebKit/537.36 (KHTML, like Gecko; compatible; GPTBot/1.3; +https://openai.com/gptbot)"
185.191.171.15 - - [15/Apr/2026:18:19:35 +0000] "GET /items/D031890944/ HTTP/1.1" 200 0 "-" "Mozilla/5.0 (compatible; SemrushBot/7~bl; +http://www.semrush.com/bot.html)"
202.0.148.218 - - [15/Apr/2026:18:19:33 +0000] "POST /wp-login.php HTTP/1.1" 302 0 "https://jj-77game.com.pk.millwin.org/wp-login.php" "Mozilla/5.0 (Windows NT 10.0; Win64; x64) AppleWebKit/537.36 (KHTML, like Gecko) Chrome/58.0.3029.110 Safari/537.36 Edge/16.16299"
74.7.227.152 - - [15/Apr/2026:18:19:36 +0000] "GET /items/D031314412/ HTTP/2" 200 0 "https://jj-77game.com.pk/sitemap-16.xml" "Mozilla/5.0 AppleWebKit/537.36 (KHTML, like Gecko; compatible; GPTBot/1.3; +https://openai.com/gptbot)"
202.0.148.218 - - [15/Apr/2026:18:19:36 +0000] "GET /wp-admin/ HTTP/1.1" 200 27011 "https://jj-77game.com.pk.millwin.org/wp-login.php" "Mozilla/5.0 (Windows NT 10.0; Win64; x64) AppleWebKit/537.36 (KHTML, like Gecko) Chrome/58.0.3029.110 Safari/537.36 Edge/16.16299"
74.7.227.152 - - [15/Apr/2026:18:19:38 +0000] "GET /items/D033753537/ HTTP/2" 200 0 "https://jj-77game.com.pk/sitemap-11.xml" "Mozilla/5.0 AppleWebKit/537.36 (KHTML, like Gecko; compatible; GPTBot/1.3; +https://openai.com/gptbot)"
202.0.148.218 - - [15/Apr/2026:18:19:38 +0000] "GET /wp-admin/plugin-install.php HTTP/1.1" 200 25786 "https://jj-77game.com.pk/wp-admin/plugin-install.php" "Mozilla/5.0 (Windows NT 10.0; Win64; x64) AppleWebKit/537.36 (KHTML, like Gecko) Chrome/58.0.3029.110 Safari/537.36 Edge/16.16299"
74.7.227.152 - - [15/Apr/2026:18:19:42 +0000] "GET /items/D031339203/ HTTP/2" 200 0 "https://jj-77game.com.pk/sitemap-1.xml" "Mozilla/5.0 AppleWebKit/537.36 (KHTML, like Gecko; compatible; GPTBot/1.3; +https://openai.com/gptbot)"
74.7.227.152 - - [15/Apr/2026:18:19:44 +0000] "GET /items/D033519413/ HTTP/2" 200 0 "https://jj-77game.com.pk/sitemap-13.xml" "Mozilla/5.0 AppleWebKit/537.36 (KHTML, like Gecko; compatible; GPTBot/1.3; +https://openai.com/gptbot)"
202.0.148.218 - - [15/Apr/2026:18:19:42 +0000] "POST /wp-admin/update.php?action=upload-plugin HTTP/1.1" 403 787 "https://jj-77game.com.pk/wp-admin/plugin-install.php" "Mozilla/5.0 (Windows NT 10.0; Win64; x64) AppleWebKit/537.36 (KHTML, like Gecko) Chrome/58.0.3029.110 Safari/537.36 Edge/16.16299"
202.0.148.218 - - [15/Apr/2026:18:19:48 +0000] "GET /wp-content/plugins/autoptimize/check_file.php HTTP/1.1" 200 0 "https://jj-77game.com.pk/wp-admin/plugin-install.php" "Mozilla/5.0 (Windows NT 10.0; Win64; x64) AppleWebKit/537.36 (KHTML, like Gecko) Chrome/58.0.3029.110 Safari/537.36 Edge/16.16299"
74.7.227.152 - - [15/Apr/2026:18:19:48 +0000] "GET /items/D031361019/ HTTP/2" 200 0 "https://jj-77game.com.pk/sitemap-13.xml" "Mozilla/5.0 AppleWebKit/537.36 (KHTML, like Gecko; compatible; GPTBot/1.3; +https://openai.com/gptbot)"
85.208.96.196 - - [15/Apr/2026:18:19:48 +0000] "GET /items/D031308109/ HTTP/1.1" 200 0 "-" "Mozilla/5.0 (compatible; SemrushBot/7~bl; +http://www.semrush.com/bot.html)"
202.0.148.218 - - [15/Apr/2026:18:19:49 +0000] "GET /wp-content/themes/autoptimize/check_file.php HTTP/1.1" 200 0 "https://jj-77game.com.pk/wp-admin/plugin-install.php" "Mozilla/5.0 (Windows NT 10.0; Win64; x64) AppleWebKit/537.36 (KHTML, like Gecko) Chrome/58.0.3029.110 Safari/537.36 Edge/16.16299"
74.7.227.152 - - [15/Apr/2026:18:19:50 +0000] "GET /items/D031209255/ HTTP/2" 200 0 "https://jj-77game.com.pk/sitemap-12.xml" "Mozilla/5.0 AppleWebKit/537.36 (KHTML, like Gecko; compatible; GPTBot/1.3; +https://openai.com/gptbot)"
74.7.227.152 - - [15/Apr/2026:18:19:52 +0000] "GET /items/D031824844/ HTTP/2" 200 0 "https://jj-77game.com.pk/sitemap-12.xml" "Mozilla/5.0 AppleWebKit/537.36 (KHTML, like Gecko; compatible; GPTBot/1.3; +https://openai.com/gptbot)"
74.7.227.152 - - [15/Apr/2026:18:19:55 +0000] "GET /items/D034067339/ HTTP/2" 200 0 "https://jj-77game.com.pk/sitemap-12.xml" "Mozilla/5.0 AppleWebKit/537.36 (KHTML, like Gecko; compatible; GPTBot/1.3; +https://openai.com/gptbot)"
74.7.227.152 - - [15/Apr/2026:18:19:58 +0000] "GET /items/D033946430/ HTTP/2" 200 0 "https://jj-77game.com.pk/sitemap-16.xml" "Mozilla/5.0 AppleWebKit/537.36 (KHTML, like Gecko; compatible; GPTBot/1.3; +https://openai.com/gptbot)"
74.7.227.152 - - [15/Apr/2026:18:20:01 +0000] "GET /items/D033423297/ HTTP/2" 200 0 "https://jj-77game.com.pk/sitemap-14.xml" "Mozilla/5.0 AppleWebKit/537.36 (KHTML, like Gecko; compatible; GPTBot/1.3; +https://openai.com/gptbot)"
74.7.227.152 - - [15/Apr/2026:18:20:04 +0000] "GET /items/D034688968/ HTTP/2" 200 0 "https://jj-77game.com.pk/sitemap-11.xml" "Mozilla/5.0 AppleWebKit/537.36 (KHTML, like Gecko; compatible; GPTBot/1.3; +https://openai.com/gptbot)"
74.7.227.152 - - [15/Apr/2026:18:20:08 +0000] "GET /items/D032207024/ HTTP/2" 200 0 "https://jj-77game.com.pk/sitemap-11.xml" "Mozilla/5.0 AppleWebKit/537.36 (KHTML, like Gecko; compatible; GPTBot/1.3; +https://openai.com/gptbot)"
74.7.227.152 - - [15/Apr/2026:18:20:13 +0000] "GET /items/D033796220/ HTTP/2" 200 0 "https://jj-77game.com.pk/sitemap-15.xml" "Mozilla/5.0 AppleWebKit/537.36 (KHTML, like Gecko; compatible; GPTBot/1.3; +https://openai.com/gptbot)"
74.7.227.152 - - [15/Apr/2026:18:20:17 +0000] "GET /items/D033234273/ HTTP/2" 200 0 "https://jj-77game.com.pk/sitemap-16.xml" "Mozilla/5.0 AppleWebKit/537.36 (KHTML, like Gecko; compatible; GPTBot/1.3; +https://openai.com/gptbot)"
185.244.36.210 - - [15/Apr/2026:18:20:20 +0000] "POST /wp-cron.php?doing_wp_cron=1776277220.7724680900573730468750 HTTP/1.1" 200 0 "-" "WordPress/6.9.4; https://jj-77game.com.pk"
74.7.227.152 - - [15/Apr/2026:18:20:20 +0000] "GET /items/D034346456/ HTTP/2" 200 0 "https://jj-77game.com.pk/sitemap-1.xml" "Mozilla/5.0 AppleWebKit/537.36 (KHTML, like Gecko; compatible; GPTBot/1.3; +https://openai.com/gptbot)"
5.78.159.87 - - [15/Apr/2026:18:20:21 +0000] "POST /xmlrpc.php HTTP/1.1" 200 3781 "-" "Mozilla/5.0 (Windows NT 10.0; Win64; x64) AppleWebKit/537.36 (KHTML, like Gecko) Chrome/108.0.0.0 Safari/537.36"
74.7.227.152 - - [15/Apr/2026:18:20:24 +0000] "GET /items/D034410088/ HTTP/2" 200 0 "https://jj-77game.com.pk/sitemap-15.xml" "Mozilla/5.0 AppleWebKit/537.36 (KHTML, like Gecko; compatible; GPTBot/1.3; +https://openai.com/gptbot)"
5.78.159.87 - - [15/Apr/2026:18:20:26 +0000] "GET /yukon-gold-1-deposit-how-the-150-free-spins-offer-works/ HTTP/1.1" 200 0 "-" "Mozilla/5.0 (Windows NT 10.0; Win64; x64) AppleWebKit/537.36 (KHTML, like Gecko) Chrome/108.0.0.0 Safari/537.36"
74.7.227.152 - - [15/Apr/2026:18:20:28 +0000] "GET /items/D033649459/ HTTP/2" 200 0 "https://jj-77game.com.pk/sitemap-12.xml" "Mozilla/5.0 AppleWebKit/537.36 (KHTML, like Gecko; compatible; GPTBot/1.3; +https://openai.com/gptbot)"
74.7.227.152 - - [15/Apr/2026:18:20:32 +0000] "GET /items/D032551731/ HTTP/2" 200 0 "https://jj-77game.com.pk/sitemap-13.xml" "Mozilla/5.0 AppleWebKit/537.36 (KHTML, like Gecko; compatible; GPTBot/1.3; +https://openai.com/gptbot)"
74.7.227.152 - - [15/Apr/2026:18:20:36 +0000] "GET /items/D032848184/ HTTP/2" 200 0 "https://jj-77game.com.pk/sitemap-16.xml" "Mozilla/5.0 AppleWebKit/537.36 (KHTML, like Gecko; compatible; GPTBot/1.3; +https://openai.com/gptbot)"
74.7.227.152 - - [15/Apr/2026:18:20:39 +0000] "GET /items/D033288331/ HTTP/2" 200 0 "https://jj-77game.com.pk/sitemap-13.xml" "Mozilla/5.0 AppleWebKit/537.36 (KHTML, like Gecko; compatible; GPTBot/1.3; +https://openai.com/gptbot)"
74.7.227.152 - - [15/Apr/2026:18:20:42 +0000] "GET /items/D032116163/ HTTP/2" 200 0 "https://jj-77game.com.pk/sitemap-12.xml" "Mozilla/5.0 AppleWebKit/537.36 (KHTML, like Gecko; compatible; GPTBot/1.3; +https://openai.com/gptbot)"
85.208.96.209 - - [15/Apr/2026:18:20:43 +0000] "GET /items/D032806450/ HTTP/1.1" 200 0 "-" "Mozilla/5.0 (compatible; SemrushBot/7~bl; +http://www.semrush.com/bot.html)"
85.208.96.202 - - [15/Apr/2026:18:20:44 +0000] "GET /items/D031606638/ HTTP/1.1" 200 0 "-" "Mozilla/5.0 (compatible; SemrushBot/7~bl; +http://www.semrush.com/bot.html)"
5.255.231.49 - - [15/Apr/2026:18:20:45 +0000] "GET /yukon-gold-1-deposit-how-the-150-free-spins-offer-works/ HTTP/1.1" 200 0 "-" "Mozilla/5.0 (compatible; YandexBot/3.0; +http://yandex.com/bots)"
74.7.227.152 - - [15/Apr/2026:18:20:46 +0000] "GET /items/D031599137/ HTTP/2" 200 0 "https://jj-77game.com.pk/sitemap-16.xml" "Mozilla/5.0 AppleWebKit/537.36 (KHTML, like Gecko; compatible; GPTBot/1.3; +https://openai.com/gptbot)"
74.7.227.152 - - [15/Apr/2026:18:20:50 +0000] "GET /items/D032064136/ HTTP/2" 200 0 "https://jj-77game.com.pk/sitemap-16.xml" "Mozilla/5.0 AppleWebKit/537.36 (KHTML, like Gecko; compatible; GPTBot/1.3; +https://openai.com/gptbot)"
74.7.227.152 - - [15/Apr/2026:18:20:54 +0000] "GET /items/D033837319/ HTTP/2" 200 0 "https://jj-77game.com.pk/sitemap-1.xml" "Mozilla/5.0 AppleWebKit/537.36 (KHTML, like Gecko; compatible; GPTBot/1.3; +https://openai.com/gptbot)"
74.7.227.152 - - [15/Apr/2026:18:20:57 +0000] "GET /items/D033934149/ HTTP/2" 200 0 "https://jj-77game.com.pk/sitemap-15.xml" "Mozilla/5.0 AppleWebKit/537.36 (KHTML, like Gecko; compatible; GPTBot/1.3; +https://openai.com/gptbot)"
74.7.227.152 - - [15/Apr/2026:18:21:00 +0000] "GET /items/D034630026/ HTTP/2" 200 0 "https://jj-77game.com.pk/sitemap-14.xml" "Mozilla/5.0 AppleWebKit/537.36 (KHTML, like Gecko; compatible; GPTBot/1.3; +https://openai.com/gptbot)"
74.7.227.152 - - [15/Apr/2026:18:21:03 +0000] "GET /items/D031711257/ HTTP/2" 200 0 "https://jj-77game.com.pk/sitemap-11.xml" "Mozilla/5.0 AppleWebKit/537.36 (KHTML, like Gecko; compatible; GPTBot/1.3; +https://openai.com/gptbot)"
74.7.227.152 - - [15/Apr/2026:18:21:06 +0000] "GET /items/D034570722/ HTTP/2" 200 0 "https://jj-77game.com.pk/sitemap-14.xml" "Mozilla/5.0 AppleWebKit/537.36 (KHTML, like Gecko; compatible; GPTBot/1.3; +https://openai.com/gptbot)"
185.191.171.9 - - [15/Apr/2026:18:21:08 +0000] "GET /items/D031299316/ HTTP/1.1" 200 0 "-" "Mozilla/5.0 (compatible; SemrushBot/7~bl; +http://www.semrush.com/bot.html)"
74.7.227.152 - - [15/Apr/2026:18:21:09 +0000] "GET /items/D032102038/ HTTP/2" 200 0 "https://jj-77game.com.pk/sitemap-1.xml" "Mozilla/5.0 AppleWebKit/537.36 (KHTML, like Gecko; compatible; GPTBot/1.3; +https://openai.com/gptbot)"
74.7.227.152 - - [15/Apr/2026:18:21:12 +0000] "GET /items/D031954500/ HTTP/2" 200 0 "https://jj-77game.com.pk/sitemap-1.xml" "Mozilla/5.0 AppleWebKit/537.36 (KHTML, like Gecko; compatible; GPTBot/1.3; +https://openai.com/gptbot)"
74.7.227.152 - - [15/Apr/2026:18:21:16 +0000] "GET /items/D033993006/ HTTP/2" 200 0 "https://jj-77game.com.pk/sitemap-14.xml" "Mozilla/5.0 AppleWebKit/537.36 (KHTML, like Gecko; compatible; GPTBot/1.3; +https://openai.com/gptbot)"
74.7.227.152 - - [15/Apr/2026:18:21:20 +0000] "GET /items/D032031670/ HTTP/2" 200 0 "https://jj-77game.com.pk/sitemap-16.xml" "Mozilla/5.0 AppleWebKit/537.36 (KHTML, like Gecko; compatible; GPTBot/1.3; +https://openai.com/gptbot)"
74.7.227.152 - - [15/Apr/2026:18:21:23 +0000] "GET /items/D033076048/ HTTP/2" 200 0 "https://jj-77game.com.pk/sitemap-16.xml" "Mozilla/5.0 AppleWebKit/537.36 (KHTML, like Gecko; compatible; GPTBot/1.3; +https://openai.com/gptbot)"
74.7.227.152 - - [15/Apr/2026:18:21:27 +0000] "GET /items/D031205577/ HTTP/2" 200 0 "https://jj-77game.com.pk/sitemap-16.xml" "Mozilla/5.0 AppleWebKit/537.36 (KHTML, like Gecko; compatible; GPTBot/1.3; +https://openai.com/gptbot)"
213.180.203.234 - - [15/Apr/2026:18:21:27 +0000] "GET /items/D033211756/ HTTP/1.1" 200 0 "-" "Mozilla/5.0 (compatible; YandexBot/3.0; +http://yandex.com/bots)"
74.7.227.152 - - [15/Apr/2026:18:21:31 +0000] "GET /items/D032299513/ HTTP/2" 200 0 "https://jj-77game.com.pk/sitemap-15.xml" "Mozilla/5.0 AppleWebKit/537.36 (KHTML, like Gecko; compatible; GPTBot/1.3; +https://openai.com/gptbot)"
185.191.171.13 - - [15/Apr/2026:18:21:33 +0000] "GET /items/D031907955/ HTTP/1.1" 200 0 "-" "Mozilla/5.0 (compatible; SemrushBot/7~bl; +http://www.semrush.com/bot.html)"
74.7.227.152 - - [15/Apr/2026:18:21:34 +0000] "GET /items/D033566282/ HTTP/2" 200 0 "https://jj-77game.com.pk/sitemap-14.xml" "Mozilla/5.0 AppleWebKit/537.36 (KHTML, like Gecko; compatible; GPTBot/1.3; +https://openai.com/gptbot)"
74.7.227.152 - - [15/Apr/2026:18:21:36 +0000] "GET /items/D033699052/ HTTP/2" 200 0 "https://jj-77game.com.pk/sitemap-13.xml" "Mozilla/5.0 AppleWebKit/537.36 (KHTML, like Gecko; compatible; GPTBot/1.3; +https://openai.com/gptbot)"
74.7.227.152 - - [15/Apr/2026:18:21:39 +0000] "GET /items/D031532028/ HTTP/2" 200 0 "https://jj-77game.com.pk/sitemap-15.xml" "Mozilla/5.0 AppleWebKit/537.36 (KHTML, like Gecko; compatible; GPTBot/1.3; +https://openai.com/gptbot)"
85.208.96.209 - - [15/Apr/2026:18:21:40 +0000] "GET /items/D032309108/ HTTP/1.1" 200 0 "-" "Mozilla/5.0 (compatible; SemrushBot/7~bl; +http://www.semrush.com/bot.html)"
74.7.227.152 - - [15/Apr/2026:18:21:41 +0000] "GET /items/D034689988/ HTTP/2" 200 0 "https://jj-77game.com.pk/sitemap-12.xml" "Mozilla/5.0 AppleWebKit/537.36 (KHTML, like Gecko; compatible; GPTBot/1.3; +https://openai.com/gptbot)"
74.7.227.152 - - [15/Apr/2026:18:21:44 +0000] "GET /items/D034029495/ HTTP/2" 200 0 "https://jj-77game.com.pk/sitemap-15.xml" "Mozilla/5.0 AppleWebKit/537.36 (KHTML, like Gecko; compatible; GPTBot/1.3; +https://openai.com/gptbot)"
74.7.227.152 - - [15/Apr/2026:18:21:48 +0000] "GET /items/D033717395/ HTTP/2" 200 0 "https://jj-77game.com.pk/sitemap-16.xml" "Mozilla/5.0 AppleWebKit/537.36 (KHTML, like Gecko; compatible; GPTBot/1.3; +https://openai.com/gptbot)"
74.7.227.152 - - [15/Apr/2026:18:21:51 +0000] "GET /items/D031739697/ HTTP/2" 200 0 "https://jj-77game.com.pk/sitemap-13.xml" "Mozilla/5.0 AppleWebKit/537.36 (KHTML, like Gecko; compatible; GPTBot/1.3; +https://openai.com/gptbot)"
74.7.227.152 - - [15/Apr/2026:18:21:54 +0000] "GET /items/D032011402/ HTTP/2" 200 0 "https://jj-77game.com.pk/sitemap-13.xml" "Mozilla/5.0 AppleWebKit/537.36 (KHTML, like Gecko; compatible; GPTBot/1.3; +https://openai.com/gptbot)"
74.7.227.152 - - [15/Apr/2026:18:21:57 +0000] "GET /items/D032830886/ HTTP/2" 200 0 "https://jj-77game.com.pk/sitemap-14.xml" "Mozilla/5.0 AppleWebKit/537.36 (KHTML, like Gecko; compatible; GPTBot/1.3; +https://openai.com/gptbot)"
74.7.227.152 - - [15/Apr/2026:18:22:00 +0000] "GET /items/D033003400/ HTTP/2" 200 0 "https://jj-77game.com.pk/sitemap-1.xml" "Mozilla/5.0 AppleWebKit/537.36 (KHTML, like Gecko; compatible; GPTBot/1.3; +https://openai.com/gptbot)"
85.208.96.193 - - [15/Apr/2026:18:22:03 +0000] "GET /items/D031418858/ HTTP/1.1" 200 0 "-" "Mozilla/5.0 (compatible; SemrushBot/7~bl; +http://www.semrush.com/bot.html)"
74.7.227.152 - - [15/Apr/2026:18:22:04 +0000] "GET /items/D031800424/ HTTP/2" 200 0 "https://jj-77game.com.pk/sitemap-14.xml" "Mozilla/5.0 AppleWebKit/537.36 (KHTML, like Gecko; compatible; GPTBot/1.3; +https://openai.com/gptbot)"
74.7.227.152 - - [15/Apr/2026:18:22:07 +0000] "GET /items/D031620012/ HTTP/2" 200 0 "https://jj-77game.com.pk/sitemap-11.xml" "Mozilla/5.0 AppleWebKit/537.36 (KHTML, like Gecko; compatible; GPTBot/1.3; +https://openai.com/gptbot)"
74.7.227.152 - - [15/Apr/2026:18:22:10 +0000] "GET /items/D033433056/ HTTP/2" 200 0 "https://jj-77game.com.pk/sitemap-12.xml" "Mozilla/5.0 AppleWebKit/537.36 (KHTML, like Gecko; compatible; GPTBot/1.3; +https://openai.com/gptbot)"
74.7.227.152 - - [15/Apr/2026:18:22:12 +0000] "GET /items/D032970893/ HTTP/2" 200 0 "https://jj-77game.com.pk/sitemap-1.xml" "Mozilla/5.0 AppleWebKit/537.36 (KHTML, like Gecko; compatible; GPTBot/1.3; +https://openai.com/gptbot)"
74.7.227.152 - - [15/Apr/2026:18:22:15 +0000] "GET /items/D033401140/ HTTP/2" 200 0 "https://jj-77game.com.pk/sitemap-12.xml" "Mozilla/5.0 AppleWebKit/537.36 (KHTML, like Gecko; compatible; GPTBot/1.3; +https://openai.com/gptbot)"
5.255.231.189 - - [15/Apr/2026:18:22:18 +0000] "GET /items/D032115411/ HTTP/1.1" 200 0 "-" "Mozilla/5.0 (compatible; YandexBot/3.0; +http://yandex.com/bots)"
74.7.227.152 - - [15/Apr/2026:18:22:19 +0000] "GET /items/D031432349/ HTTP/2" 200 0 "https://jj-77game.com.pk/sitemap-13.xml" "Mozilla/5.0 AppleWebKit/537.36 (KHTML, like Gecko; compatible; GPTBot/1.3; +https://openai.com/gptbot)"
74.7.227.152 - - [15/Apr/2026:18:22:21 +0000] "GET /items/D034095395/ HTTP/2" 200 0 "https://jj-77game.com.pk/sitemap-13.xml" "Mozilla/5.0 AppleWebKit/537.36 (KHTML, like Gecko; compatible; GPTBot/1.3; +https://openai.com/gptbot)"
74.7.227.152 - - [15/Apr/2026:18:22:24 +0000] "GET /items/D033078457/ HTTP/2" 200 0 "https://jj-77game.com.pk/sitemap-15.xml" "Mozilla/5.0 AppleWebKit/537.36 (KHTML, like Gecko; compatible; GPTBot/1.3; +https://openai.com/gptbot)"
85.208.96.197 - - [15/Apr/2026:18:22:25 +0000] "GET /items/D032950583/ HTTP/1.1" 200 0 "-" "Mozilla/5.0 (compatible; SemrushBot/7~bl; +http://www.semrush.com/bot.html)"
74.7.227.152 - - [15/Apr/2026:18:22:26 +0000] "GET /items/D033736313/ HTTP/2" 200 0 "https://jj-77game.com.pk/sitemap-11.xml" "Mozilla/5.0 AppleWebKit/537.36 (KHTML, like Gecko; compatible; GPTBot/1.3; +https://openai.com/gptbot)"
85.208.96.197 - - [15/Apr/2026:18:14:04 +0000] "GET /items/D032216496/ HTTP/1.1" 200 0 "-" "Mozilla/5.0 (compatible; SemrushBot/7~bl; +http://www.semrush.com/bot.html)"
85.208.96.208 - - [15/Apr/2026:18:14:22 +0000] "GET /items/D034207855/ HTTP/1.1" 200 0 "-" "Mozilla/5.0 (compatible; SemrushBot/7~bl; +http://www.semrush.com/bot.html)"
85.208.96.194 - - [15/Apr/2026:18:14:49 +0000] "GET /items/D031160969/ HTTP/1.1" 200 0 "-" "Mozilla/5.0 (compatible; SemrushBot/7~bl; +http://www.semrush.com/bot.html)"
85.208.96.196 - - [15/Apr/2026:18:14:54 +0000] "GET /items/D031033751/ HTTP/1.1" 200 0 "-" "Mozilla/5.0 (compatible; SemrushBot/7~bl; +http://www.semrush.com/bot.html)"
85.208.96.212 - - [15/Apr/2026:18:15:32 +0000] "GET /items/D034552111/ HTTP/1.1" 200 0 "-" "Mozilla/5.0 (compatible; SemrushBot/7~bl; +http://www.semrush.com/bot.html)"
185.191.171.16 - - [15/Apr/2026:18:16:26 +0000] "GET /items/D033140843/ HTTP/1.1" 200 0 "-" "Mozilla/5.0 (compatible; SemrushBot/7~bl; +http://www.semrush.com/bot.html)"
185.191.171.5 - - [15/Apr/2026:18:17:04 +0000] "GET /items/D032324223/ HTTP/1.1" 200 0 "-" "Mozilla/5.0 (compatible; SemrushBot/7~bl; +http://www.semrush.com/bot.html)"
185.191.171.10 - - [15/Apr/2026:18:17:38 +0000] "GET /items/D031044838/ HTTP/1.1" 200 0 "-" "Mozilla/5.0 (compatible; SemrushBot/7~bl; +http://www.semrush.com/bot.html)"
85.208.96.200 - - [15/Apr/2026:18:18:31 +0000] "GET /items/D032926111/ HTTP/1.1" 200 0 "-" "Mozilla/5.0 (compatible; SemrushBot/7~bl; +http://www.semrush.com/bot.html)"
85.208.96.210 - - [15/Apr/2026:18:18:34 +0000] "GET /items/D033729489/ HTTP/1.1" 200 0 "-" "Mozilla/5.0 (compatible; SemrushBot/7~bl; +http://www.semrush.com/bot.html)"
85.208.96.195 - - [15/Apr/2026:18:19:14 +0000] "GET /items/D034053459/ HTTP/1.1" 200 0 "-" "Mozilla/5.0 (compatible; SemrushBot/7~bl; +http://www.semrush.com/bot.html)"
185.244.36.210 - - [15/Apr/2026:18:19:30 +0000] "POST /wp-cron.php?doing_wp_cron=1776277170.1692059040069580078125 HTTP/1.1" 200 0 "-" "WordPress/6.9.4; https://jj-77game.com.pk"
176.31.139.23 - - [15/Apr/2026:18:19:38 +0000] "GET /item/3560114 HTTP/2" 200 0 "-" "Mozilla/5.0 (compatible; AhrefsBot/7.0; +http://ahrefs.com/robot/)"
5.78.159.87 - - [15/Apr/2026:18:20:15 +0000] "POST /xmlrpc.php HTTP/1.1" 200 107 "-" "Mozilla/5.0 (Windows NT 10.0; Win64; x64) AppleWebKit/537.36 (KHTML, like Gecko) Chrome/108.0.0.0 Safari/537.36"
185.191.171.13 - - [15/Apr/2026:18:20:29 +0000] "GET /items/D031421944/ HTTP/1.1" 200 0 "-" "Mozilla/5.0 (compatible; SemrushBot/7~bl; +http://www.semrush.com/bot.html)"
5.78.159.87 - - [15/Apr/2026:18:20:27 +0000] "POST /xmlrpc.php HTTP/1.1" 200 100 "-" "Mozilla/5.0 (Windows NT 10.0; Win64; x64) AppleWebKit/537.36 (KHTML, like Gecko) Chrome/108.0.0.0 Safari/537.36"
213.180.203.23 - - [15/Apr/2026:18:20:39 +0000] "GET /items/D032207917/ HTTP/1.1" 200 0 "-" "Mozilla/5.0 (compatible; YandexBot/3.0; +http://yandex.com/bots)"
185.191.171.10 - - [15/Apr/2026:18:20:47 +0000] "GET /items/D034660209/ HTTP/1.1" 200 0 "-" "Mozilla/5.0 (compatible; SemrushBot/7~bl; +http://www.semrush.com/bot.html)"
85.208.96.196 - - [15/Apr/2026:18:21:44 +0000] "GET /items/D031478253/ HTTP/1.1" 200 0 "-" "Mozilla/5.0 (compatible; SemrushBot/7~bl; +http://www.semrush.com/bot.html)"
185.191.171.6 - - [15/Apr/2026:18:21:46 +0000] "GET /items/D031431828/ HTTP/1.1" 200 0 "-" "Mozilla/5.0 (compatible; SemrushBot/7~bl; +http://www.semrush.com/bot.html)"
85.208.96.211 - - [15/Apr/2026:18:22:07 +0000] "GET /items/D034546856/ HTTP/1.1" 200 0 "-" "Mozilla/5.0 (compatible; SemrushBot/7~bl; +http://www.semrush.com/bot.html)"
85.208.96.207 - - [15/Apr/2026:18:22:36 +0000] "GET /items/D034736118/ HTTP/1.1" 200 0 "-" "Mozilla/5.0 (compatible; SemrushBot/7~bl; +http://www.semrush.com/bot.html)"
185.244.36.210 - - [15/Apr/2026:18:22:52 +0000] "POST /wp-cron.php?doing_wp_cron=1776277372.7124168872833251953125 HTTP/1.1" 200 0 "-" "WordPress/6.9.4; https://jj-77game.com.pk"
74.7.227.152 - - [15/Apr/2026:18:22:29 +0000] "GET /items/D032341600/ HTTP/2" 200 0 "https://jj-77game.com.pk/sitemap-1.xml" "Mozilla/5.0 AppleWebKit/537.36 (KHTML, like Gecko; compatible; GPTBot/1.3; +https://openai.com/gptbot)"
74.7.227.152 - - [15/Apr/2026:18:22:33 +0000] "GET /items/D032800970/ HTTP/2" 200 0 "https://jj-77game.com.pk/sitemap-16.xml" "Mozilla/5.0 AppleWebKit/537.36 (KHTML, like Gecko; compatible; GPTBot/1.3; +https://openai.com/gptbot)"
185.191.171.14 - - [15/Apr/2026:18:22:34 +0000] "GET /items/D034093252/ HTTP/1.1" 200 0 "-" "Mozilla/5.0 (compatible; SemrushBot/7~bl; +http://www.semrush.com/bot.html)"
74.7.227.152 - - [15/Apr/2026:18:22:37 +0000] "GET /items/D031010483/ HTTP/2" 200 0 "https://jj-77game.com.pk/sitemap-13.xml" "Mozilla/5.0 AppleWebKit/537.36 (KHTML, like Gecko; compatible; GPTBot/1.3; +https://openai.com/gptbot)"
85.208.96.196 - - [15/Apr/2026:18:22:38 +0000] "GET /items/D033764963/ HTTP/1.1" 200 0 "-" "Mozilla/5.0 (compatible; SemrushBot/7~bl; +http://www.semrush.com/bot.html)"
74.7.227.152 - - [15/Apr/2026:18:22:40 +0000] "GET /items/D034047909/ HTTP/2" 200 0 "https://jj-77game.com.pk/sitemap-14.xml" "Mozilla/5.0 AppleWebKit/537.36 (KHTML, like Gecko; compatible; GPTBot/1.3; +https://openai.com/gptbot)"
74.7.227.152 - - [15/Apr/2026:18:22:43 +0000] "GET /items/D031899438/ HTTP/2" 200 0 "https://jj-77game.com.pk/sitemap-11.xml" "Mozilla/5.0 AppleWebKit/537.36 (KHTML, like Gecko; compatible; GPTBot/1.3; +https://openai.com/gptbot)"
74.7.227.152 - - [15/Apr/2026:18:22:46 +0000] "GET /items/D033810177/ HTTP/2" 200 0 "https://jj-77game.com.pk/sitemap-11.xml" "Mozilla/5.0 AppleWebKit/537.36 (KHTML, like Gecko; compatible; GPTBot/1.3; +https://openai.com/gptbot)"
74.7.227.152 - - [15/Apr/2026:18:22:49 +0000] "GET /items/D031143378/ HTTP/2" 200 0 "https://jj-77game.com.pk/sitemap-14.xml" "Mozilla/5.0 AppleWebKit/537.36 (KHTML, like Gecko; compatible; GPTBot/1.3; +https://openai.com/gptbot)"
27.223.75.66 - - [15/Apr/2026:18:22:52 +0000] "GET /wp-login.php HTTP/1.1" 200 2116 "-" "Mozilla/5.0 (Macintosh; Intel Mac OS X 10_11_6) AppleWebKit/604.1.38 (KHTML, like Gecko) Version/11.0 Safari/604.1.38"
74.7.227.152 - - [15/Apr/2026:18:22:52 +0000] "GET /items/D032830708/ HTTP/2" 200 0 "https://jj-77game.com.pk/sitemap-13.xml" "Mozilla/5.0 AppleWebKit/537.36 (KHTML, like Gecko; compatible; GPTBot/1.3; +https://openai.com/gptbot)"
185.191.171.1 - - [15/Apr/2026:18:22:53 +0000] "GET /items/D033538731/ HTTP/1.1" 200 0 "-" "Mozilla/5.0 (compatible; SemrushBot/7~bl; +http://www.semrush.com/bot.html)"
74.7.227.152 - - [15/Apr/2026:18:22:55 +0000] "GET /items/D033679922/ HTTP/2" 200 0 "https://jj-77game.com.pk/sitemap-11.xml" "Mozilla/5.0 AppleWebKit/537.36 (KHTML, like Gecko; compatible; GPTBot/1.3; +https://openai.com/gptbot)"
27.223.75.66 - - [15/Apr/2026:18:22:53 +0000] "POST /wp-login.php HTTP/1.1" 302 0 "https://jj-77game.com.pk/wp-login.php" "Mozilla/5.0 (Macintosh; Intel Mac OS X 10_11_6) AppleWebKit/604.1.38 (KHTML, like Gecko) Version/11.0 Safari/604.1.38"
74.7.227.152 - - [15/Apr/2026:18:22:57 +0000] "GET /items/D033477208/ HTTP/2" 200 0 "https://jj-77game.com.pk/sitemap-14.xml" "Mozilla/5.0 AppleWebKit/537.36 (KHTML, like Gecko; compatible; GPTBot/1.3; +https://openai.com/gptbot)"
27.223.75.66 - - [15/Apr/2026:18:22:57 +0000] "GET /wp-admin/ HTTP/1.1" 200 27019 "https://jj-77game.com.pk/wp-login.php" "Mozilla/5.0 (Macintosh; Intel Mac OS X 10_11_6) AppleWebKit/604.1.38 (KHTML, like Gecko) Version/11.0 Safari/604.1.38"
74.7.227.152 - - [15/Apr/2026:18:23:00 +0000] "GET /items/D033079919/ HTTP/2" 200 0 "https://jj-77game.com.pk/sitemap-14.xml" "Mozilla/5.0 AppleWebKit/537.36 (KHTML, like Gecko; compatible; GPTBot/1.3; +https://openai.com/gptbot)"
74.7.227.152 - - [15/Apr/2026:18:23:04 +0000] "GET /items/D034163065/ HTTP/2" 200 0 "https://jj-77game.com.pk/sitemap-16.xml" "Mozilla/5.0 AppleWebKit/537.36 (KHTML, like Gecko; compatible; GPTBot/1.3; +https://openai.com/gptbot)"
27.223.75.66 - - [15/Apr/2026:18:23:00 +0000] "GET /wp-admin/plugin-install.php HTTP/1.1" 200 25811 "https://jj-77game.com.pk/wp-admin/plugin-install.php" "Mozilla/5.0 (Macintosh; Intel Mac OS X 10_11_6) AppleWebKit/604.1.38 (KHTML, like Gecko) Version/11.0 Safari/604.1.38"
74.7.227.152 - - [15/Apr/2026:18:23:07 +0000] "GET /items/D033276673/ HTTP/2" 200 0 "https://jj-77game.com.pk/sitemap-12.xml" "Mozilla/5.0 AppleWebKit/537.36 (KHTML, like Gecko; compatible; GPTBot/1.3; +https://openai.com/gptbot)"
74.7.227.152 - - [15/Apr/2026:18:23:09 +0000] "GET /items/D032115440/ HTTP/2" 200 0 "https://jj-77game.com.pk/sitemap-16.xml" "Mozilla/5.0 AppleWebKit/537.36 (KHTML, like Gecko; compatible; GPTBot/1.3; +https://openai.com/gptbot)"
74.7.227.152 - - [15/Apr/2026:18:23:12 +0000] "GET /items/D033550328/ HTTP/2" 200 0 "https://jj-77game.com.pk/sitemap-14.xml" "Mozilla/5.0 AppleWebKit/537.36 (KHTML, like Gecko; compatible; GPTBot/1.3; +https://openai.com/gptbot)"
27.223.75.66 - - [15/Apr/2026:18:23:07 +0000] "POST /wp-admin/update.php?action=upload-plugin HTTP/1.1" 200 17845 "https://jj-77game.com.pk/wp-admin/plugin-install.php" "Mozilla/5.0 (Macintosh; Intel Mac OS X 10_11_6) AppleWebKit/604.1.38 (KHTML, like Gecko) Version/11.0 Safari/604.1.38"
27.223.75.66 - - [15/Apr/2026:18:23:13 +0000] "GET /wp-admin/update.php?action=upload-plugin&package=218&overwrite=update-plugin&_wpnonce=9159b493ea HTTP/1.1" 200 17608 "https://jj-77game.com.pk/wp-admin/plugin-install.php" "Mozilla/5.0 (Macintosh; Intel Mac OS X 10_11_6) AppleWebKit/604.1.38 (KHTML, like Gecko) Version/11.0 Safari/604.1.38"
74.7.227.152 - - [15/Apr/2026:18:23:15 +0000] "GET /items/D034223039/ HTTP/2" 200 0 "https://jj-77game.com.pk/sitemap-16.xml" "Mozilla/5.0 AppleWebKit/537.36 (KHTML, like Gecko; compatible; GPTBot/1.3; +https://openai.com/gptbot)"
27.223.75.66 - - [15/Apr/2026:18:23:16 +0000] "GET /wp-content/plugins/connect-polylang-elementor/assets/css/check_file.php HTTP/1.1" 200 29 "https://jj-77game.com.pk/wp-admin/plugin-install.php" "Mozilla/5.0 (Macintosh; Intel Mac OS X 10_11_6) AppleWebKit/604.1.38 (KHTML, like Gecko) Version/11.0 Safari/604.1.38"
74.7.227.152 - - [15/Apr/2026:18:23:19 +0000] "GET /items/D032271838/ HTTP/2" 200 0 "https://jj-77game.com.pk/sitemap-12.xml" "Mozilla/5.0 AppleWebKit/537.36 (KHTML, like Gecko; compatible; GPTBot/1.3; +https://openai.com/gptbot)"
74.7.227.152 - - [15/Apr/2026:18:23:22 +0000] "GET /items/D031623104/ HTTP/2" 200 0 "https://jj-77game.com.pk/sitemap-12.xml" "Mozilla/5.0 AppleWebKit/537.36 (KHTML, like Gecko; compatible; GPTBot/1.3; +https://openai.com/gptbot)"
74.7.227.152 - - [15/Apr/2026:18:23:27 +0000] "GET /items/D032721810/ HTTP/2" 200 0 "https://jj-77game.com.pk/sitemap-12.xml" "Mozilla/5.0 AppleWebKit/537.36 (KHTML, like Gecko; compatible; GPTBot/1.3; +https://openai.com/gptbot)"
74.7.227.152 - - [15/Apr/2026:18:23:32 +0000] "GET /items/D032635502/ HTTP/2" 200 0 "https://jj-77game.com.pk/sitemap-11.xml" "Mozilla/5.0 AppleWebKit/537.36 (KHTML, like Gecko; compatible; GPTBot/1.3; +https://openai.com/gptbot)"
74.7.227.152 - - [15/Apr/2026:18:23:36 +0000] "GET /items/D031150136/ HTTP/2" 200 0 "https://jj-77game.com.pk/sitemap-12.xml" "Mozilla/5.0 AppleWebKit/537.36 (KHTML, like Gecko; compatible; GPTBot/1.3; +https://openai.com/gptbot)"
74.7.227.152 - - [15/Apr/2026:18:23:40 +0000] "GET /items/D032422711/ HTTP/2" 200 0 "https://jj-77game.com.pk/sitemap-12.xml" "Mozilla/5.0 AppleWebKit/537.36 (KHTML, like Gecko; compatible; GPTBot/1.3; +https://openai.com/gptbot)"
5.255.231.121 - - [15/Apr/2026:18:23:45 +0000] "GET /items/D033089142/ HTTP/1.1" 200 0 "-" "Mozilla/5.0 (compatible; YandexBot/3.0; +http://yandex.com/bots)"
74.7.227.152 - - [15/Apr/2026:18:23:46 +0000] "GET /items/D034427408/ HTTP/2" 200 0 "https://jj-77game.com.pk/sitemap-11.xml" "Mozilla/5.0 AppleWebKit/537.36 (KHTML, like Gecko; compatible; GPTBot/1.3; +https://openai.com/gptbot)"
185.191.171.11 - - [15/Apr/2026:18:23:47 +0000] "GET /items/D032032163/ HTTP/1.1" 200 0 "-" "Mozilla/5.0 (compatible; SemrushBot/7~bl; +http://www.semrush.com/bot.html)"
