Sid Gifari From Gifari Industries - BD Cyber Security Team
Home
/
usr
/
local
/
apache
/
domlogs
/
millwino
/
✏️
Editing: jj-77game.com.pk.millwin.org-ssl_log
74.7.227.152 - - [15/Apr/2026:17:20:51 +0000] "GET /items/D033722152/ HTTP/2" 200 0 "https://jj-77game.com.pk/sitemap-13.xml" "Mozilla/5.0 AppleWebKit/537.36 (KHTML, like Gecko; compatible; GPTBot/1.3; +https://openai.com/gptbot)"
74.7.227.152 - - [15/Apr/2026:17:20:58 +0000] "GET /items/D033192018/ HTTP/2" 200 0 "https://jj-77game.com.pk/sitemap-15.xml" "Mozilla/5.0 AppleWebKit/537.36 (KHTML, like Gecko; compatible; GPTBot/1.3; +https://openai.com/gptbot)"
74.7.227.152 - - [15/Apr/2026:17:21:05 +0000] "GET /items/D033248708/ HTTP/2" 200 0 "https://jj-77game.com.pk/sitemap-1.xml" "Mozilla/5.0 AppleWebKit/537.36 (KHTML, like Gecko; compatible; GPTBot/1.3; +https://openai.com/gptbot)"
74.7.227.152 - - [15/Apr/2026:17:21:11 +0000] "GET /items/D032919008/ HTTP/2" 200 0 "https://jj-77game.com.pk/sitemap-14.xml" "Mozilla/5.0 AppleWebKit/537.36 (KHTML, like Gecko; compatible; GPTBot/1.3; +https://openai.com/gptbot)"
85.208.96.202 - - [15/Apr/2026:17:21:11 +0000] "GET /items/D032565820/ HTTP/1.1" 200 0 "-" "Mozilla/5.0 (compatible; SemrushBot/7~bl; +http://www.semrush.com/bot.html)"
74.7.227.152 - - [15/Apr/2026:17:21:18 +0000] "GET /items/D033084462/ HTTP/2" 200 0 "https://jj-77game.com.pk/sitemap-1.xml" "Mozilla/5.0 AppleWebKit/537.36 (KHTML, like Gecko; compatible; GPTBot/1.3; +https://openai.com/gptbot)"
74.7.227.152 - - [15/Apr/2026:17:21:25 +0000] "GET /items/D034249893/ HTTP/2" 200 0 "https://jj-77game.com.pk/sitemap-13.xml" "Mozilla/5.0 AppleWebKit/537.36 (KHTML, like Gecko; compatible; GPTBot/1.3; +https://openai.com/gptbot)"
74.7.227.152 - - [15/Apr/2026:17:21:32 +0000] "GET /items/D034620283/ HTTP/2" 200 0 "https://jj-77game.com.pk/sitemap-12.xml" "Mozilla/5.0 AppleWebKit/537.36 (KHTML, like Gecko; compatible; GPTBot/1.3; +https://openai.com/gptbot)"
85.208.96.205 - - [15/Apr/2026:17:21:36 +0000] "GET /items/D033873217/ HTTP/1.1" 200 0 "-" "Mozilla/5.0 (compatible; SemrushBot/7~bl; +http://www.semrush.com/bot.html)"
74.7.227.152 - - [15/Apr/2026:17:21:39 +0000] "GET /items/D033669682/ HTTP/2" 200 0 "https://jj-77game.com.pk/sitemap-16.xml" "Mozilla/5.0 AppleWebKit/537.36 (KHTML, like Gecko; compatible; GPTBot/1.3; +https://openai.com/gptbot)"
185.191.171.6 - - [15/Apr/2026:17:21:39 +0000] "GET /items/D033801276/ HTTP/1.1" 200 0 "-" "Mozilla/5.0 (compatible; SemrushBot/7~bl; +http://www.semrush.com/bot.html)"
74.7.227.152 - - [15/Apr/2026:17:21:44 +0000] "GET /items/D034117631/ HTTP/2" 200 0 "https://jj-77game.com.pk/sitemap-14.xml" "Mozilla/5.0 AppleWebKit/537.36 (KHTML, like Gecko; compatible; GPTBot/1.3; +https://openai.com/gptbot)"
74.7.227.152 - - [15/Apr/2026:17:21:50 +0000] "GET /items/D033021012/ HTTP/2" 200 0 "https://jj-77game.com.pk/sitemap-11.xml" "Mozilla/5.0 AppleWebKit/537.36 (KHTML, like Gecko; compatible; GPTBot/1.3; +https://openai.com/gptbot)"
95.108.213.112 - - [15/Apr/2026:17:21:55 +0000] "GET /items/D032202401/ HTTP/1.1" 200 0 "-" "Mozilla/5.0 (compatible; YandexBot/3.0; +http://yandex.com/bots)"
74.7.227.152 - - [15/Apr/2026:17:21:57 +0000] "GET /items/D033779860/ HTTP/2" 200 0 "https://jj-77game.com.pk/sitemap-14.xml" "Mozilla/5.0 AppleWebKit/537.36 (KHTML, like Gecko; compatible; GPTBot/1.3; +https://openai.com/gptbot)"
74.7.227.152 - - [15/Apr/2026:17:22:03 +0000] "GET /items/D034609388/ HTTP/2" 200 0 "https://jj-77game.com.pk/sitemap-16.xml" "Mozilla/5.0 AppleWebKit/537.36 (KHTML, like Gecko; compatible; GPTBot/1.3; +https://openai.com/gptbot)"
85.208.96.202 - - [15/Apr/2026:17:22:05 +0000] "GET /items/D032541059/ HTTP/1.1" 200 0 "-" "Mozilla/5.0 (compatible; SemrushBot/7~bl; +http://www.semrush.com/bot.html)"
74.7.227.152 - - [15/Apr/2026:17:22:11 +0000] "GET /items/D032387181/ HTTP/2" 200 0 "https://jj-77game.com.pk/sitemap-1.xml" "Mozilla/5.0 AppleWebKit/537.36 (KHTML, like Gecko; compatible; GPTBot/1.3; +https://openai.com/gptbot)"
74.7.227.152 - - [15/Apr/2026:17:22:20 +0000] "GET /items/D033620123/ HTTP/2" 200 0 "https://jj-77game.com.pk/sitemap-15.xml" "Mozilla/5.0 AppleWebKit/537.36 (KHTML, like Gecko; compatible; GPTBot/1.3; +https://openai.com/gptbot)"
85.208.96.200 - - [15/Apr/2026:17:22:23 +0000] "GET /items/D034453782/ HTTP/1.1" 200 0 "-" "Mozilla/5.0 (compatible; SemrushBot/7~bl; +http://www.semrush.com/bot.html)"
74.7.227.152 - - [15/Apr/2026:17:22:28 +0000] "GET /items/D034669453/ HTTP/2" 200 0 "https://jj-77game.com.pk/sitemap-14.xml" "Mozilla/5.0 AppleWebKit/537.36 (KHTML, like Gecko; compatible; GPTBot/1.3; +https://openai.com/gptbot)"
74.7.227.152 - - [15/Apr/2026:17:22:35 +0000] "GET /items/D031293021/ HTTP/2" 200 0 "https://jj-77game.com.pk/sitemap-13.xml" "Mozilla/5.0 AppleWebKit/537.36 (KHTML, like Gecko; compatible; GPTBot/1.3; +https://openai.com/gptbot)"
74.7.227.152 - - [15/Apr/2026:17:22:41 +0000] "GET /items/D031107814/ HTTP/2" 200 0 "https://jj-77game.com.pk/sitemap-13.xml" "Mozilla/5.0 AppleWebKit/537.36 (KHTML, like Gecko; compatible; GPTBot/1.3; +https://openai.com/gptbot)"
74.7.227.152 - - [15/Apr/2026:17:22:47 +0000] "GET /items/D034036788/ HTTP/2" 200 0 "https://jj-77game.com.pk/sitemap-14.xml" "Mozilla/5.0 AppleWebKit/537.36 (KHTML, like Gecko; compatible; GPTBot/1.3; +https://openai.com/gptbot)"
74.7.227.152 - - [15/Apr/2026:17:22:55 +0000] "GET /items/D034483403/ HTTP/2" 200 0 "https://jj-77game.com.pk/sitemap-1.xml" "Mozilla/5.0 AppleWebKit/537.36 (KHTML, like Gecko; compatible; GPTBot/1.3; +https://openai.com/gptbot)"
74.7.227.152 - - [15/Apr/2026:17:23:01 +0000] "GET /items/D034546565/ HTTP/2" 200 0 "https://jj-77game.com.pk/sitemap-15.xml" "Mozilla/5.0 AppleWebKit/537.36 (KHTML, like Gecko; compatible; GPTBot/1.3; +https://openai.com/gptbot)"
185.191.171.10 - - [15/Apr/2026:17:23:04 +0000] "GET /items/D032391411/ HTTP/1.1" 200 0 "-" "Mozilla/5.0 (compatible; SemrushBot/7~bl; +http://www.semrush.com/bot.html)"
74.7.227.152 - - [15/Apr/2026:17:23:08 +0000] "GET /items/D032087855/ HTTP/2" 200 0 "https://jj-77game.com.pk/sitemap-15.xml" "Mozilla/5.0 AppleWebKit/537.36 (KHTML, like Gecko; compatible; GPTBot/1.3; +https://openai.com/gptbot)"
74.7.227.152 - - [15/Apr/2026:17:23:15 +0000] "GET /items/D032295228/ HTTP/2" 200 0 "https://jj-77game.com.pk/sitemap-13.xml" "Mozilla/5.0 AppleWebKit/537.36 (KHTML, like Gecko; compatible; GPTBot/1.3; +https://openai.com/gptbot)"
74.7.227.152 - - [15/Apr/2026:17:23:24 +0000] "GET /items/D031338124/ HTTP/2" 200 0 "https://jj-77game.com.pk/sitemap-15.xml" "Mozilla/5.0 AppleWebKit/537.36 (KHTML, like Gecko; compatible; GPTBot/1.3; +https://openai.com/gptbot)"
74.7.227.152 - - [15/Apr/2026:17:23:30 +0000] "GET /items/D033525580/ HTTP/2" 200 0 "https://jj-77game.com.pk/sitemap-11.xml" "Mozilla/5.0 AppleWebKit/537.36 (KHTML, like Gecko; compatible; GPTBot/1.3; +https://openai.com/gptbot)"
74.7.227.152 - - [15/Apr/2026:17:23:37 +0000] "GET /items/D032653582/ HTTP/2" 200 0 "https://jj-77game.com.pk/sitemap-16.xml" "Mozilla/5.0 AppleWebKit/537.36 (KHTML, like Gecko; compatible; GPTBot/1.3; +https://openai.com/gptbot)"
74.7.227.152 - - [15/Apr/2026:17:23:43 +0000] "GET /items/D033070180/ HTTP/2" 200 0 "https://jj-77game.com.pk/sitemap-16.xml" "Mozilla/5.0 AppleWebKit/537.36 (KHTML, like Gecko; compatible; GPTBot/1.3; +https://openai.com/gptbot)"
85.208.96.209 - - [15/Apr/2026:17:23:46 +0000] "GET /items/D034094624/ HTTP/1.1" 200 0 "-" "Mozilla/5.0 (compatible; SemrushBot/7~bl; +http://www.semrush.com/bot.html)"
74.7.227.152 - - [15/Apr/2026:17:23:50 +0000] "GET /items/D031700154/ HTTP/2" 200 0 "https://jj-77game.com.pk/sitemap-15.xml" "Mozilla/5.0 AppleWebKit/537.36 (KHTML, like Gecko; compatible; GPTBot/1.3; +https://openai.com/gptbot)"
74.7.227.152 - - [15/Apr/2026:17:23:57 +0000] "GET /items/D033906759/ HTTP/2" 200 0 "https://jj-77game.com.pk/sitemap-14.xml" "Mozilla/5.0 AppleWebKit/537.36 (KHTML, like Gecko; compatible; GPTBot/1.3; +https://openai.com/gptbot)"
85.208.96.210 - - [15/Apr/2026:17:23:58 +0000] "GET /items/D032837234/ HTTP/1.1" 200 0 "-" "Mozilla/5.0 (compatible; SemrushBot/7~bl; +http://www.semrush.com/bot.html)"
74.7.227.152 - - [15/Apr/2026:17:24:04 +0000] "GET /items/D033865581/ HTTP/2" 200 0 "https://jj-77game.com.pk/sitemap-14.xml" "Mozilla/5.0 AppleWebKit/537.36 (KHTML, like Gecko; compatible; GPTBot/1.3; +https://openai.com/gptbot)"
213.180.203.128 - - [15/Apr/2026:17:24:05 +0000] "GET /robots.txt HTTP/1.1" 200 826 "-" "Mozilla/5.0 (compatible; YandexBot/3.0; +http://yandex.com/bots)"
74.7.227.152 - - [15/Apr/2026:17:24:10 +0000] "GET /items/D031217300/ HTTP/2" 200 0 "https://jj-77game.com.pk/sitemap-16.xml" "Mozilla/5.0 AppleWebKit/537.36 (KHTML, like Gecko; compatible; GPTBot/1.3; +https://openai.com/gptbot)"
74.7.227.152 - - [15/Apr/2026:17:24:17 +0000] "GET /items/D031986839/ HTTP/2" 200 0 "https://jj-77game.com.pk/sitemap-12.xml" "Mozilla/5.0 AppleWebKit/537.36 (KHTML, like Gecko; compatible; GPTBot/1.3; +https://openai.com/gptbot)"
74.7.227.152 - - [15/Apr/2026:17:24:25 +0000] "GET /items/D034243996/ HTTP/2" 200 0 "https://jj-77game.com.pk/sitemap-1.xml" "Mozilla/5.0 AppleWebKit/537.36 (KHTML, like Gecko; compatible; GPTBot/1.3; +https://openai.com/gptbot)"
74.7.227.152 - - [15/Apr/2026:17:24:30 +0000] "GET /items/D033632669/ HTTP/2" 200 0 "https://jj-77game.com.pk/sitemap-14.xml" "Mozilla/5.0 AppleWebKit/537.36 (KHTML, like Gecko; compatible; GPTBot/1.3; +https://openai.com/gptbot)"
74.7.227.152 - - [15/Apr/2026:17:24:37 +0000] "GET /items/D031661468/ HTTP/2" 200 0 "https://jj-77game.com.pk/sitemap-1.xml" "Mozilla/5.0 AppleWebKit/537.36 (KHTML, like Gecko; compatible; GPTBot/1.3; +https://openai.com/gptbot)"
74.7.227.152 - - [15/Apr/2026:17:24:42 +0000] "GET /items/D033610635/ HTTP/2" 200 0 "https://jj-77game.com.pk/sitemap-12.xml" "Mozilla/5.0 AppleWebKit/537.36 (KHTML, like Gecko; compatible; GPTBot/1.3; +https://openai.com/gptbot)"
85.208.96.210 - - [15/Apr/2026:17:24:46 +0000] "GET /items/D033825602/ HTTP/1.1" 200 0 "-" "Mozilla/5.0 (compatible; SemrushBot/7~bl; +http://www.semrush.com/bot.html)"
74.7.227.152 - - [15/Apr/2026:17:24:48 +0000] "GET /items/D034704236/ HTTP/2" 200 0 "https://jj-77game.com.pk/sitemap-16.xml" "Mozilla/5.0 AppleWebKit/537.36 (KHTML, like Gecko; compatible; GPTBot/1.3; +https://openai.com/gptbot)"
74.7.227.152 - - [15/Apr/2026:17:24:54 +0000] "GET /items/D033023726/ HTTP/2" 200 0 "https://jj-77game.com.pk/sitemap-12.xml" "Mozilla/5.0 AppleWebKit/537.36 (KHTML, like Gecko; compatible; GPTBot/1.3; +https://openai.com/gptbot)"
185.244.36.210 - - [15/Apr/2026:17:24:56 +0000] "POST /wp-cron.php?doing_wp_cron=1776273896.3827960491180419921875 HTTP/1.1" 200 0 "-" "WordPress/6.9.4; https://jj-77game.com.pk"
45.146.55.110 - - [15/Apr/2026:17:24:55 +0000] "POST /wp-login.php HTTP/1.1" 200 6396 "-" "Mozilla/5.0"
74.7.227.152 - - [15/Apr/2026:17:25:01 +0000] "GET /items/D031647634/ HTTP/2" 200 0 "https://jj-77game.com.pk/sitemap-1.xml" "Mozilla/5.0 AppleWebKit/537.36 (KHTML, like Gecko; compatible; GPTBot/1.3; +https://openai.com/gptbot)"
74.7.227.152 - - [15/Apr/2026:17:25:05 +0000] "GET /items/D031456034/ HTTP/2" 200 0 "https://jj-77game.com.pk/sitemap-15.xml" "Mozilla/5.0 AppleWebKit/537.36 (KHTML, like Gecko; compatible; GPTBot/1.3; +https://openai.com/gptbot)"
74.7.227.152 - - [15/Apr/2026:17:25:12 +0000] "GET /items/D033656717/ HTTP/2" 200 0 "https://jj-77game.com.pk/sitemap-13.xml" "Mozilla/5.0 AppleWebKit/537.36 (KHTML, like Gecko; compatible; GPTBot/1.3; +https://openai.com/gptbot)"
74.7.227.152 - - [15/Apr/2026:17:25:17 +0000] "GET /items/D034484380/ HTTP/2" 200 0 "https://jj-77game.com.pk/sitemap-11.xml" "Mozilla/5.0 AppleWebKit/537.36 (KHTML, like Gecko; compatible; GPTBot/1.3; +https://openai.com/gptbot)"
74.7.227.152 - - [15/Apr/2026:17:25:24 +0000] "GET /items/D033575350/ HTTP/2" 200 0 "https://jj-77game.com.pk/sitemap-13.xml" "Mozilla/5.0 AppleWebKit/537.36 (KHTML, like Gecko; compatible; GPTBot/1.3; +https://openai.com/gptbot)"
74.7.227.152 - - [15/Apr/2026:17:25:29 +0000] "GET /items/D032249790/ HTTP/2" 200 0 "https://jj-77game.com.pk/sitemap-16.xml" "Mozilla/5.0 AppleWebKit/537.36 (KHTML, like Gecko; compatible; GPTBot/1.3; +https://openai.com/gptbot)"
74.7.227.152 - - [15/Apr/2026:17:25:36 +0000] "GET /items/D033052855/ HTTP/2" 200 0 "https://jj-77game.com.pk/sitemap-15.xml" "Mozilla/5.0 AppleWebKit/537.36 (KHTML, like Gecko; compatible; GPTBot/1.3; +https://openai.com/gptbot)"
185.191.171.17 - - [15/Apr/2026:17:25:38 +0000] "GET /items/D033486553/ HTTP/1.1" 200 0 "-" "Mozilla/5.0 (compatible; SemrushBot/7~bl; +http://www.semrush.com/bot.html)"
185.191.171.2 - - [15/Apr/2026:17:25:39 +0000] "GET /items/D033684771/ HTTP/1.1" 200 0 "-" "Mozilla/5.0 (compatible; SemrushBot/7~bl; +http://www.semrush.com/bot.html)"
74.7.227.152 - - [15/Apr/2026:17:25:42 +0000] "GET /items/D032357745/ HTTP/2" 200 0 "https://jj-77game.com.pk/sitemap-12.xml" "Mozilla/5.0 AppleWebKit/537.36 (KHTML, like Gecko; compatible; GPTBot/1.3; +https://openai.com/gptbot)"
185.191.171.11 - - [15/Apr/2026:17:25:43 +0000] "GET /items/D031563850/ HTTP/1.1" 200 0 "-" "Mozilla/5.0 (compatible; SemrushBot/7~bl; +http://www.semrush.com/bot.html)"
74.7.227.152 - - [15/Apr/2026:17:25:48 +0000] "GET /items/D032025565/ HTTP/2" 200 0 "https://jj-77game.com.pk/sitemap-15.xml" "Mozilla/5.0 AppleWebKit/537.36 (KHTML, like Gecko; compatible; GPTBot/1.3; +https://openai.com/gptbot)"
74.7.227.152 - - [15/Apr/2026:17:25:54 +0000] "GET /items/D034263221/ HTTP/2" 200 0 "https://jj-77game.com.pk/sitemap-16.xml" "Mozilla/5.0 AppleWebKit/537.36 (KHTML, like Gecko; compatible; GPTBot/1.3; +https://openai.com/gptbot)"
74.7.227.152 - - [15/Apr/2026:17:26:00 +0000] "GET /items/D034012452/ HTTP/2" 200 0 "https://jj-77game.com.pk/sitemap-14.xml" "Mozilla/5.0 AppleWebKit/537.36 (KHTML, like Gecko; compatible; GPTBot/1.3; +https://openai.com/gptbot)"
74.7.227.152 - - [15/Apr/2026:17:26:06 +0000] "GET /items/D031381470/ HTTP/2" 200 0 "https://jj-77game.com.pk/sitemap-15.xml" "Mozilla/5.0 AppleWebKit/537.36 (KHTML, like Gecko; compatible; GPTBot/1.3; +https://openai.com/gptbot)"
74.7.227.152 - - [15/Apr/2026:17:26:12 +0000] "GET /items/D033055301/ HTTP/2" 200 0 "https://jj-77game.com.pk/sitemap-12.xml" "Mozilla/5.0 AppleWebKit/537.36 (KHTML, like Gecko; compatible; GPTBot/1.3; +https://openai.com/gptbot)"
74.7.227.152 - - [15/Apr/2026:17:26:18 +0000] "GET /items/D031380406/ HTTP/2" 200 0 "https://jj-77game.com.pk/sitemap-1.xml" "Mozilla/5.0 AppleWebKit/537.36 (KHTML, like Gecko; compatible; GPTBot/1.3; +https://openai.com/gptbot)"
74.7.227.152 - - [15/Apr/2026:17:26:24 +0000] "GET /items/D034645933/ HTTP/2" 200 0 "https://jj-77game.com.pk/sitemap-13.xml" "Mozilla/5.0 AppleWebKit/537.36 (KHTML, like Gecko; compatible; GPTBot/1.3; +https://openai.com/gptbot)"
74.7.227.152 - - [15/Apr/2026:17:26:30 +0000] "GET /items/D033760813/ HTTP/2" 200 0 "https://jj-77game.com.pk/sitemap-1.xml" "Mozilla/5.0 AppleWebKit/537.36 (KHTML, like Gecko; compatible; GPTBot/1.3; +https://openai.com/gptbot)"
74.7.227.152 - - [15/Apr/2026:17:26:36 +0000] "GET /items/D033038855/ HTTP/2" 200 0 "https://jj-77game.com.pk/sitemap-16.xml" "Mozilla/5.0 AppleWebKit/537.36 (KHTML, like Gecko; compatible; GPTBot/1.3; +https://openai.com/gptbot)"
74.7.227.152 - - [15/Apr/2026:17:26:43 +0000] "GET /items/D033297725/ HTTP/2" 200 0 "https://jj-77game.com.pk/sitemap-1.xml" "Mozilla/5.0 AppleWebKit/537.36 (KHTML, like Gecko; compatible; GPTBot/1.3; +https://openai.com/gptbot)"
74.7.227.152 - - [15/Apr/2026:17:26:50 +0000] "GET /items/D031233116/ HTTP/2" 200 0 "https://jj-77game.com.pk/sitemap-1.xml" "Mozilla/5.0 AppleWebKit/537.36 (KHTML, like Gecko; compatible; GPTBot/1.3; +https://openai.com/gptbot)"
74.7.227.152 - - [15/Apr/2026:17:26:55 +0000] "GET /items/D034499442/ HTTP/2" 200 0 "https://jj-77game.com.pk/sitemap-13.xml" "Mozilla/5.0 AppleWebKit/537.36 (KHTML, like Gecko; compatible; GPTBot/1.3; +https://openai.com/gptbot)"
74.7.227.152 - - [15/Apr/2026:17:27:01 +0000] "GET /items/D031096493/ HTTP/2" 200 0 "https://jj-77game.com.pk/sitemap-12.xml" "Mozilla/5.0 AppleWebKit/537.36 (KHTML, like Gecko; compatible; GPTBot/1.3; +https://openai.com/gptbot)"
85.208.96.197 - - [15/Apr/2026:17:20:57 +0000] "GET /items/D034519430/ HTTP/1.1" 200 0 "-" "Mozilla/5.0 (compatible; SemrushBot/7~bl; +http://www.semrush.com/bot.html)"
85.208.96.202 - - [15/Apr/2026:17:20:59 +0000] "GET /items/D033281661/ HTTP/1.1" 200 0 "-" "Mozilla/5.0 (compatible; SemrushBot/7~bl; +http://www.semrush.com/bot.html)"
66.249.77.199 - - [15/Apr/2026:17:21:09 +0000] "GET /item/4756206 HTTP/1.1" 200 23239 "-" "Mozilla/5.0 (Linux; Android 6.0.1; Nexus 5X Build/MMB29P) AppleWebKit/537.36 (KHTML, like Gecko) Chrome/146.0.7680.177 Mobile Safari/537.36 (compatible; Googlebot/2.1; +http://www.google.com/bot.html)"
185.191.171.5 - - [15/Apr/2026:17:21:28 +0000] "GET /items/D032671603/ HTTP/1.1" 200 0 "-" "Mozilla/5.0 (compatible; SemrushBot/7~bl; +http://www.semrush.com/bot.html)"
185.191.171.19 - - [15/Apr/2026:17:21:41 +0000] "GET /items/D032638219/ HTTP/1.1" 200 0 "-" "Mozilla/5.0 (compatible; SemrushBot/7~bl; +http://www.semrush.com/bot.html)"
185.191.171.16 - - [15/Apr/2026:17:23:10 +0000] "GET /items/D031923294/ HTTP/1.1" 200 0 "-" "Mozilla/5.0 (compatible; SemrushBot/7~bl; +http://www.semrush.com/bot.html)"
5.255.231.59 - - [15/Apr/2026:17:23:30 +0000] "GET /items/D032231047/ HTTP/1.1" 200 0 "-" "Mozilla/5.0 (compatible; YandexBot/3.0; +http://yandex.com/bots)"
185.191.171.1 - - [15/Apr/2026:17:23:30 +0000] "GET /items/D032650730/ HTTP/1.1" 200 0 "-" "Mozilla/5.0 (compatible; SemrushBot/7~bl; +http://www.semrush.com/bot.html)"
185.191.171.19 - - [15/Apr/2026:17:23:43 +0000] "GET /items/D034318270/ HTTP/1.1" 200 0 "-" "Mozilla/5.0 (compatible; SemrushBot/7~bl; +http://www.semrush.com/bot.html)"
185.191.171.19 - - [15/Apr/2026:17:24:11 +0000] "GET /items/D034501721/ HTTP/1.1" 200 0 "-" "Mozilla/5.0 (compatible; SemrushBot/7~bl; +http://www.semrush.com/bot.html)"
185.191.171.6 - - [15/Apr/2026:17:24:13 +0000] "GET /items/D032684343/ HTTP/1.1" 200 0 "-" "Mozilla/5.0 (compatible; SemrushBot/7~bl; +http://www.semrush.com/bot.html)"
85.208.96.201 - - [15/Apr/2026:17:24:19 +0000] "GET /items/D032076992/ HTTP/1.1" 200 0 "-" "Mozilla/5.0 (compatible; SemrushBot/7~bl; +http://www.semrush.com/bot.html)"
85.208.96.211 - - [15/Apr/2026:17:24:21 +0000] "GET /items/D033914913/ HTTP/1.1" 200 0 "-" "Mozilla/5.0 (compatible; SemrushBot/7~bl; +http://www.semrush.com/bot.html)"
85.208.96.201 - - [15/Apr/2026:17:24:59 +0000] "GET /items/D032179523/ HTTP/1.1" 200 0 "-" "Mozilla/5.0 (compatible; SemrushBot/7~bl; +http://www.semrush.com/bot.html)"
85.208.96.208 - - [15/Apr/2026:17:25:02 +0000] "GET /items/D031027597/ HTTP/1.1" 200 0 "-" "Mozilla/5.0 (compatible; SemrushBot/7~bl; +http://www.semrush.com/bot.html)"
185.191.171.17 - - [15/Apr/2026:17:25:09 +0000] "GET /items/D031495224/ HTTP/1.1" 200 0 "-" "Mozilla/5.0 (compatible; SemrushBot/7~bl; +http://www.semrush.com/bot.html)"
85.208.96.202 - - [15/Apr/2026:17:25:13 +0000] "GET /items/D034208258/ HTTP/1.1" 200 0 "-" "Mozilla/5.0 (compatible; SemrushBot/7~bl; +http://www.semrush.com/bot.html)"
92.222.104.207 - - [15/Apr/2026:17:25:25 +0000] "GET /item/2270577 HTTP/2" 200 0 "-" "Mozilla/5.0 (compatible; AhrefsBot/7.0; +http://ahrefs.com/robot/)"
213.180.203.153 - - [15/Apr/2026:17:25:52 +0000] "GET /items/D033731573/ HTTP/1.1" 200 0 "-" "Mozilla/5.0 (compatible; YandexBot/3.0; +http://yandex.com/bots)"
185.191.171.5 - - [15/Apr/2026:17:26:09 +0000] "GET /items/D032721252/ HTTP/1.1" 200 0 "-" "Mozilla/5.0 (compatible; SemrushBot/7~bl; +http://www.semrush.com/bot.html)"
85.208.96.202 - - [15/Apr/2026:17:26:44 +0000] "GET /items/D033396019/ HTTP/1.1" 200 0 "-" "Mozilla/5.0 (compatible; SemrushBot/7~bl; +http://www.semrush.com/bot.html)"
5.255.231.59 - - [15/Apr/2026:17:27:11 +0000] "GET /items/D034102086/ HTTP/1.1" 200 0 "-" "Mozilla/5.0 (compatible; YandexBot/3.0; +http://yandex.com/bots)"
85.208.96.194 - - [15/Apr/2026:17:27:29 +0000] "GET /items/D032649365/ HTTP/1.1" 200 0 "-" "Mozilla/5.0 (compatible; SemrushBot/7~bl; +http://www.semrush.com/bot.html)"
185.191.171.5 - - [15/Apr/2026:17:27:31 +0000] "GET /items/D033835435/ HTTP/1.1" 200 0 "-" "Mozilla/5.0 (compatible; SemrushBot/7~bl; +http://www.semrush.com/bot.html)"
185.244.36.210 - - [15/Apr/2026:17:27:42 +0000] "POST /wp-cron.php?doing_wp_cron=1776274062.5058150291442871093750 HTTP/1.1" 200 0 "-" "WordPress/6.9.4; https://jj-77game.com.pk"
182.70.117.217 - - [15/Apr/2026:17:27:41 +0000] "GET /wp-login.php HTTP/1.1" 200 2116 "-" "Mozilla/4.0 (compatible; MSIE 7.0; Windows NT 10.0; WOW64; Trident/7.0; .NET4.0C; .NET4.0E; .NET CLR 2.0.50727; .NET CLR 3.0.30729; .NET CLR 3.5.30729)"
182.70.117.217 - - [15/Apr/2026:17:27:43 +0000] "POST /wp-login.php HTTP/1.1" 302 0 "https://jj-77game.com.pk/wp-login.php" "Mozilla/4.0 (compatible; MSIE 7.0; Windows NT 10.0; WOW64; Trident/7.0; .NET4.0C; .NET4.0E; .NET CLR 2.0.50727; .NET CLR 3.0.30729; .NET CLR 3.5.30729)"
85.208.96.210 - - [15/Apr/2026:17:27:47 +0000] "GET /items/D032090411/ HTTP/1.1" 200 0 "-" "Mozilla/5.0 (compatible; SemrushBot/7~bl; +http://www.semrush.com/bot.html)"
185.244.36.210 - - [15/Apr/2026:17:27:47 +0000] "POST /wp-cron.php?doing_wp_cron=1776274067.8229889869689941406250 HTTP/1.1" 200 0 "-" "WordPress/6.9.4; https://jj-77game.com.pk"
182.70.117.217 - - [15/Apr/2026:17:27:45 +0000] "GET /wp-admin/ HTTP/1.1" 200 27338 "https://jj-77game.com.pk/wp-login.php" "Mozilla/4.0 (compatible; MSIE 7.0; Windows NT 10.0; WOW64; Trident/7.0; .NET4.0C; .NET4.0E; .NET CLR 2.0.50727; .NET CLR 3.0.30729; .NET CLR 3.5.30729)"
182.70.117.217 - - [15/Apr/2026:17:27:48 +0000] "GET /wp-admin/theme-install.php HTTP/1.1" 200 23348 "https://jj-77game.com.pk/wp-admin/theme-install.php" "Mozilla/4.0 (compatible; MSIE 7.0; Windows NT 10.0; WOW64; Trident/7.0; .NET4.0C; .NET4.0E; .NET CLR 2.0.50727; .NET CLR 3.0.30729; .NET CLR 3.5.30729)"
85.208.96.204 - - [15/Apr/2026:17:27:49 +0000] "GET /items/D033465725/ HTTP/1.1" 200 0 "-" "Mozilla/5.0 (compatible; SemrushBot/7~bl; +http://www.semrush.com/bot.html)"
182.70.117.217 - - [15/Apr/2026:17:27:49 +0000] "POST /wp-admin/update.php?action=upload-theme HTTP/1.1" 403 787 "https://jj-77game.com.pk/wp-admin/theme-install.php" "Mozilla/4.0 (compatible; MSIE 7.0; Windows NT 10.0; WOW64; Trident/7.0; .NET4.0C; .NET4.0E; .NET CLR 2.0.50727; .NET CLR 3.0.30729; .NET CLR 3.5.30729)"
182.70.117.217 - - [15/Apr/2026:17:27:51 +0000] "GET /wp-content/plugins/blogfull/check_file.php HTTP/1.1" 200 0 "https://jj-77game.com.pk/wp-admin/theme-install.php" "Mozilla/4.0 (compatible; MSIE 7.0; Windows NT 10.0; WOW64; Trident/7.0; .NET4.0C; .NET4.0E; .NET CLR 2.0.50727; .NET CLR 3.0.30729; .NET CLR 3.5.30729)"
182.70.117.217 - - [15/Apr/2026:17:27:51 +0000] "GET /wp-content/themes/blogfull/check_file.php HTTP/1.1" 200 0 "https://jj-77game.com.pk/wp-admin/theme-install.php" "Mozilla/4.0 (compatible; MSIE 7.0; Windows NT 10.0; WOW64; Trident/7.0; .NET4.0C; .NET4.0E; .NET CLR 2.0.50727; .NET CLR 3.0.30729; .NET CLR 3.5.30729)"
182.70.117.217 - - [15/Apr/2026:17:27:52 +0000] "GET /wp-admin/theme-install.php HTTP/1.1" 200 23312 "https://jj-77game.com.pk/wp-admin/theme-install.php" "Mozilla/4.0 (compatible; MSIE 7.0; Windows NT 10.0; WOW64; Trident/7.0; .NET4.0C; .NET4.0E; .NET CLR 2.0.50727; .NET CLR 3.0.30729; .NET CLR 3.5.30729)"
182.70.117.217 - - [15/Apr/2026:17:27:53 +0000] "POST /wp-admin/update.php?action=upload-theme HTTP/1.1" 403 787 "https://jj-77game.com.pk/wp-admin/theme-install.php" "Mozilla/4.0 (compatible; MSIE 7.0; Windows NT 10.0; WOW64; Trident/7.0; .NET4.0C; .NET4.0E; .NET CLR 2.0.50727; .NET CLR 3.0.30729; .NET CLR 3.5.30729)"
182.70.117.217 - - [15/Apr/2026:17:27:54 +0000] "GET /wp-content/plugins/graceful-zen-blog/assets/js/check_file.php HTTP/1.1" 200 0 "https://jj-77game.com.pk/wp-admin/theme-install.php" "Mozilla/4.0 (compatible; MSIE 7.0; Windows NT 10.0; WOW64; Trident/7.0; .NET4.0C; .NET4.0E; .NET CLR 2.0.50727; .NET CLR 3.0.30729; .NET CLR 3.5.30729)"
182.70.117.217 - - [15/Apr/2026:17:27:55 +0000] "GET /wp-content/themes/graceful-zen-blog/assets/js/check_file.php HTTP/1.1" 200 0 "https://jj-77game.com.pk/wp-admin/theme-install.php" "Mozilla/4.0 (compatible; MSIE 7.0; Windows NT 10.0; WOW64; Trident/7.0; .NET4.0C; .NET4.0E; .NET CLR 2.0.50727; .NET CLR 3.0.30729; .NET CLR 3.5.30729)"
182.70.117.217 - - [15/Apr/2026:17:27:56 +0000] "GET /wp-admin/theme-install.php HTTP/1.1" 200 23342 "https://jj-77game.com.pk/wp-admin/theme-install.php" "Mozilla/4.0 (compatible; MSIE 7.0; Windows NT 10.0; WOW64; Trident/7.0; .NET4.0C; .NET4.0E; .NET CLR 2.0.50727; .NET CLR 3.0.30729; .NET CLR 3.5.30729)"
182.70.117.217 - - [15/Apr/2026:17:27:59 +0000] "POST /wp-admin/update.php?action=upload-theme HTTP/1.1" 403 787 "https://jj-77game.com.pk/wp-admin/theme-install.php" "Mozilla/4.0 (compatible; MSIE 7.0; Windows NT 10.0; WOW64; Trident/7.0; .NET4.0C; .NET4.0E; .NET CLR 2.0.50727; .NET CLR 3.0.30729; .NET CLR 3.5.30729)"
182.70.117.217 - - [15/Apr/2026:17:28:00 +0000] "GET /wp-content/plugins/iconic-one/check_file.php HTTP/1.1" 200 0 "https://jj-77game.com.pk/wp-admin/theme-install.php" "Mozilla/4.0 (compatible; MSIE 7.0; Windows NT 10.0; WOW64; Trident/7.0; .NET4.0C; .NET4.0E; .NET CLR 2.0.50727; .NET CLR 3.0.30729; .NET CLR 3.5.30729)"
182.70.117.217 - - [15/Apr/2026:17:28:01 +0000] "GET /wp-content/themes/iconic-one/check_file.php HTTP/1.1" 200 0 "https://jj-77game.com.pk/wp-admin/theme-install.php" "Mozilla/4.0 (compatible; MSIE 7.0; Windows NT 10.0; WOW64; Trident/7.0; .NET4.0C; .NET4.0E; .NET CLR 2.0.50727; .NET CLR 3.0.30729; .NET CLR 3.5.30729)"
182.70.117.217 - - [15/Apr/2026:17:28:02 +0000] "GET /wp-admin/theme-install.php HTTP/1.1" 200 23312 "https://jj-77game.com.pk/wp-admin/theme-install.php" "Mozilla/4.0 (compatible; MSIE 7.0; Windows NT 10.0; WOW64; Trident/7.0; .NET4.0C; .NET4.0E; .NET CLR 2.0.50727; .NET CLR 3.0.30729; .NET CLR 3.5.30729)"
182.70.117.217 - - [15/Apr/2026:17:28:03 +0000] "POST /wp-admin/update.php?action=upload-theme HTTP/1.1" 200 17764 "https://jj-77game.com.pk/wp-admin/theme-install.php" "Mozilla/4.0 (compatible; MSIE 7.0; Windows NT 10.0; WOW64; Trident/7.0; .NET4.0C; .NET4.0E; .NET CLR 2.0.50727; .NET CLR 3.0.30729; .NET CLR 3.5.30729)"
182.70.117.217 - - [15/Apr/2026:17:28:07 +0000] "GET /wp-admin/update.php?action=upload-theme&package=211&overwrite=update-theme&_wpnonce=74562d2032 HTTP/1.1" 200 17695 "https://jj-77game.com.pk/wp-admin/theme-install.php" "Mozilla/4.0 (compatible; MSIE 7.0; Windows NT 10.0; WOW64; Trident/7.0; .NET4.0C; .NET4.0E; .NET CLR 2.0.50727; .NET CLR 3.0.30729; .NET CLR 3.5.30729)"
182.70.117.217 - - [15/Apr/2026:17:28:10 +0000] "GET /wp-content/plugins/newseblog/check_file.php HTTP/1.1" 200 0 "https://jj-77game.com.pk/wp-admin/theme-install.php" "Mozilla/4.0 (compatible; MSIE 7.0; Windows NT 10.0; WOW64; Trident/7.0; .NET4.0C; .NET4.0E; .NET CLR 2.0.50727; .NET CLR 3.0.30729; .NET CLR 3.5.30729)"
182.70.117.217 - - [15/Apr/2026:17:28:10 +0000] "GET /wp-content/themes/newseblog/check_file.php HTTP/1.1" 200 29 "https://jj-77game.com.pk/wp-admin/theme-install.php" "Mozilla/4.0 (compatible; MSIE 7.0; Windows NT 10.0; WOW64; Trident/7.0; .NET4.0C; .NET4.0E; .NET CLR 2.0.50727; .NET CLR 3.0.30729; .NET CLR 3.5.30729)"
182.70.117.217 - - [15/Apr/2026:17:28:11 +0000] "GET /wp-admin/theme-install.php HTTP/1.1" 200 23324 "https://jj-77game.com.pk/wp-admin/theme-install.php" "Mozilla/4.0 (compatible; MSIE 7.0; Windows NT 10.0; WOW64; Trident/7.0; .NET4.0C; .NET4.0E; .NET CLR 2.0.50727; .NET CLR 3.0.30729; .NET CLR 3.5.30729)"
185.191.171.14 - - [15/Apr/2026:17:28:12 +0000] "GET /items/D031392953/ HTTP/1.1" 200 0 "-" "Mozilla/5.0 (compatible; SemrushBot/7~bl; +http://www.semrush.com/bot.html)"
182.70.117.217 - - [15/Apr/2026:17:28:13 +0000] "POST /wp-admin/update.php?action=upload-theme HTTP/1.1" 403 787 "https://jj-77game.com.pk/wp-admin/theme-install.php" "Mozilla/4.0 (compatible; MSIE 7.0; Windows NT 10.0; WOW64; Trident/7.0; .NET4.0C; .NET4.0E; .NET CLR 2.0.50727; .NET CLR 3.0.30729; .NET CLR 3.5.30729)"
74.7.227.152 - - [15/Apr/2026:17:27:06 +0000] "GET /items/D031201902/ HTTP/2" 200 0 "https://jj-77game.com.pk/sitemap-1.xml" "Mozilla/5.0 AppleWebKit/537.36 (KHTML, like Gecko; compatible; GPTBot/1.3; +https://openai.com/gptbot)"
74.7.227.152 - - [15/Apr/2026:17:27:12 +0000] "GET /items/D032436909/ HTTP/2" 200 0 "https://jj-77game.com.pk/sitemap-15.xml" "Mozilla/5.0 AppleWebKit/537.36 (KHTML, like Gecko; compatible; GPTBot/1.3; +https://openai.com/gptbot)"
74.7.227.152 - - [15/Apr/2026:17:27:20 +0000] "GET /items/D033614010/ HTTP/2" 200 0 "https://jj-77game.com.pk/sitemap-15.xml" "Mozilla/5.0 AppleWebKit/537.36 (KHTML, like Gecko; compatible; GPTBot/1.3; +https://openai.com/gptbot)"
74.7.227.152 - - [15/Apr/2026:17:27:26 +0000] "GET /items/D031900698/ HTTP/2" 200 0 "https://jj-77game.com.pk/sitemap-13.xml" "Mozilla/5.0 AppleWebKit/537.36 (KHTML, like Gecko; compatible; GPTBot/1.3; +https://openai.com/gptbot)"
74.7.227.152 - - [15/Apr/2026:17:27:33 +0000] "GET /items/D032337457/ HTTP/2" 200 0 "https://jj-77game.com.pk/sitemap-1.xml" "Mozilla/5.0 AppleWebKit/537.36 (KHTML, like Gecko; compatible; GPTBot/1.3; +https://openai.com/gptbot)"
74.7.227.152 - - [15/Apr/2026:17:27:39 +0000] "GET /items/D033966369/ HTTP/2" 200 0 "https://jj-77game.com.pk/sitemap-13.xml" "Mozilla/5.0 AppleWebKit/537.36 (KHTML, like Gecko; compatible; GPTBot/1.3; +https://openai.com/gptbot)"
74.7.227.152 - - [15/Apr/2026:17:27:44 +0000] "GET /items/D031432207/ HTTP/2" 200 0 "https://jj-77game.com.pk/sitemap-15.xml" "Mozilla/5.0 AppleWebKit/537.36 (KHTML, like Gecko; compatible; GPTBot/1.3; +https://openai.com/gptbot)"
85.208.96.202 - - [15/Apr/2026:17:27:45 +0000] "GET /items/D031751086/ HTTP/1.1" 200 0 "-" "Mozilla/5.0 (compatible; SemrushBot/7~bl; +http://www.semrush.com/bot.html)"
85.208.96.207 - - [15/Apr/2026:17:27:47 +0000] "GET /robots.txt HTTP/1.1" 200 136 "-" "Mozilla/5.0 (compatible; SemrushBot/7~bl; +http://www.semrush.com/bot.html)"
74.7.227.152 - - [15/Apr/2026:17:27:49 +0000] "GET /items/D031131438/ HTTP/2" 200 0 "https://jj-77game.com.pk/sitemap-12.xml" "Mozilla/5.0 AppleWebKit/537.36 (KHTML, like Gecko; compatible; GPTBot/1.3; +https://openai.com/gptbot)"
74.7.227.152 - - [15/Apr/2026:17:27:55 +0000] "GET /items/D034661808/ HTTP/2" 200 0 "https://jj-77game.com.pk/sitemap-1.xml" "Mozilla/5.0 AppleWebKit/537.36 (KHTML, like Gecko; compatible; GPTBot/1.3; +https://openai.com/gptbot)"
85.208.96.195 - - [15/Apr/2026:17:28:02 +0000] "GET /items/D032317023/ HTTP/1.1" 200 0 "-" "Mozilla/5.0 (compatible; SemrushBot/7~bl; +http://www.semrush.com/bot.html)"
74.7.227.152 - - [15/Apr/2026:17:28:02 +0000] "GET /items/D033200734/ HTTP/2" 200 0 "https://jj-77game.com.pk/sitemap-15.xml" "Mozilla/5.0 AppleWebKit/537.36 (KHTML, like Gecko; compatible; GPTBot/1.3; +https://openai.com/gptbot)"
74.7.227.152 - - [15/Apr/2026:17:28:07 +0000] "GET /items/D034093794/ HTTP/2" 200 0 "https://jj-77game.com.pk/sitemap-15.xml" "Mozilla/5.0 AppleWebKit/537.36 (KHTML, like Gecko; compatible; GPTBot/1.3; +https://openai.com/gptbot)"
74.7.227.152 - - [15/Apr/2026:17:28:12 +0000] "GET /items/D034584898/ HTTP/2" 200 0 "https://jj-77game.com.pk/sitemap-14.xml" "Mozilla/5.0 AppleWebKit/537.36 (KHTML, like Gecko; compatible; GPTBot/1.3; +https://openai.com/gptbot)"
74.7.227.152 - - [15/Apr/2026:17:28:19 +0000] "GET /items/D031818423/ HTTP/2" 200 0 "https://jj-77game.com.pk/sitemap-15.xml" "Mozilla/5.0 AppleWebKit/537.36 (KHTML, like Gecko; compatible; GPTBot/1.3; +https://openai.com/gptbot)"
74.7.227.152 - - [15/Apr/2026:17:28:26 +0000] "GET /items/D031399193/ HTTP/2" 200 0 "https://jj-77game.com.pk/sitemap-13.xml" "Mozilla/5.0 AppleWebKit/537.36 (KHTML, like Gecko; compatible; GPTBot/1.3; +https://openai.com/gptbot)"
85.208.96.200 - - [15/Apr/2026:17:28:26 +0000] "GET /items/D031329420/ HTTP/1.1" 200 0 "-" "Mozilla/5.0 (compatible; SemrushBot/7~bl; +http://www.semrush.com/bot.html)"
182.70.117.217 - - [15/Apr/2026:17:28:14 +0000] "GET /wp-content/plugins/paper-news/check_file.php HTTP/1.1" 200 0 "https://jj-77game.com.pk/wp-admin/theme-install.php" "Mozilla/4.0 (compatible; MSIE 7.0; Windows NT 10.0; WOW64; Trident/7.0; .NET4.0C; .NET4.0E; .NET CLR 2.0.50727; .NET CLR 3.0.30729; .NET CLR 3.5.30729)"
182.70.117.217 - - [15/Apr/2026:17:28:14 +0000] "GET /wp-content/themes/paper-news/check_file.php HTTP/1.1" 200 0 "https://jj-77game.com.pk/wp-admin/theme-install.php" "Mozilla/4.0 (compatible; MSIE 7.0; Windows NT 10.0; WOW64; Trident/7.0; .NET4.0C; .NET4.0E; .NET CLR 2.0.50727; .NET CLR 3.0.30729; .NET CLR 3.5.30729)"
182.70.117.217 - - [15/Apr/2026:17:28:15 +0000] "GET /wp-admin/plugins.php HTTP/1.1" 200 38301 "https://jj-77game.com.pk/wp-admin/plugins.php" "Mozilla/4.0 (compatible; MSIE 7.0; Windows NT 10.0; WOW64; Trident/7.0; .NET4.0C; .NET4.0E; .NET CLR 2.0.50727; .NET CLR 3.0.30729; .NET CLR 3.5.30729)"
182.70.117.217 - - [15/Apr/2026:17:28:19 +0000] "GET /wp-admin/plugins.php HTTP/1.1" 200 38310 "https://jj-77game.com.pk/wp-admin/plugins.php" "Mozilla/4.0 (compatible; MSIE 7.0; Windows NT 10.0; WOW64; Trident/7.0; .NET4.0C; .NET4.0E; .NET CLR 2.0.50727; .NET CLR 3.0.30729; .NET CLR 3.5.30729)"
85.208.96.199 - - [15/Apr/2026:17:28:21 +0000] "GET /items/D034148795/ HTTP/1.1" 200 0 "-" "Mozilla/5.0 (compatible; SemrushBot/7~bl; +http://www.semrush.com/bot.html)"
182.70.117.217 - - [15/Apr/2026:17:28:21 +0000] "GET /wp-admin/admin.php?page=wp_file_manager HTTP/1.1" 200 20628 "https://jj-77game.com.pk/wp-admin/admin.php?page=wp_file_manager" "Mozilla/4.0 (compatible; MSIE 7.0; Windows NT 10.0; WOW64; Trident/7.0; .NET4.0C; .NET4.0E; .NET CLR 2.0.50727; .NET CLR 3.0.30729; .NET CLR 3.5.30729)"
182.70.117.217 - - [15/Apr/2026:17:28:22 +0000] "POST /wp-admin/admin-ajax.php HTTP/1.1" 403 787 "https://jj-77game.com.pk/wp-admin/admin.php?page=wp_file_manager" "Mozilla/4.0 (compatible; MSIE 7.0; Windows NT 10.0; WOW64; Trident/7.0; .NET4.0C; .NET4.0E; .NET CLR 2.0.50727; .NET CLR 3.0.30729; .NET CLR 3.5.30729)"
85.208.96.210 - - [15/Apr/2026:17:28:23 +0000] "GET /items/D032613427/ HTTP/1.1" 200 0 "-" "Mozilla/5.0 (compatible; SemrushBot/7~bl; +http://www.semrush.com/bot.html)"
182.70.117.217 - - [15/Apr/2026:17:28:23 +0000] "GET /wp-admin/plugins.php HTTP/1.1" 200 38268 "https://jj-77game.com.pk/wp-admin/plugins.php" "Mozilla/4.0 (compatible; MSIE 7.0; Windows NT 10.0; WOW64; Trident/7.0; .NET4.0C; .NET4.0E; .NET CLR 2.0.50727; .NET CLR 3.0.30729; .NET CLR 3.5.30729)"
182.70.117.217 - - [15/Apr/2026:17:28:26 +0000] "GET /wp-admin/admin.php?page=wp_file_manager HTTP/1.1" 200 20649 "https://jj-77game.com.pk/wp-admin/admin.php?page=wp_file_manager" "Mozilla/4.0 (compatible; MSIE 7.0; Windows NT 10.0; WOW64; Trident/7.0; .NET4.0C; .NET4.0E; .NET CLR 2.0.50727; .NET CLR 3.0.30729; .NET CLR 3.5.30729)"
182.70.117.217 - - [15/Apr/2026:17:28:28 +0000] "POST /wp-admin/admin-ajax.php HTTP/1.1" 403 787 "https://jj-77game.com.pk/wp-admin/admin.php?page=wp_file_manager" "Mozilla/4.0 (compatible; MSIE 7.0; Windows NT 10.0; WOW64; Trident/7.0; .NET4.0C; .NET4.0E; .NET CLR 2.0.50727; .NET CLR 3.0.30729; .NET CLR 3.5.30729)"
182.70.117.217 - - [15/Apr/2026:17:28:29 +0000] "GET /wp-admin/plugins.php HTTP/1.1" 200 38225 "https://jj-77game.com.pk/wp-admin/plugins.php" "Mozilla/4.0 (compatible; MSIE 7.0; Windows NT 10.0; WOW64; Trident/7.0; .NET4.0C; .NET4.0E; .NET CLR 2.0.50727; .NET CLR 3.0.30729; .NET CLR 3.5.30729)"
182.70.117.217 - - [15/Apr/2026:17:28:33 +0000] "GET /wp-admin/admin.php?page=wp_file_manager HTTP/1.1" 200 20630 "https://jj-77game.com.pk/wp-admin/admin.php?page=wp_file_manager" "Mozilla/4.0 (compatible; MSIE 7.0; Windows NT 10.0; WOW64; Trident/7.0; .NET4.0C; .NET4.0E; .NET CLR 2.0.50727; .NET CLR 3.0.30729; .NET CLR 3.5.30729)"
74.7.227.152 - - [15/Apr/2026:17:28:33 +0000] "GET /items/D031057313/ HTTP/2" 200 0 "https://jj-77game.com.pk/sitemap-13.xml" "Mozilla/5.0 AppleWebKit/537.36 (KHTML, like Gecko; compatible; GPTBot/1.3; +https://openai.com/gptbot)"
74.7.227.152 - - [15/Apr/2026:17:28:38 +0000] "GET /items/D034565155/ HTTP/2" 200 0 "https://jj-77game.com.pk/sitemap-11.xml" "Mozilla/5.0 AppleWebKit/537.36 (KHTML, like Gecko; compatible; GPTBot/1.3; +https://openai.com/gptbot)"
74.7.227.152 - - [15/Apr/2026:17:28:43 +0000] "GET /items/D031193421/ HTTP/2" 200 0 "https://jj-77game.com.pk/sitemap-1.xml" "Mozilla/5.0 AppleWebKit/537.36 (KHTML, like Gecko; compatible; GPTBot/1.3; +https://openai.com/gptbot)"
185.244.36.210 - - [15/Apr/2026:17:28:46 +0000] "POST /wp-cron.php?doing_wp_cron=1776274126.2815499305725097656250 HTTP/1.1" 200 0 "-" "WordPress/6.9.4; https://jj-77game.com.pk"
74.7.227.152 - - [15/Apr/2026:17:28:49 +0000] "GET /items/D032476220/ HTTP/2" 200 0 "https://jj-77game.com.pk/sitemap-14.xml" "Mozilla/5.0 AppleWebKit/537.36 (KHTML, like Gecko; compatible; GPTBot/1.3; +https://openai.com/gptbot)"
74.7.227.152 - - [15/Apr/2026:17:28:55 +0000] "GET /items/D033209022/ HTTP/2" 200 0 "https://jj-77game.com.pk/sitemap-12.xml" "Mozilla/5.0 AppleWebKit/537.36 (KHTML, like Gecko; compatible; GPTBot/1.3; +https://openai.com/gptbot)"
74.7.227.152 - - [15/Apr/2026:17:29:00 +0000] "GET /items/D034060329/ HTTP/2" 200 0 "https://jj-77game.com.pk/sitemap-13.xml" "Mozilla/5.0 AppleWebKit/537.36 (KHTML, like Gecko; compatible; GPTBot/1.3; +https://openai.com/gptbot)"
74.7.227.152 - - [15/Apr/2026:17:29:06 +0000] "GET /items/D034425415/ HTTP/2" 200 0 "https://jj-77game.com.pk/sitemap-12.xml" "Mozilla/5.0 AppleWebKit/537.36 (KHTML, like Gecko; compatible; GPTBot/1.3; +https://openai.com/gptbot)"
74.7.227.152 - - [15/Apr/2026:17:29:12 +0000] "GET /items/D032062251/ HTTP/2" 200 0 "https://jj-77game.com.pk/sitemap-11.xml" "Mozilla/5.0 AppleWebKit/537.36 (KHTML, like Gecko; compatible; GPTBot/1.3; +https://openai.com/gptbot)"
185.191.171.17 - - [15/Apr/2026:17:29:16 +0000] "GET /items/D031673012/ HTTP/1.1" 200 0 "-" "Mozilla/5.0 (compatible; SemrushBot/7~bl; +http://www.semrush.com/bot.html)"
74.7.227.152 - - [15/Apr/2026:17:29:22 +0000] "GET /items/D033206435/ HTTP/2" 200 0 "https://jj-77game.com.pk/sitemap-11.xml" "Mozilla/5.0 AppleWebKit/537.36 (KHTML, like Gecko; compatible; GPTBot/1.3; +https://openai.com/gptbot)"
74.7.227.152 - - [15/Apr/2026:17:29:28 +0000] "GET /items/D032043668/ HTTP/2" 200 0 "https://jj-77game.com.pk/sitemap-1.xml" "Mozilla/5.0 AppleWebKit/537.36 (KHTML, like Gecko; compatible; GPTBot/1.3; +https://openai.com/gptbot)"
74.7.227.152 - - [15/Apr/2026:17:29:38 +0000] "GET /items/D032806082/ HTTP/2" 200 0 "https://jj-77game.com.pk/sitemap-15.xml" "Mozilla/5.0 AppleWebKit/537.36 (KHTML, like Gecko; compatible; GPTBot/1.3; +https://openai.com/gptbot)"
185.191.171.9 - - [15/Apr/2026:17:29:40 +0000] "GET /items/D033776942/ HTTP/1.1" 200 0 "-" "Mozilla/5.0 (compatible; SemrushBot/7~bl; +http://www.semrush.com/bot.html)"
74.7.227.152 - - [15/Apr/2026:17:29:45 +0000] "GET /items/D031221541/ HTTP/2" 200 0 "https://jj-77game.com.pk/sitemap-13.xml" "Mozilla/5.0 AppleWebKit/537.36 (KHTML, like Gecko; compatible; GPTBot/1.3; +https://openai.com/gptbot)"
85.208.96.203 - - [15/Apr/2026:17:29:49 +0000] "GET /items/D033941923/ HTTP/1.1" 200 0 "-" "Mozilla/5.0 (compatible; SemrushBot/7~bl; +http://www.semrush.com/bot.html)"
74.7.227.152 - - [15/Apr/2026:17:29:51 +0000] "GET /items/D033201381/ HTTP/2" 200 0 "https://jj-77game.com.pk/sitemap-15.xml" "Mozilla/5.0 AppleWebKit/537.36 (KHTML, like Gecko; compatible; GPTBot/1.3; +https://openai.com/gptbot)"
185.191.171.10 - - [15/Apr/2026:17:29:57 +0000] "GET /items/D032902270/ HTTP/1.1" 200 0 "-" "Mozilla/5.0 (compatible; SemrushBot/7~bl; +http://www.semrush.com/bot.html)"
74.7.227.152 - - [15/Apr/2026:17:29:57 +0000] "GET /items/D032080234/ HTTP/2" 200 0 "https://jj-77game.com.pk/sitemap-1.xml" "Mozilla/5.0 AppleWebKit/537.36 (KHTML, like Gecko; compatible; GPTBot/1.3; +https://openai.com/gptbot)"
74.7.227.152 - - [15/Apr/2026:17:30:01 +0000] "GET /items/D033515646/ HTTP/2" 200 0 "https://jj-77game.com.pk/sitemap-1.xml" "Mozilla/5.0 AppleWebKit/537.36 (KHTML, like Gecko; compatible; GPTBot/1.3; +https://openai.com/gptbot)"
74.7.227.152 - - [15/Apr/2026:17:30:05 +0000] "GET /items/D033077674/ HTTP/2" 200 0 "https://jj-77game.com.pk/sitemap-12.xml" "Mozilla/5.0 AppleWebKit/537.36 (KHTML, like Gecko; compatible; GPTBot/1.3; +https://openai.com/gptbot)"
74.7.227.152 - - [15/Apr/2026:17:30:10 +0000] "GET /items/D034013837/ HTTP/2" 200 0 "https://jj-77game.com.pk/sitemap-1.xml" "Mozilla/5.0 AppleWebKit/537.36 (KHTML, like Gecko; compatible; GPTBot/1.3; +https://openai.com/gptbot)"
74.7.227.152 - - [15/Apr/2026:17:30:14 +0000] "GET /items/D032797263/ HTTP/2" 200 0 "https://jj-77game.com.pk/sitemap-1.xml" "Mozilla/5.0 AppleWebKit/537.36 (KHTML, like Gecko; compatible; GPTBot/1.3; +https://openai.com/gptbot)"
74.7.227.152 - - [15/Apr/2026:17:30:17 +0000] "GET /items/D033123692/ HTTP/2" 200 0 "https://jj-77game.com.pk/sitemap-1.xml" "Mozilla/5.0 AppleWebKit/537.36 (KHTML, like Gecko; compatible; GPTBot/1.3; +https://openai.com/gptbot)"
5.39.109.177 - - [15/Apr/2026:17:30:19 +0000] "GET /item/2145448 HTTP/2" 200 0 "-" "Mozilla/5.0 (compatible; AhrefsBot/7.0; +http://ahrefs.com/robot/)"
74.7.227.152 - - [15/Apr/2026:17:30:22 +0000] "GET /items/D032041612/ HTTP/2" 200 0 "https://jj-77game.com.pk/sitemap-12.xml" "Mozilla/5.0 AppleWebKit/537.36 (KHTML, like Gecko; compatible; GPTBot/1.3; +https://openai.com/gptbot)"
85.208.96.207 - - [15/Apr/2026:17:30:24 +0000] "GET /items/D034788325/ HTTP/1.1" 200 0 "-" "Mozilla/5.0 (compatible; SemrushBot/7~bl; +http://www.semrush.com/bot.html)"
74.7.227.152 - - [15/Apr/2026:17:30:27 +0000] "GET /items/D032383744/ HTTP/2" 200 0 "https://jj-77game.com.pk/sitemap-14.xml" "Mozilla/5.0 AppleWebKit/537.36 (KHTML, like Gecko; compatible; GPTBot/1.3; +https://openai.com/gptbot)"
74.7.227.152 - - [15/Apr/2026:17:30:33 +0000] "GET /items/D031043473/ HTTP/2" 200 0 "https://jj-77game.com.pk/sitemap-14.xml" "Mozilla/5.0 AppleWebKit/537.36 (KHTML, like Gecko; compatible; GPTBot/1.3; +https://openai.com/gptbot)"
74.7.227.152 - - [15/Apr/2026:17:30:38 +0000] "GET /items/D031844124/ HTTP/2" 200 0 "https://jj-77game.com.pk/sitemap-16.xml" "Mozilla/5.0 AppleWebKit/537.36 (KHTML, like Gecko; compatible; GPTBot/1.3; +https://openai.com/gptbot)"
74.7.227.152 - - [15/Apr/2026:17:30:44 +0000] "GET /items/D031030869/ HTTP/2" 200 0 "https://jj-77game.com.pk/sitemap-11.xml" "Mozilla/5.0 AppleWebKit/537.36 (KHTML, like Gecko; compatible; GPTBot/1.3; +https://openai.com/gptbot)"
74.7.227.152 - - [15/Apr/2026:17:30:50 +0000] "GET /items/D033924074/ HTTP/2" 200 0 "https://jj-77game.com.pk/sitemap-11.xml" "Mozilla/5.0 AppleWebKit/537.36 (KHTML, like Gecko; compatible; GPTBot/1.3; +https://openai.com/gptbot)"
74.7.227.152 - - [15/Apr/2026:17:30:55 +0000] "GET /items/D031377476/ HTTP/2" 200 0 "https://jj-77game.com.pk/sitemap-13.xml" "Mozilla/5.0 AppleWebKit/537.36 (KHTML, like Gecko; compatible; GPTBot/1.3; +https://openai.com/gptbot)"
74.7.227.152 - - [15/Apr/2026:17:30:59 +0000] "GET /items/D032399177/ HTTP/2" 200 0 "https://jj-77game.com.pk/sitemap-14.xml" "Mozilla/5.0 AppleWebKit/537.36 (KHTML, like Gecko; compatible; GPTBot/1.3; +https://openai.com/gptbot)"
85.208.96.210 - - [15/Apr/2026:17:31:01 +0000] "GET /items/D031455406/ HTTP/1.1" 200 0 "-" "Mozilla/5.0 (compatible; SemrushBot/7~bl; +http://www.semrush.com/bot.html)"
74.7.227.152 - - [15/Apr/2026:17:31:04 +0000] "GET /items/D032432023/ HTTP/2" 200 0 "https://jj-77game.com.pk/sitemap-16.xml" "Mozilla/5.0 AppleWebKit/537.36 (KHTML, like Gecko; compatible; GPTBot/1.3; +https://openai.com/gptbot)"
74.7.227.152 - - [15/Apr/2026:17:31:09 +0000] "GET /items/D034040763/ HTTP/2" 200 0 "https://jj-77game.com.pk/sitemap-15.xml" "Mozilla/5.0 AppleWebKit/537.36 (KHTML, like Gecko; compatible; GPTBot/1.3; +https://openai.com/gptbot)"
182.70.117.217 - - [15/Apr/2026:17:28:34 +0000] "POST /wp-admin/admin-ajax.php HTTP/1.1" 403 787 "https://jj-77game.com.pk/wp-admin/admin.php?page=wp_file_manager" "Mozilla/4.0 (compatible; MSIE 7.0; Windows NT 10.0; WOW64; Trident/7.0; .NET4.0C; .NET4.0E; .NET CLR 2.0.50727; .NET CLR 3.0.30729; .NET CLR 3.5.30729)"
182.70.117.217 - - [15/Apr/2026:17:28:35 +0000] "GET /wp-admin/plugins.php HTTP/1.1" 200 38262 "https://jj-77game.com.pk/wp-admin/plugins.php" "Mozilla/4.0 (compatible; MSIE 7.0; Windows NT 10.0; WOW64; Trident/7.0; .NET4.0C; .NET4.0E; .NET CLR 2.0.50727; .NET CLR 3.0.30729; .NET CLR 3.5.30729)"
182.70.117.217 - - [15/Apr/2026:17:28:38 +0000] "GET /wp-admin/admin.php?page=wp_file_manager HTTP/1.1" 200 20629 "https://jj-77game.com.pk/wp-admin/admin.php?page=wp_file_manager" "Mozilla/4.0 (compatible; MSIE 7.0; Windows NT 10.0; WOW64; Trident/7.0; .NET4.0C; .NET4.0E; .NET CLR 2.0.50727; .NET CLR 3.0.30729; .NET CLR 3.5.30729)"
182.70.117.217 - - [15/Apr/2026:17:28:40 +0000] "POST /wp-admin/admin-ajax.php HTTP/1.1" 200 286 "https://jj-77game.com.pk/wp-admin/admin.php?page=wp_file_manager" "Mozilla/4.0 (compatible; MSIE 7.0; Windows NT 10.0; WOW64; Trident/7.0; .NET4.0C; .NET4.0E; .NET CLR 2.0.50727; .NET CLR 3.0.30729; .NET CLR 3.5.30729)"
85.208.96.211 - - [15/Apr/2026:17:28:42 +0000] "GET /items/D031896187/ HTTP/1.1" 200 0 "-" "Mozilla/5.0 (compatible; SemrushBot/7~bl; +http://www.semrush.com/bot.html)"
182.70.117.217 - - [15/Apr/2026:17:28:41 +0000] "GET /wp-admin/plugins.php HTTP/1.1" 200 38281 "https://jj-77game.com.pk/wp-admin/plugins.php" "Mozilla/4.0 (compatible; MSIE 7.0; Windows NT 10.0; WOW64; Trident/7.0; .NET4.0C; .NET4.0E; .NET CLR 2.0.50727; .NET CLR 3.0.30729; .NET CLR 3.5.30729)"
182.70.117.217 - - [15/Apr/2026:17:28:43 +0000] "GET /wp-admin/admin.php?page=wp_file_manager HTTP/1.1" 200 20621 "https://jj-77game.com.pk/wp-admin/admin.php?page=wp_file_manager" "Mozilla/4.0 (compatible; MSIE 7.0; Windows NT 10.0; WOW64; Trident/7.0; .NET4.0C; .NET4.0E; .NET CLR 2.0.50727; .NET CLR 3.0.30729; .NET CLR 3.5.30729)"
182.70.117.217 - - [15/Apr/2026:17:28:46 +0000] "POST /wp-admin/admin-ajax.php HTTP/1.1" 403 787 "https://jj-77game.com.pk/wp-admin/admin.php?page=wp_file_manager" "Mozilla/4.0 (compatible; MSIE 7.0; Windows NT 10.0; WOW64; Trident/7.0; .NET4.0C; .NET4.0E; .NET CLR 2.0.50727; .NET CLR 3.0.30729; .NET CLR 3.5.30729)"
182.70.117.217 - - [15/Apr/2026:17:28:47 +0000] "GET /wp-admin/plugins.php HTTP/1.1" 200 38296 "https://jj-77game.com.pk/wp-admin/plugins.php" "Mozilla/4.0 (compatible; MSIE 7.0; Windows NT 10.0; WOW64; Trident/7.0; .NET4.0C; .NET4.0E; .NET CLR 2.0.50727; .NET CLR 3.0.30729; .NET CLR 3.5.30729)"
182.70.117.217 - - [15/Apr/2026:17:28:49 +0000] "GET /wp-admin/admin.php?page=wp_file_manager HTTP/1.1" 200 20629 "https://jj-77game.com.pk/wp-admin/admin.php?page=wp_file_manager" "Mozilla/4.0 (compatible; MSIE 7.0; Windows NT 10.0; WOW64; Trident/7.0; .NET4.0C; .NET4.0E; .NET CLR 2.0.50727; .NET CLR 3.0.30729; .NET CLR 3.5.30729)"
182.70.117.217 - - [15/Apr/2026:17:28:50 +0000] "POST /wp-admin/admin-ajax.php HTTP/1.1" 403 787 "https://jj-77game.com.pk/wp-admin/admin.php?page=wp_file_manager" "Mozilla/4.0 (compatible; MSIE 7.0; Windows NT 10.0; WOW64; Trident/7.0; .NET4.0C; .NET4.0E; .NET CLR 2.0.50727; .NET CLR 3.0.30729; .NET CLR 3.5.30729)"
185.191.171.16 - - [15/Apr/2026:17:29:02 +0000] "GET /items/D034309104/ HTTP/1.1" 200 0 "-" "Mozilla/5.0 (compatible; SemrushBot/7~bl; +http://www.semrush.com/bot.html)"
185.191.171.13 - - [15/Apr/2026:17:29:06 +0000] "GET /items/D031945621/ HTTP/1.1" 200 0 "-" "Mozilla/5.0 (compatible; SemrushBot/7~bl; +http://www.semrush.com/bot.html)"
185.191.171.12 - - [15/Apr/2026:17:29:18 +0000] "GET /items/D031750966/ HTTP/1.1" 200 0 "-" "Mozilla/5.0 (compatible; SemrushBot/7~bl; +http://www.semrush.com/bot.html)"
85.208.96.207 - - [15/Apr/2026:17:31:34 +0000] "GET /items/D031794657/ HTTP/1.1" 200 0 "-" "Mozilla/5.0 (compatible; SemrushBot/7~bl; +http://www.semrush.com/bot.html)"
74.7.227.152 - - [15/Apr/2026:17:31:13 +0000] "GET /items/D031091360/ HTTP/2" 200 0 "https://jj-77game.com.pk/sitemap-15.xml" "Mozilla/5.0 AppleWebKit/537.36 (KHTML, like Gecko; compatible; GPTBot/1.3; +https://openai.com/gptbot)"
74.7.227.152 - - [15/Apr/2026:17:31:22 +0000] "GET /items/D034463866/ HTTP/2" 200 0 "https://jj-77game.com.pk/sitemap-12.xml" "Mozilla/5.0 AppleWebKit/537.36 (KHTML, like Gecko; compatible; GPTBot/1.3; +https://openai.com/gptbot)"
74.7.227.152 - - [15/Apr/2026:17:31:27 +0000] "GET /items/D032430512/ HTTP/2" 200 0 "https://jj-77game.com.pk/sitemap-11.xml" "Mozilla/5.0 AppleWebKit/537.36 (KHTML, like Gecko; compatible; GPTBot/1.3; +https://openai.com/gptbot)"
74.7.227.152 - - [15/Apr/2026:17:31:32 +0000] "GET /items/D031014293/ HTTP/2" 200 0 "https://jj-77game.com.pk/sitemap-14.xml" "Mozilla/5.0 AppleWebKit/537.36 (KHTML, like Gecko; compatible; GPTBot/1.3; +https://openai.com/gptbot)"
185.191.171.11 - - [15/Apr/2026:17:31:33 +0000] "GET /items/D032735528/ HTTP/1.1" 200 0 "-" "Mozilla/5.0 (compatible; SemrushBot/7~bl; +http://www.semrush.com/bot.html)"
74.7.227.152 - - [15/Apr/2026:17:31:38 +0000] "GET /items/D031903882/ HTTP/2" 200 0 "https://jj-77game.com.pk/sitemap-14.xml" "Mozilla/5.0 AppleWebKit/537.36 (KHTML, like Gecko; compatible; GPTBot/1.3; +https://openai.com/gptbot)"
74.7.227.152 - - [15/Apr/2026:17:31:42 +0000] "GET /items/D032294995/ HTTP/2" 200 0 "https://jj-77game.com.pk/sitemap-1.xml" "Mozilla/5.0 AppleWebKit/537.36 (KHTML, like Gecko; compatible; GPTBot/1.3; +https://openai.com/gptbot)"
74.7.227.152 - - [15/Apr/2026:17:31:48 +0000] "GET /items/D031938103/ HTTP/2" 200 0 "https://jj-77game.com.pk/sitemap-12.xml" "Mozilla/5.0 AppleWebKit/537.36 (KHTML, like Gecko; compatible; GPTBot/1.3; +https://openai.com/gptbot)"
85.208.96.201 - - [15/Apr/2026:17:31:54 +0000] "GET /items/D031253538/ HTTP/1.1" 200 0 "-" "Mozilla/5.0 (compatible; SemrushBot/7~bl; +http://www.semrush.com/bot.html)"
